{"id":728948,"date":"2025-08-27T20:47:34","date_gmt":"2025-08-27T17:47:34","guid":{"rendered":"https:\/\/roveyayinevi.com.tr\/index.php\/urun\/yetenekli-izzy-ciltli\/"},"modified":"2026-04-16T02:36:41","modified_gmt":"2026-04-15T23:36:41","slug":"yetenekli-izzy-ciltli","status":"publish","type":"product","link":"https:\/\/roveyayinevi.com.tr\/index.php\/urun\/yetenekli-izzy-ciltli\/","title":{"rendered":"Yetenekli Izzy (Ciltli)"},"content":{"rendered":"<p>\u00c7oksatan listelerinin de\u011fi\u015fmeyen ismi G\u00f6r\u00fcnmez Emmie\u2019nin yazar\u0131ndan harika bir eser daha!   Say\u0131s\u0131z \u00fclkede \u00e7ocuklar\u0131n sevgisini kazanm\u0131\u015f bu serinin yeni kitab\u0131 okul y\u0131llar\u0131nda zorluklarla kar\u015f\u0131la\u015fm\u0131\u015f herkesin kendinden bir \u015feyler bulabilece\u011fi e\u011flenceli bir hik\u00e2ye\u2026   Izzy ve Bri&#8217;nin hayatlar\u0131 yetenek g\u00f6sterisinde beklenmedik bir \u015fekilde kesi\u015fiyor. Sizler de, bu heyecanl\u0131 g\u00f6steriye davetlisiniz!   Arkada\u015fl\u0131klar, aile ili\u015fkileri, sorumluluk duygusu, kendini ke\u015ffetme, cesaret&#8230; Komik bir \u00fcslupla ele al\u0131nan bu hik\u00e2yeyi okurken kendinizi g\u00fclmekten al\u0131koyamayacaks\u0131n\u0131z. <\/p>\n","protected":false},"excerpt":{"rendered":"<p>\u00c7oksatan listelerinin de\u011fi\u015fmeyen ismi G\u00f6r\u00fcnmez Emmie\u2019nin yazar\u0131ndan harika bir eser daha! Say\u0131s\u0131z \u00fclkede \u00e7ocuklar\u0131n sevgisini kazanm\u0131\u015f bu serinin yeni kitab\u0131 okul y\u0131llar\u0131nda zorluklarla kar\u015f\u0131la\u015fm\u0131\u015f herkesin kendinden<span class=\"excerpt-hellip\"> [\u2026]<\/span><\/p>\n","protected":false},"featured_media":0,"template":"","meta":{"_monsterinsights_skip_tracking":false,"_monsterinsights_sitenote_active":false,"_monsterinsights_sitenote_note":"","_monsterinsights_sitenote_category":0},"product_brand":[],"product_cat":[12689,12274],"product_tag":[],"class_list":{"0":"post-728948","1":"product","2":"type-product","3":"status-publish","5":"product_cat-cizgi-roman-cocuk-ve-genclik-kitaplari","6":"product_cat-cocuk-ve-genclik-kitaplari","7":"pa_cilt-ciltli","8":"pa_tur-kitap","9":"pa_yayinevi-epsilon-yayinlari","10":"pa_yazar-terri-libenson","12":"first","13":"instock","14":"sale","15":"shipping-taxable","16":"purchasable","17":"product-type-simple"},"_links":{"self":[{"href":"https:\/\/roveyayinevi.com.tr\/index.php\/wp-json\/wp\/v2\/product\/728948","targetHints":{"allow":["GET"]}}],"collection":[{"href":"https:\/\/roveyayinevi.com.tr\/index.php\/wp-json\/wp\/v2\/product"}],"about":[{"href":"https:\/\/roveyayinevi.com.tr\/index.php\/wp-json\/wp\/v2\/types\/product"}],"wp:attachment":[{"href":"https:\/\/roveyayinevi.com.tr\/index.php\/wp-json\/wp\/v2\/media?parent=728948"}],"wp:term":[{"taxonomy":"product_brand","embeddable":true,"href":"https:\/\/roveyayinevi.com.tr\/index.php\/wp-json\/wp\/v2\/product_brand?post=728948"},{"taxonomy":"product_cat","embeddable":true,"href":"https:\/\/roveyayinevi.com.tr\/index.php\/wp-json\/wp\/v2\/product_cat?post=728948"},{"taxonomy":"product_tag","embeddable":true,"href":"https:\/\/roveyayinevi.com.tr\/index.php\/wp-json\/wp\/v2\/product_tag?post=728948"}],"curies":[{"name":"wp","href":"https:\/\/api.w.org\/{rel}","templated":true}]}}