{"id":728947,"date":"2025-08-27T20:47:33","date_gmt":"2025-08-27T17:47:33","guid":{"rendered":"https:\/\/roveyayinevi.com.tr\/index.php\/urun\/iste-hayat\/"},"modified":"2026-04-16T02:36:41","modified_gmt":"2026-04-15T23:36:41","slug":"iste-hayat","status":"publish","type":"product","link":"https:\/\/roveyayinevi.com.tr\/index.php\/urun\/iste-hayat\/","title":{"rendered":"\u0130\u015fte Hayat!"},"content":{"rendered":"<p>Korona vir\u00fcs salg\u0131n\u0131 bir travma yaratt\u0131 m\u0131?Zaten onlarca sorunla m\u00fccadele etmekte olan ev kad\u0131nlar\u0131, ev i\u015f\u00e7ileri, \u00e7al\u0131\u015fan kad\u0131nlar, anneler, evden \u00e7al\u0131\u015fan babalar, \u00e7al\u0131\u015fan ve\/veya okuyan gen\u00e7ler, ya\u015fl\u0131lar, \u00f6\u011frenciler, LGBT\u0130+ bireyler; pandeminin yaratt\u0131\u011f\u0131 y\u0131k\u0131mla nas\u0131l ba\u015fa \u00e7\u0131k\u0131yor?K\u0131r\u0131lgan dengeler ve b\u00fcy\u00fck \u00f6zverilerle zordan y\u00fcr\u00fct\u00fclmeye \u00e7al\u0131\u015f\u0131lan hayatlar, bu s\u00fcre\u00e7te en \u00e7ok neresinden yaralan\u0131yor? \u00d6zg\u00fcn Bi\u00e7er ve Ece \u00d6ztan, nokta vuru\u015fu r\u00f6portajlarla pandeminin derinden sarst\u0131\u011f\u0131 hayatlarla bulu\u015fuyor, sars\u0131lan dengelere mercek tutuyor ve soruyor: <\/p>\n","protected":false},"excerpt":{"rendered":"<p>Korona vir\u00fcs salg\u0131n\u0131 bir travma yaratt\u0131 m\u0131?Zaten onlarca sorunla m\u00fccadele etmekte olan ev kad\u0131nlar\u0131, ev i\u015f\u00e7ileri, \u00e7al\u0131\u015fan kad\u0131nlar, anneler, evden \u00e7al\u0131\u015fan babalar, \u00e7al\u0131\u015fan ve\/veya okuyan gen\u00e7ler,<span class=\"excerpt-hellip\"> [\u2026]<\/span><\/p>\n","protected":false},"featured_media":0,"template":"","meta":{"_monsterinsights_skip_tracking":false,"_monsterinsights_sitenote_active":false,"_monsterinsights_sitenote_note":"","_monsterinsights_sitenote_category":0},"product_brand":[],"product_cat":[12291,30969],"product_tag":[],"class_list":{"0":"post-728947","1":"product","2":"type-product","3":"status-publish","5":"product_cat-edebiyat","6":"product_cat-soylesi-edebiyat","7":"pa_cilt-ciltsiz","8":"pa_tur-kitap","9":"pa_yayinevi-kara-karga-yayinlari","10":"pa_yazar-ece-oztan-ozgun-bicer","12":"first","13":"instock","14":"sale","15":"shipping-taxable","16":"purchasable","17":"product-type-simple"},"_links":{"self":[{"href":"https:\/\/roveyayinevi.com.tr\/index.php\/wp-json\/wp\/v2\/product\/728947","targetHints":{"allow":["GET"]}}],"collection":[{"href":"https:\/\/roveyayinevi.com.tr\/index.php\/wp-json\/wp\/v2\/product"}],"about":[{"href":"https:\/\/roveyayinevi.com.tr\/index.php\/wp-json\/wp\/v2\/types\/product"}],"wp:attachment":[{"href":"https:\/\/roveyayinevi.com.tr\/index.php\/wp-json\/wp\/v2\/media?parent=728947"}],"wp:term":[{"taxonomy":"product_brand","embeddable":true,"href":"https:\/\/roveyayinevi.com.tr\/index.php\/wp-json\/wp\/v2\/product_brand?post=728947"},{"taxonomy":"product_cat","embeddable":true,"href":"https:\/\/roveyayinevi.com.tr\/index.php\/wp-json\/wp\/v2\/product_cat?post=728947"},{"taxonomy":"product_tag","embeddable":true,"href":"https:\/\/roveyayinevi.com.tr\/index.php\/wp-json\/wp\/v2\/product_tag?post=728947"}],"curies":[{"name":"wp","href":"https:\/\/api.w.org\/{rel}","templated":true}]}}