{"id":728940,"date":"2025-08-27T20:47:27","date_gmt":"2025-08-27T17:47:27","guid":{"rendered":"https:\/\/roveyayinevi.com.tr\/index.php\/urun\/marxin-kapitali-icin-kilavuz\/"},"modified":"2026-04-16T02:36:41","modified_gmt":"2026-04-15T23:36:41","slug":"marxin-kapitali-icin-kilavuz","status":"publish","type":"product","link":"https:\/\/roveyayinevi.com.tr\/index.php\/urun\/marxin-kapitali-icin-kilavuz\/","title":{"rendered":"Marx&#8217;\u0131n Kapital&#8217;i \u0130\u00e7in K\u0131lavuz"},"content":{"rendered":"<p>David Harvey\u2019in dersleri devam ediyor: \u015eimdi Marx\u2019\u0131n Kapital\u2019inin ikinci cildine e\u011filiyoruz. Kapital\u2019in ilk cildi \u00fcretime odaklan\u0131rken, ikinci cilt mallar\u0131n al\u0131n\u0131p sat\u0131lmas\u0131yla de\u011ferin nas\u0131l ortaya \u00e7\u0131kt\u0131\u011f\u0131n\u0131 anlat\u0131yor. Harvey ayr\u0131ca Kapital\u2019in \u00fc\u00e7\u00fcnc\u00fc cildinden de kredi, finans ve bankac\u0131l\u0131kla ilgili baz\u0131 b\u00f6l\u00fcmleri buraya dahil ederek, g\u00fcn\u00fcm\u00fcz\u00fcn krizlerine \u0131\u015f\u0131k tutuyor ve Marx\u2019\u0131n analizlerini hayatlar\u0131m\u0131z\u0131n ortas\u0131na yerle\u015ftiriyor:   \u201cPortakal marmelad\u0131yla ilgili g\u00f6r\u00fcn\u00fcrde \u00e7ok \u00f6nemsiz olan bu \u00f6yk\u00fcy\u00fc anlatt\u0131ysam nedeni \u015fudur: Ben Marx\u2019\u0131n soyut analizinin yery\u00fcz\u00fcne indirildi\u011finde insanlara gittik\u00e7e daha fazla \u015fey ifade etti\u011fine inan\u0131yorum. Teori, sadece sermayenin i\u00e7inde hareket etti\u011fi soyut s\u00fcre\u00e7leri de\u011fil, ayn\u0131 zamanda herkesin ya\u015fad\u0131\u011f\u0131 bi\u00e7imiyle g\u00fcnl\u00fck hayat\u0131 da (yani o kadar \u00e7ok say\u0131da \u0130ngiliz\u2019in ac\u0131 portakal marmelad\u0131n\u0131 neden sevdi\u011fini) ayd\u0131nlatamad\u0131\u011f\u0131 durumda, daha e\u015fitlik\u00e7i ve \u015fiddete daha az yatk\u0131n bir alternatif \u00fcretim tarz\u0131n\u0131 in\u015fa aray\u0131\u015f\u0131nda bir \u00f6zg\u00fcrle\u015fme arac\u0131 olarak eksik kalacakt\u0131r.\u201d   Marx\u2019\u0131n siyasal iktisad\u0131n\u0131 \u00e7al\u0131\u015fmak i\u00e7in benzersiz bir k\u0131lavuz<\/p>\n","protected":false},"excerpt":{"rendered":"<p>David Harvey\u2019in dersleri devam ediyor: \u015eimdi Marx\u2019\u0131n Kapital\u2019inin ikinci cildine e\u011filiyoruz. Kapital\u2019in ilk cildi \u00fcretime odaklan\u0131rken, ikinci cilt mallar\u0131n al\u0131n\u0131p sat\u0131lmas\u0131yla de\u011ferin nas\u0131l ortaya \u00e7\u0131kt\u0131\u011f\u0131n\u0131 anlat\u0131yor.<span class=\"excerpt-hellip\"> [\u2026]<\/span><\/p>\n","protected":false},"featured_media":0,"template":"","meta":{"_monsterinsights_skip_tracking":false,"_monsterinsights_sitenote_active":false,"_monsterinsights_sitenote_note":"","_monsterinsights_sitenote_category":0},"product_brand":[],"product_cat":[13059,12337],"product_tag":[],"class_list":{"0":"post-728940","1":"product","2":"type-product","3":"status-publish","5":"product_cat-diger-politika-siyaset","6":"product_cat-politika-siyaset","7":"pa_cilt-ciltsiz","8":"pa_tur-kitap","9":"pa_yayinevi-metis-yayinlari","10":"pa_yazar-david-harvey","12":"first","13":"instock","14":"sale","15":"shipping-taxable","16":"purchasable","17":"product-type-simple"},"_links":{"self":[{"href":"https:\/\/roveyayinevi.com.tr\/index.php\/wp-json\/wp\/v2\/product\/728940","targetHints":{"allow":["GET"]}}],"collection":[{"href":"https:\/\/roveyayinevi.com.tr\/index.php\/wp-json\/wp\/v2\/product"}],"about":[{"href":"https:\/\/roveyayinevi.com.tr\/index.php\/wp-json\/wp\/v2\/types\/product"}],"wp:attachment":[{"href":"https:\/\/roveyayinevi.com.tr\/index.php\/wp-json\/wp\/v2\/media?parent=728940"}],"wp:term":[{"taxonomy":"product_brand","embeddable":true,"href":"https:\/\/roveyayinevi.com.tr\/index.php\/wp-json\/wp\/v2\/product_brand?post=728940"},{"taxonomy":"product_cat","embeddable":true,"href":"https:\/\/roveyayinevi.com.tr\/index.php\/wp-json\/wp\/v2\/product_cat?post=728940"},{"taxonomy":"product_tag","embeddable":true,"href":"https:\/\/roveyayinevi.com.tr\/index.php\/wp-json\/wp\/v2\/product_tag?post=728940"}],"curies":[{"name":"wp","href":"https:\/\/api.w.org\/{rel}","templated":true}]}}