{"id":728906,"date":"2025-08-27T20:47:00","date_gmt":"2025-08-27T17:47:00","guid":{"rendered":"https:\/\/roveyayinevi.com.tr\/index.php\/urun\/krallarin-yolu-firtinaisigi-arsivi-birinci-roman-2-cilt\/"},"modified":"2026-04-16T02:36:41","modified_gmt":"2026-04-15T23:36:41","slug":"krallarin-yolu-firtinaisigi-arsivi-birinci-roman-2-cilt","status":"publish","type":"product","link":"https:\/\/roveyayinevi.com.tr\/index.php\/urun\/krallarin-yolu-firtinaisigi-arsivi-birinci-roman-2-cilt\/","title":{"rendered":"Krallar\u0131n Yolu &#8211; F\u0131rt\u0131na\u0131\u015f\u0131\u011f\u0131 Ar\u015fivi Birinci Roman &#8211; 2. Cilt"},"content":{"rendered":"<p>Roshar\u2019\u0131n f\u0131rt\u0131nal\u0131 d\u00fcnyas\u0131nda, Harap Ovalar ad\u0131 verilen mahvolmu\u015f d\u00fczl\u00fckler bir sava\u015fa sahne olmak \u00fczere. Karde\u015fini korumaya \u00e7al\u0131\u015farak var\u0131n\u0131 yo\u011funu ortaya koyan Kaladin art\u0131k bir k\u00f6le. On ordunun tek bir d\u00fc\u015fmanla sava\u015ft\u0131\u011f\u0131 anlams\u0131z bir sava\u015fta, askerlerini korumak ve onlar\u0131 feda etmeye haz\u0131r liderlerinin neden b\u00f6yle davrand\u0131klar\u0131n\u0131 anlayabilmek i\u00e7in \u00e7abal\u0131yor. Bu ordulardan birinin ba\u015f\u0131nda Berrakbey Dalinar Kholin var. Ayn\u0131 son kral olan karde\u015fi gibi o da Krallar\u0131n Yolu adl\u0131 eski metinden etkileniyor. Kadim zamanlara ve Parlayan \u015e\u00f6valyelere dair bunalt\u0131c\u0131 g\u00f6r\u00fcler, k\u0131sa zaman i\u00e7erisinde kendi ak\u0131l sa\u011fl\u0131\u011f\u0131n\u0131 sorgulamas\u0131na neden olacak. Ve okyanusun kar\u015f\u0131 k\u0131y\u0131s\u0131nda, Shallan isimli gen\u00e7 bir kad\u0131n, Dalinar\u2019\u0131n ye\u011feni Jasnah\u2019tan e\u011fitim al\u0131yor. Yeni \u015feyler \u00f6\u011frenmek onun i\u00e7in keyifli olsa da, Shallan\u2019\u0131n ama\u00e7lar\u0131 pek de masum de\u011fil. C\u00fcretk\u00e2r bir h\u0131rs\u0131zl\u0131\u011f\u0131 planlamak i\u00e7in Jasnah\u2019la ilgili ara\u015ft\u0131rmalar yaparken, Shallan Parlayan \u015e\u00f6valyeler ve sava\u015f\u0131n ger\u00e7ek sebebi hakk\u0131nda ipu\u00e7lar\u0131na ula\u015facak. <\/p>\n","protected":false},"excerpt":{"rendered":"<p>Roshar\u2019\u0131n f\u0131rt\u0131nal\u0131 d\u00fcnyas\u0131nda, Harap Ovalar ad\u0131 verilen mahvolmu\u015f d\u00fczl\u00fckler bir sava\u015fa sahne olmak \u00fczere. Karde\u015fini korumaya \u00e7al\u0131\u015farak var\u0131n\u0131 yo\u011funu ortaya koyan Kaladin art\u0131k bir k\u00f6le. On<span class=\"excerpt-hellip\"> [\u2026]<\/span><\/p>\n","protected":false},"featured_media":0,"template":"","meta":{"_monsterinsights_skip_tracking":false,"_monsterinsights_sitenote_active":false,"_monsterinsights_sitenote_note":"","_monsterinsights_sitenote_category":0},"product_brand":[],"product_cat":[12291,12711],"product_tag":[],"class_list":{"0":"post-728906","1":"product","2":"type-product","3":"status-publish","5":"product_cat-edebiyat","6":"product_cat-roman-oyku","7":"pa_cilt-ciltsiz","8":"pa_tur-kitap","9":"pa_yayinevi-akil-celen-kitaplar","10":"pa_yazar-brandon-sanderson","12":"first","13":"instock","14":"sale","15":"shipping-taxable","16":"purchasable","17":"product-type-simple"},"_links":{"self":[{"href":"https:\/\/roveyayinevi.com.tr\/index.php\/wp-json\/wp\/v2\/product\/728906","targetHints":{"allow":["GET"]}}],"collection":[{"href":"https:\/\/roveyayinevi.com.tr\/index.php\/wp-json\/wp\/v2\/product"}],"about":[{"href":"https:\/\/roveyayinevi.com.tr\/index.php\/wp-json\/wp\/v2\/types\/product"}],"wp:attachment":[{"href":"https:\/\/roveyayinevi.com.tr\/index.php\/wp-json\/wp\/v2\/media?parent=728906"}],"wp:term":[{"taxonomy":"product_brand","embeddable":true,"href":"https:\/\/roveyayinevi.com.tr\/index.php\/wp-json\/wp\/v2\/product_brand?post=728906"},{"taxonomy":"product_cat","embeddable":true,"href":"https:\/\/roveyayinevi.com.tr\/index.php\/wp-json\/wp\/v2\/product_cat?post=728906"},{"taxonomy":"product_tag","embeddable":true,"href":"https:\/\/roveyayinevi.com.tr\/index.php\/wp-json\/wp\/v2\/product_tag?post=728906"}],"curies":[{"name":"wp","href":"https:\/\/api.w.org\/{rel}","templated":true}]}}