{"id":728892,"date":"2025-08-27T20:46:47","date_gmt":"2025-08-27T17:46:47","guid":{"rendered":"https:\/\/roveyayinevi.com.tr\/index.php\/urun\/agacli-gul-ve-hayal\/"},"modified":"2026-04-16T02:36:40","modified_gmt":"2026-04-15T23:36:40","slug":"agacli-gul-ve-hayal","status":"publish","type":"product","link":"https:\/\/roveyayinevi.com.tr\/index.php\/urun\/agacli-gul-ve-hayal\/","title":{"rendered":"A\u011fa\u00e7l\u0131 G\u00fcl ve Hayal"},"content":{"rendered":"<p>\u00d6d\u00fcll\u00fc K\u00f6pr\u00fc Kitaplar koleksiyonunun 23. kitab\u0131n\u0131 Berna Durmaz yazd\u0131!A\u011fa\u00e7lar\u0131n g\u00f6lgesinde b\u00fcy\u00fcyenlerin duydu\u011fu bir ses var! \u00c7a\u011fda\u015f \u00f6yk\u00fcc\u00fcl\u00fc\u011f\u00fcm\u00fcz\u00fcn \u00f6d\u00fcll\u00fc yazarlar\u0131ndan Berna Durmaz\u2019dan, a\u015f\u0131r\u0131 kentle\u015fmenin, yoksullu\u011fun ve f\u0131rsat e\u015fitsizli\u011finin soluksuz b\u0131rakt\u0131\u011f\u0131 insanlar\u0131n, ac\u0131mas\u0131zca yok edilen do\u011fayla benzerli\u011fini vurgulayan lirik bir roman.Edit\u00f6rl\u00fc\u011f\u00fcn\u00fc Semih G\u00fcm\u00fc\u015f\u2019\u00fcn \u00fcstlendi\u011fi \u00f6d\u00fcll\u00fc K\u00f6pr\u00fc Kitaplar koleksiyonunun 23. kitab\u0131, ayn\u0131 zamanda Durmaz\u2019\u0131n \u00e7ocuklar ve gen\u00e7ler i\u00e7in yazd\u0131\u011f\u0131 ilk kitab\u0131. Hayat ko\u015fusunda t\u00fcrl\u00fc engellerle kar\u015f\u0131la\u015fanlar\u0131n, do\u011fayla derin ba\u011flar kurarak uyum i\u00e7inde ya\u015fayanlar\u0131n ve birbirine umutla tutunanlar\u0131n sesini, ger\u00e7ek\u00e7i anlat\u0131m\u0131 ve zarif \u00fcslubuyla y\u00fccelten roman her ya\u015ftan okuru etkileyecek nitelikte.K\u00f6y\u00fcndeki okul kapan\u0131nca e\u011fitimini s\u00fcrd\u00fcremeyen Hayal\u2019in en b\u00fcy\u00fck iste\u011fi okumakt\u0131r. Ancak, hasta G\u00fcl Nine\u2019sine e\u015flik etmek i\u00e7in amcas\u0131n\u0131n \u0130stanbul\u2019daki evine gitmesi gerekir. B\u00fcy\u00fck \u015fehirde onu, dev g\u00f6kdelenlerin g\u00f6lgesinde, \u00e7amur i\u00e7inde bir gecekondu mahallesi kar\u015f\u0131lar. Okula g\u00f6nderilmeyi umsa da bekledi\u011fi g\u00fcn bir t\u00fcrl\u00fc gelmez, \u00e7aresiz kuaf\u00f6rde \u00e7al\u0131\u015fmaya ba\u015flar. Mahalleyi saran sesin gizemi ise her ge\u00e7en g\u00fcn insanlar\u0131 daha fazla etkilemektedir&#8230;\u201cHayal belleklerde kalacak bir karakter. Arkada\u015flar\u0131 Selim, Ak\u0131n ve kuzeni Ertan da&#8230; Berna Durmaz, A\u011fa\u00e7l\u0131 G\u00fcl ve Hayal\u2019in karakterlerini tasarlarken onlar\u0131n her birine farkl\u0131 ki\u015filikler vermeyi d\u00fc\u015f\u00fcnm\u00fc\u015f, bunun da \u00fcstesinden iyi gelmi\u015f. Roman\u0131 okuyup bitirdikten sonra da, b\u00fct\u00fcn karakterler g\u00f6zlerimizin \u00f6n\u00fcnde capcanl\u0131 duruyor.\u201dSemih G\u00fcm\u00fc\u015f<\/p>\n","protected":false},"excerpt":{"rendered":"<p>\u00d6d\u00fcll\u00fc K\u00f6pr\u00fc Kitaplar koleksiyonunun 23. kitab\u0131n\u0131 Berna Durmaz yazd\u0131!A\u011fa\u00e7lar\u0131n g\u00f6lgesinde b\u00fcy\u00fcyenlerin duydu\u011fu bir ses var! \u00c7a\u011fda\u015f \u00f6yk\u00fcc\u00fcl\u00fc\u011f\u00fcm\u00fcz\u00fcn \u00f6d\u00fcll\u00fc yazarlar\u0131ndan Berna Durmaz\u2019dan, a\u015f\u0131r\u0131 kentle\u015fmenin, yoksullu\u011fun ve f\u0131rsat<span class=\"excerpt-hellip\"> [\u2026]<\/span><\/p>\n","protected":false},"featured_media":0,"template":"","meta":{"_monsterinsights_skip_tracking":false,"_monsterinsights_sitenote_active":false,"_monsterinsights_sitenote_note":"","_monsterinsights_sitenote_category":0},"product_brand":[],"product_cat":[12275,12274],"product_tag":[],"class_list":{"0":"post-728892","1":"product","2":"type-product","3":"status-publish","5":"product_cat-6-12-yas-kitaplari","6":"product_cat-cocuk-ve-genclik-kitaplari","7":"pa_cilt-ciltsiz","8":"pa_tur-kitap","9":"pa_yayinevi-gunisigi-kitapligi","10":"pa_yazar-berna-durmaz","12":"first","13":"instock","14":"sale","15":"shipping-taxable","16":"purchasable","17":"product-type-simple"},"_links":{"self":[{"href":"https:\/\/roveyayinevi.com.tr\/index.php\/wp-json\/wp\/v2\/product\/728892","targetHints":{"allow":["GET"]}}],"collection":[{"href":"https:\/\/roveyayinevi.com.tr\/index.php\/wp-json\/wp\/v2\/product"}],"about":[{"href":"https:\/\/roveyayinevi.com.tr\/index.php\/wp-json\/wp\/v2\/types\/product"}],"wp:attachment":[{"href":"https:\/\/roveyayinevi.com.tr\/index.php\/wp-json\/wp\/v2\/media?parent=728892"}],"wp:term":[{"taxonomy":"product_brand","embeddable":true,"href":"https:\/\/roveyayinevi.com.tr\/index.php\/wp-json\/wp\/v2\/product_brand?post=728892"},{"taxonomy":"product_cat","embeddable":true,"href":"https:\/\/roveyayinevi.com.tr\/index.php\/wp-json\/wp\/v2\/product_cat?post=728892"},{"taxonomy":"product_tag","embeddable":true,"href":"https:\/\/roveyayinevi.com.tr\/index.php\/wp-json\/wp\/v2\/product_tag?post=728892"}],"curies":[{"name":"wp","href":"https:\/\/api.w.org\/{rel}","templated":true}]}}