{"id":728884,"date":"2025-08-27T20:46:40","date_gmt":"2025-08-27T17:46:40","guid":{"rendered":"https:\/\/roveyayinevi.com.tr\/index.php\/urun\/cevat-sakirin-bodrumu\/"},"modified":"2026-04-16T02:36:40","modified_gmt":"2026-04-15T23:36:40","slug":"cevat-sakirin-bodrumu","status":"publish","type":"product","link":"https:\/\/roveyayinevi.com.tr\/index.php\/urun\/cevat-sakirin-bodrumu\/","title":{"rendered":"Cevat \u015eakir\u2019in Bodrum\u2019u"},"content":{"rendered":"<p>Edebiyat\u0131m\u0131z\u0131n \u015fair ve yazarlar\u0131n\u0131n hayatlar\u0131n\u0131 resimli hik\u00e2yelerle ke\u015ffetmeye var m\u0131s\u0131n\u0131z? S\u00fcrg\u00fcnde ge\u00e7en y\u0131llar\u0131n ard\u0131ndan denize ve do\u011faya duydu\u011fum sevginin s\u00f6zc\u00fcklere d\u00f6n\u00fc\u015ft\u00fc\u011f\u00fc hayat hik\u00e2yemi dinlemeye haz\u0131r m\u0131s\u0131n\u0131z? Hadi o zaman ba\u015flayal\u0131m\u2026 <\/p>\n","protected":false},"excerpt":{"rendered":"<p>Edebiyat\u0131m\u0131z\u0131n \u015fair ve yazarlar\u0131n\u0131n hayatlar\u0131n\u0131 resimli hik\u00e2yelerle ke\u015ffetmeye var m\u0131s\u0131n\u0131z? S\u00fcrg\u00fcnde ge\u00e7en y\u0131llar\u0131n ard\u0131ndan denize ve do\u011faya duydu\u011fum sevginin s\u00f6zc\u00fcklere d\u00f6n\u00fc\u015ft\u00fc\u011f\u00fc hayat hik\u00e2yemi dinlemeye haz\u0131r m\u0131s\u0131n\u0131z?<span class=\"excerpt-hellip\"> [\u2026]<\/span><\/p>\n","protected":false},"featured_media":0,"template":"","meta":{"_monsterinsights_skip_tracking":false,"_monsterinsights_sitenote_active":false,"_monsterinsights_sitenote_note":"","_monsterinsights_sitenote_category":0},"product_brand":[],"product_cat":[12275,12274],"product_tag":[],"class_list":{"0":"post-728884","1":"product","2":"type-product","3":"status-publish","5":"product_cat-6-12-yas-kitaplari","6":"product_cat-cocuk-ve-genclik-kitaplari","7":"pa_cilt-ciltsiz","8":"pa_tur-kitap","9":"pa_yayinevi-eksik-parca-yayinlari","10":"pa_yazar-erdogan-ogultekin","12":"first","13":"instock","14":"sale","15":"shipping-taxable","16":"purchasable","17":"product-type-simple"},"_links":{"self":[{"href":"https:\/\/roveyayinevi.com.tr\/index.php\/wp-json\/wp\/v2\/product\/728884","targetHints":{"allow":["GET"]}}],"collection":[{"href":"https:\/\/roveyayinevi.com.tr\/index.php\/wp-json\/wp\/v2\/product"}],"about":[{"href":"https:\/\/roveyayinevi.com.tr\/index.php\/wp-json\/wp\/v2\/types\/product"}],"wp:attachment":[{"href":"https:\/\/roveyayinevi.com.tr\/index.php\/wp-json\/wp\/v2\/media?parent=728884"}],"wp:term":[{"taxonomy":"product_brand","embeddable":true,"href":"https:\/\/roveyayinevi.com.tr\/index.php\/wp-json\/wp\/v2\/product_brand?post=728884"},{"taxonomy":"product_cat","embeddable":true,"href":"https:\/\/roveyayinevi.com.tr\/index.php\/wp-json\/wp\/v2\/product_cat?post=728884"},{"taxonomy":"product_tag","embeddable":true,"href":"https:\/\/roveyayinevi.com.tr\/index.php\/wp-json\/wp\/v2\/product_tag?post=728884"}],"curies":[{"name":"wp","href":"https:\/\/api.w.org\/{rel}","templated":true}]}}