{"id":728880,"date":"2025-08-27T20:46:37","date_gmt":"2025-08-27T17:46:37","guid":{"rendered":"https:\/\/roveyayinevi.com.tr\/index.php\/urun\/felsefenin-evrimi\/"},"modified":"2026-04-16T02:36:40","modified_gmt":"2026-04-15T23:36:40","slug":"felsefenin-evrimi","status":"publish","type":"product","link":"https:\/\/roveyayinevi.com.tr\/index.php\/urun\/felsefenin-evrimi\/","title":{"rendered":"Felsefenin Evrimi"},"content":{"rendered":"<p>T\u00fcrkiye\u2019de ve T\u00fcrk\u00e7ede felsefenin yer etmesi, felsefe dilinin yal\u0131nla\u015fmas\u0131 i\u00e7in \u00e7al\u0131\u015fmalara imza atan, T\u00fcrkiye\u2019nin kurucu felsefecilerinden Macit G\u00f6kberk\u2019ten \u00f6nemli bir kaynak kitap Felsefenin Evrimi. \u00dcstelik Herakleitos\u2019tan Hegel\u2019e yirminin \u00fczerinde filozoftan \u00f6rnek metinlerle\u2026 \u201cFelsefe tarihi, felsefeyi olu\u015fturan belli ba\u015fl\u0131 filozoflar\u0131n s\u00fcr\u00fcp giden bir tart\u0131\u015fmas\u0131d\u0131r diyebiliriz. Sorunlar\u0131n ortaya konulu\u015fu ile bunlar\u0131n \u00e7\u00f6z\u00fcm denemeleri, bu filozoflar\u0131n yap\u0131tlar\u0131nda ger\u00e7ekle\u015fmi\u015ftir. Felsefenin tarihi boyundaki evrimi, ger\u00e7ekte, bu kaynaklar\u0131n kendisinden \u00f6\u011frenilebilir. Bunlar bize felsefenin, b\u00fcy\u00fck ustalar\u0131n\u0131n eliyle nas\u0131l i\u015flendi\u011fini, nas\u0131l yap\u0131ld\u0131\u011f\u0131n\u0131 do\u011frudan do\u011fruya g\u00f6sterirler; dolay\u0131s\u0131yla bize felsefede yarat\u0131c\u0131l\u0131\u011f\u0131n yollar\u0131n\u0131 da a\u00e7arlar. Kitab\u0131m\u0131za bu kaynaklardan se\u00e7ilmi\u015f \u00f6rnekler eklenmi\u015ftir. Felsefenin evrimi, ancak, bu \u00f6rneklerle birlikte, yeri geldi\u011finde onlara ba\u015fvurarak, daha iyisi; bunlardan kaynaklar\u0131n kendisine de uzanarak, bunlar\u0131n tan\u0131kl\u0131\u011f\u0131yla canl\u0131 olarak kavranabilir ve felsefe tarihi, b\u00f6ylece, dayanaklar\u0131 bilinmeyen soyut bir anlat\u0131, ezbere bir bilgi-edinme olmaktan \u00e7\u0131kar.\u201d <\/p>\n","protected":false},"excerpt":{"rendered":"<p>T\u00fcrkiye\u2019de ve T\u00fcrk\u00e7ede felsefenin yer etmesi, felsefe dilinin yal\u0131nla\u015fmas\u0131 i\u00e7in \u00e7al\u0131\u015fmalara imza atan, T\u00fcrkiye\u2019nin kurucu felsefecilerinden Macit G\u00f6kberk\u2019ten \u00f6nemli bir kaynak kitap Felsefenin Evrimi. \u00dcstelik Herakleitos\u2019tan<span class=\"excerpt-hellip\"> [\u2026]<\/span><\/p>\n","protected":false},"featured_media":0,"template":"","meta":{"_monsterinsights_skip_tracking":false,"_monsterinsights_sitenote_active":false,"_monsterinsights_sitenote_note":"","_monsterinsights_sitenote_category":0},"product_brand":[],"product_cat":[12388,14717],"product_tag":[],"class_list":{"0":"post-728880","1":"product","2":"type-product","3":"status-publish","5":"product_cat-felsefe","6":"product_cat-felsefe-tarihi","7":"pa_cilt-ciltsiz","8":"pa_tur-kitap","9":"pa_yayinevi-kirmizi-kedi-yayinevi","10":"pa_yazar-macit-gokberk","12":"first","13":"instock","14":"sale","15":"shipping-taxable","16":"purchasable","17":"product-type-simple"},"_links":{"self":[{"href":"https:\/\/roveyayinevi.com.tr\/index.php\/wp-json\/wp\/v2\/product\/728880","targetHints":{"allow":["GET"]}}],"collection":[{"href":"https:\/\/roveyayinevi.com.tr\/index.php\/wp-json\/wp\/v2\/product"}],"about":[{"href":"https:\/\/roveyayinevi.com.tr\/index.php\/wp-json\/wp\/v2\/types\/product"}],"wp:attachment":[{"href":"https:\/\/roveyayinevi.com.tr\/index.php\/wp-json\/wp\/v2\/media?parent=728880"}],"wp:term":[{"taxonomy":"product_brand","embeddable":true,"href":"https:\/\/roveyayinevi.com.tr\/index.php\/wp-json\/wp\/v2\/product_brand?post=728880"},{"taxonomy":"product_cat","embeddable":true,"href":"https:\/\/roveyayinevi.com.tr\/index.php\/wp-json\/wp\/v2\/product_cat?post=728880"},{"taxonomy":"product_tag","embeddable":true,"href":"https:\/\/roveyayinevi.com.tr\/index.php\/wp-json\/wp\/v2\/product_tag?post=728880"}],"curies":[{"name":"wp","href":"https:\/\/api.w.org\/{rel}","templated":true}]}}