{"id":728876,"date":"2025-08-27T20:46:33","date_gmt":"2025-08-27T17:46:33","guid":{"rendered":"https:\/\/roveyayinevi.com.tr\/index.php\/urun\/ayi-saate-karsi\/"},"modified":"2026-04-16T02:36:40","modified_gmt":"2026-04-15T23:36:40","slug":"ayi-saate-karsi","status":"publish","type":"product","link":"https:\/\/roveyayinevi.com.tr\/index.php\/urun\/ayi-saate-karsi\/","title":{"rendered":"Ay\u0131 Saate Kar\u015f\u0131"},"content":{"rendered":"<p>Ay\u0131m yeti\u015febilmek i\u00e7in bir yerlere, ko\u015fturup duruyor delicesine.Ah \u015fu saatleri bir \u00f6\u011frenebilse!Saat okumay\u0131 bilmeyen bir ay\u0131, s\u00fcrekli zamana kar\u015f\u0131 bir yar\u0131\u015f i\u00e7inde. Her yere ge\u00e7 kal\u0131yor, ba\u015f\u0131na \u00e7ok dert a\u00e7\u0131yor. Neyse ki birlikte ya\u015fad\u0131\u011f\u0131 ailenin ona saatleri \u00f6\u011fretmek i\u00e7in harika bir y\u00f6ntemi var!&#8221;Ay\u0131 Saate Kar\u015f\u0131&#8221; saatleri \u00f6\u011frenmek, ama daha da \u00f6nemlisi, zaman\u0131 iyi kullanmak u\u0308zerine bir \u00f6yku\u0308&#8230;<\/p>\n","protected":false},"excerpt":{"rendered":"<p>Ay\u0131m yeti\u015febilmek i\u00e7in bir yerlere, ko\u015fturup duruyor delicesine.Ah \u015fu saatleri bir \u00f6\u011frenebilse!Saat okumay\u0131 bilmeyen bir ay\u0131, s\u00fcrekli zamana kar\u015f\u0131 bir yar\u0131\u015f i\u00e7inde. Her yere ge\u00e7 kal\u0131yor,<span class=\"excerpt-hellip\"> [\u2026]<\/span><\/p>\n","protected":false},"featured_media":0,"template":"","meta":{"_monsterinsights_skip_tracking":false,"_monsterinsights_sitenote_active":false,"_monsterinsights_sitenote_note":"","_monsterinsights_sitenote_category":0},"product_brand":[],"product_cat":[12275,12274],"product_tag":[],"class_list":{"0":"post-728876","1":"product","2":"type-product","3":"status-publish","5":"product_cat-6-12-yas-kitaplari","6":"product_cat-cocuk-ve-genclik-kitaplari","7":"pa_cilt-ciltsiz","8":"pa_tur-kitap","9":"pa_yayinevi-redhouse-kidz-yayinlari","10":"pa_yazar-jean-luc-fromental","12":"first","13":"instock","14":"sale","15":"shipping-taxable","16":"purchasable","17":"product-type-simple"},"_links":{"self":[{"href":"https:\/\/roveyayinevi.com.tr\/index.php\/wp-json\/wp\/v2\/product\/728876","targetHints":{"allow":["GET"]}}],"collection":[{"href":"https:\/\/roveyayinevi.com.tr\/index.php\/wp-json\/wp\/v2\/product"}],"about":[{"href":"https:\/\/roveyayinevi.com.tr\/index.php\/wp-json\/wp\/v2\/types\/product"}],"wp:attachment":[{"href":"https:\/\/roveyayinevi.com.tr\/index.php\/wp-json\/wp\/v2\/media?parent=728876"}],"wp:term":[{"taxonomy":"product_brand","embeddable":true,"href":"https:\/\/roveyayinevi.com.tr\/index.php\/wp-json\/wp\/v2\/product_brand?post=728876"},{"taxonomy":"product_cat","embeddable":true,"href":"https:\/\/roveyayinevi.com.tr\/index.php\/wp-json\/wp\/v2\/product_cat?post=728876"},{"taxonomy":"product_tag","embeddable":true,"href":"https:\/\/roveyayinevi.com.tr\/index.php\/wp-json\/wp\/v2\/product_tag?post=728876"}],"curies":[{"name":"wp","href":"https:\/\/api.w.org\/{rel}","templated":true}]}}