{"id":728872,"date":"2025-08-27T20:46:29","date_gmt":"2025-08-27T17:46:29","guid":{"rendered":"https:\/\/roveyayinevi.com.tr\/index.php\/urun\/turk-jandarmasinda-reform-sureci-yuzbasi-sarrounun-hatiratini-anlamak\/"},"modified":"2026-04-16T02:36:40","modified_gmt":"2026-04-15T23:36:40","slug":"turk-jandarmasinda-reform-sureci-yuzbasi-sarrounun-hatiratini-anlamak","status":"publish","type":"product","link":"https:\/\/roveyayinevi.com.tr\/index.php\/urun\/turk-jandarmasinda-reform-sureci-yuzbasi-sarrounun-hatiratini-anlamak\/","title":{"rendered":"T\u00fcrk Jandarmas\u0131nda Reform S\u00fcreci &#8211; Y\u00fczba\u015f\u0131 Sarrou&#8217;nun Hat\u0131rat\u0131n\u0131 Anlamak"},"content":{"rendered":"<p>Frans\u0131z Jandarma Te\u015fkilat\u0131 ve T\u00fcrk Jandarma Te\u015fkilat\u0131n\u0131n Geli\u015fimine Amil Olan EtkenlerOsmanl\u0131\u2019dan Cumhuriyet\u2019e Jandarma Te\u015fkilat\u0131n\u0131n Tarihsel S\u00fcreciCumhuriyet D\u00f6neminde T\u00fcrk Jandarmas\u0131: \u0130nzibattan Kollu\u011faSarrou\u2019nun Hayat\u0131, \u00c7al\u0131\u015fmalar\u0131, Hat\u0131rat\u0131 Ve Bibliyografyas\u0131na DairY\u00fczba\u015f\u0131 Sarrou: Osmanl\u0131 \u0130mparatorlu\u011fu Hizmetinde Bir Frans\u0131z Subay\u0131<\/p>\n","protected":false},"excerpt":{"rendered":"<p>Frans\u0131z Jandarma Te\u015fkilat\u0131 ve T\u00fcrk Jandarma Te\u015fkilat\u0131n\u0131n Geli\u015fimine Amil Olan EtkenlerOsmanl\u0131\u2019dan Cumhuriyet\u2019e Jandarma Te\u015fkilat\u0131n\u0131n Tarihsel S\u00fcreciCumhuriyet D\u00f6neminde T\u00fcrk Jandarmas\u0131: \u0130nzibattan Kollu\u011faSarrou\u2019nun Hayat\u0131, \u00c7al\u0131\u015fmalar\u0131, Hat\u0131rat\u0131 Ve Bibliyografyas\u0131na<span class=\"excerpt-hellip\"> [\u2026]<\/span><\/p>\n","protected":false},"featured_media":0,"template":"","meta":{"_monsterinsights_skip_tracking":false,"_monsterinsights_sitenote_active":false,"_monsterinsights_sitenote_note":"","_monsterinsights_sitenote_category":0},"product_brand":[],"product_cat":[12304,13650],"product_tag":[],"class_list":{"0":"post-728872","1":"product","2":"type-product","3":"status-publish","5":"product_cat-tarih","6":"product_cat-turk-tarihi-arastirmalari","7":"pa_cilt-ciltsiz","8":"pa_tur-kitap","9":"pa_yayinevi-gazi-kitabevi","10":"pa_yazar-tekin-avaner-turgut-atasoy","12":"first","13":"instock","14":"sale","15":"shipping-taxable","16":"purchasable","17":"product-type-simple"},"_links":{"self":[{"href":"https:\/\/roveyayinevi.com.tr\/index.php\/wp-json\/wp\/v2\/product\/728872","targetHints":{"allow":["GET"]}}],"collection":[{"href":"https:\/\/roveyayinevi.com.tr\/index.php\/wp-json\/wp\/v2\/product"}],"about":[{"href":"https:\/\/roveyayinevi.com.tr\/index.php\/wp-json\/wp\/v2\/types\/product"}],"wp:attachment":[{"href":"https:\/\/roveyayinevi.com.tr\/index.php\/wp-json\/wp\/v2\/media?parent=728872"}],"wp:term":[{"taxonomy":"product_brand","embeddable":true,"href":"https:\/\/roveyayinevi.com.tr\/index.php\/wp-json\/wp\/v2\/product_brand?post=728872"},{"taxonomy":"product_cat","embeddable":true,"href":"https:\/\/roveyayinevi.com.tr\/index.php\/wp-json\/wp\/v2\/product_cat?post=728872"},{"taxonomy":"product_tag","embeddable":true,"href":"https:\/\/roveyayinevi.com.tr\/index.php\/wp-json\/wp\/v2\/product_tag?post=728872"}],"curies":[{"name":"wp","href":"https:\/\/api.w.org\/{rel}","templated":true}]}}

Türk Jandarmasında Reform Süreci &#8211; Yüzbaşı Sarrou&#8217;nun Hatıratını Anlamak

<p>Fransız Jandarma Teşkilatı ve Türk Jandarma Teşkilatının Gelişimine Amil Olan EtkenlerOsmanlı’dan Cumhuriyet’e Jandarma Teşkilatının Tarihsel SüreciCumhuriyet Döneminde Türk Jandarması: İnzibattan KolluğaSarrou’nun Hayatı, Çalışmaları, Hatıratı Ve Bibliyografyasına DairYüzbaşı Sarrou: Osmanlı İmparatorluğu Hizmetinde Bir Fransız Subayı</p>

<p>Fransız Jandarma Teşkilatı ve Türk Jandarma Teşkilatının Gelişimine Amil Olan EtkenlerOsmanlı’dan Cumhuriyet’e Jandarma Teşkilatının Tarihsel SüreciCumhuriyet Döneminde Türk Jandarması: İnzibattan KolluğaSarrou’nun Hayatı, Çalışmaları, Hatıratı Ve Bibliyografyasına<span class="excerpt-hellip"> […]</span></p>
