{"id":728871,"date":"2025-08-27T20:46:29","date_gmt":"2025-08-27T17:46:29","guid":{"rendered":"https:\/\/roveyayinevi.com.tr\/index.php\/urun\/sakarya-ovasi-ve-cevresi-jeomorfolojisi\/"},"modified":"2026-04-16T02:36:40","modified_gmt":"2026-04-15T23:36:40","slug":"sakarya-ovasi-ve-cevresi-jeomorfolojisi","status":"publish","type":"product","link":"https:\/\/roveyayinevi.com.tr\/index.php\/urun\/sakarya-ovasi-ve-cevresi-jeomorfolojisi\/","title":{"rendered":"Sakarya Ovas\u0131 ve \u00c7evresi Jeomorfolojisi"},"content":{"rendered":"<p>\u0130\u00e7indekilerGiri\u015fCo\u011frafi Konum Ve Genel \u00d6zelliklerLiterat\u00fcr \u0130ncelemesiJeoloji4.1. Jeolojik Evre De\u011ferlendirmeleri4.2. Jeolojik Formasyon \u00d6zellikleri4.3. Kuaterner\u2019de Jeomorfolojik Geli\u015fimToprak Karakteristi\u011fi5.1. Toprak Olu\u015fum Fakt\u00f6rleri5.2. Toprak S\u0131n\u0131flar\u0131 ve Da\u011f\u0131l\u0131\u015f\u01315.3. Arazi Kabiliyet S\u0131n\u0131flar\u0131 ve Da\u011f\u0131l\u0131\u015f\u01315.4. Arazi Kullan\u0131m S\u0131n\u0131flar\u0131 ve Da\u011f\u0131l\u0131\u015f\u0131Tektonizma Ve Depremsellik6.1. \u00d6nemli Depremle<\/p>\n","protected":false},"excerpt":{"rendered":"<p>\u0130\u00e7indekilerGiri\u015fCo\u011frafi Konum Ve Genel \u00d6zelliklerLiterat\u00fcr \u0130ncelemesiJeoloji4.1. Jeolojik Evre De\u011ferlendirmeleri4.2. Jeolojik Formasyon \u00d6zellikleri4.3. Kuaterner\u2019de Jeomorfolojik Geli\u015fimToprak Karakteristi\u011fi5.1. Toprak Olu\u015fum Fakt\u00f6rleri5.2. Toprak S\u0131n\u0131flar\u0131 ve Da\u011f\u0131l\u0131\u015f\u01315.3. Arazi Kabiliyet S\u0131n\u0131flar\u0131<span class=\"excerpt-hellip\"> [\u2026]<\/span><\/p>\n","protected":false},"featured_media":0,"template":"","meta":{"_monsterinsights_skip_tracking":false,"_monsterinsights_sitenote_active":false,"_monsterinsights_sitenote_note":"","_monsterinsights_sitenote_category":0},"product_brand":[],"product_cat":[13005,40995],"product_tag":[],"class_list":{"0":"post-728871","1":"product","2":"type-product","3":"status-publish","5":"product_cat-bilim-muhendislik","6":"product_cat-sosyal-bilimler","7":"pa_cilt-ciltsiz","8":"pa_tur-kitap","9":"pa_yayinevi-gazi-kitabevi","10":"pa_yazar-fatih-sunbul","12":"first","13":"instock","14":"sale","15":"shipping-taxable","16":"purchasable","17":"product-type-simple"},"_links":{"self":[{"href":"https:\/\/roveyayinevi.com.tr\/index.php\/wp-json\/wp\/v2\/product\/728871","targetHints":{"allow":["GET"]}}],"collection":[{"href":"https:\/\/roveyayinevi.com.tr\/index.php\/wp-json\/wp\/v2\/product"}],"about":[{"href":"https:\/\/roveyayinevi.com.tr\/index.php\/wp-json\/wp\/v2\/types\/product"}],"wp:attachment":[{"href":"https:\/\/roveyayinevi.com.tr\/index.php\/wp-json\/wp\/v2\/media?parent=728871"}],"wp:term":[{"taxonomy":"product_brand","embeddable":true,"href":"https:\/\/roveyayinevi.com.tr\/index.php\/wp-json\/wp\/v2\/product_brand?post=728871"},{"taxonomy":"product_cat","embeddable":true,"href":"https:\/\/roveyayinevi.com.tr\/index.php\/wp-json\/wp\/v2\/product_cat?post=728871"},{"taxonomy":"product_tag","embeddable":true,"href":"https:\/\/roveyayinevi.com.tr\/index.php\/wp-json\/wp\/v2\/product_tag?post=728871"}],"curies":[{"name":"wp","href":"https:\/\/api.w.org\/{rel}","templated":true}]}}