{"id":728830,"date":"2025-08-27T20:45:49","date_gmt":"2025-08-27T17:45:49","guid":{"rendered":"https:\/\/roveyayinevi.com.tr\/index.php\/urun\/iki\/"},"modified":"2026-04-16T02:36:39","modified_gmt":"2026-04-15T23:36:39","slug":"iki","status":"publish","type":"product","link":"https:\/\/roveyayinevi.com.tr\/index.php\/urun\/iki\/","title":{"rendered":"\u0130ki"},"content":{"rendered":"<p>\u201cKuanapaga\u2019da ya\u015fayan herkes otuz \u00fc\u00e7 ya\u015f\u0131na bast\u0131\u011f\u0131 g\u00fcn tek ba\u015f\u0131na orman\u0131n derinliklerine \u00e7ekilir, ya\u015famlar\u0131n\u0131n en b\u00fcy\u00fck s\u0131nav\u0131n\u0131 ba\u015flatmak i\u00e7in kendi istekleriyle bu kutsal zehri i\u00e7ip sonra da insan\u0131n en b\u00fcy\u00fck d\u00fc\u015fman\u0131, bedeninden s\u00f6k\u00fcl\u00fcp at\u0131l\u0131ncaya kadar orman\u0131n bir k\u00f6\u015fesinde tek ba\u015f\u0131na beklerdi. Yerlilerin \u0130K\u0130 ad\u0131n\u0131 verdi\u011fi \u00f6l\u00fcmc\u00fcl s\u0131nav\u0131n ba\u015flang\u0131c\u0131yd\u0131 bu. \u0130nsan\u0131n en zor ve en tehlikeli d\u00fc\u015fman\u0131, onunla t\u0131pat\u0131p ayn\u0131 surette bedeninin i\u00e7inden \u00e7\u0131k\u0131p kar\u015f\u0131s\u0131na dikildi\u011fi ilk a\u015famayd\u0131.\u201d B\u00fclent G\u00f6ksal ikinci roman\u0131 \u0130ki\u2019de; insano\u011flunun kendini tan\u0131ma ve anlama yolculu\u011funu Peru ormanlar\u0131ndan gelen bir iksir \u00fczerinden okuyucuya sunuyor. Kimi anlarda sat\u0131rlar aras\u0131nda yitecek, kimi zaman da ke\u015fif yolculu\u011funuzda s\u0131k s\u0131k nefesinizi tutacaks\u0131n\u0131z. <\/p>\n","protected":false},"excerpt":{"rendered":"<p>\u201cKuanapaga\u2019da ya\u015fayan herkes otuz \u00fc\u00e7 ya\u015f\u0131na bast\u0131\u011f\u0131 g\u00fcn tek ba\u015f\u0131na orman\u0131n derinliklerine \u00e7ekilir, ya\u015famlar\u0131n\u0131n en b\u00fcy\u00fck s\u0131nav\u0131n\u0131 ba\u015flatmak i\u00e7in kendi istekleriyle bu kutsal zehri i\u00e7ip sonra<span class=\"excerpt-hellip\"> [\u2026]<\/span><\/p>\n","protected":false},"featured_media":0,"template":"","meta":{"_monsterinsights_skip_tracking":false,"_monsterinsights_sitenote_active":false,"_monsterinsights_sitenote_note":"","_monsterinsights_sitenote_category":0},"product_brand":[],"product_cat":[12291,12711],"product_tag":[],"class_list":{"0":"post-728830","1":"product","2":"type-product","3":"status-publish","5":"product_cat-edebiyat","6":"product_cat-roman-oyku","7":"pa_cilt-ciltsiz","8":"pa_tur-kitap","9":"pa_yayinevi-luna-yayinlari","10":"pa_yazar-bulent-goksal","12":"first","13":"instock","14":"sale","15":"shipping-taxable","16":"purchasable","17":"product-type-simple"},"_links":{"self":[{"href":"https:\/\/roveyayinevi.com.tr\/index.php\/wp-json\/wp\/v2\/product\/728830","targetHints":{"allow":["GET"]}}],"collection":[{"href":"https:\/\/roveyayinevi.com.tr\/index.php\/wp-json\/wp\/v2\/product"}],"about":[{"href":"https:\/\/roveyayinevi.com.tr\/index.php\/wp-json\/wp\/v2\/types\/product"}],"wp:attachment":[{"href":"https:\/\/roveyayinevi.com.tr\/index.php\/wp-json\/wp\/v2\/media?parent=728830"}],"wp:term":[{"taxonomy":"product_brand","embeddable":true,"href":"https:\/\/roveyayinevi.com.tr\/index.php\/wp-json\/wp\/v2\/product_brand?post=728830"},{"taxonomy":"product_cat","embeddable":true,"href":"https:\/\/roveyayinevi.com.tr\/index.php\/wp-json\/wp\/v2\/product_cat?post=728830"},{"taxonomy":"product_tag","embeddable":true,"href":"https:\/\/roveyayinevi.com.tr\/index.php\/wp-json\/wp\/v2\/product_tag?post=728830"}],"curies":[{"name":"wp","href":"https:\/\/api.w.org\/{rel}","templated":true}]}}