{"id":728817,"date":"2025-08-27T20:45:30","date_gmt":"2025-08-27T17:45:30","guid":{"rendered":"https:\/\/roveyayinevi.com.tr\/index.php\/urun\/mor-restoran\/"},"modified":"2026-04-16T02:36:38","modified_gmt":"2026-04-15T23:36:38","slug":"mor-restoran","status":"publish","type":"product","link":"https:\/\/roveyayinevi.com.tr\/index.php\/urun\/mor-restoran\/","title":{"rendered":"Mor Restoran"},"content":{"rendered":"<p>T\u00fcm duvarlar bo\u015ftu. Misafirlerin dikkatini \u00e7ekecek bir aksesuar ya da onlara bir an\u0131y\u0131 hat\u0131rlatacak s\u00f6zler olsun istemiyordu. Ki\u015filer, birlikte geldikleri yak\u0131nlar\u0131na odaklans\u0131n, onlar i\u00e7in yeni bir kelimeyi kendi kafalar\u0131nda \u00fcretsin istiyordu.\u201d G\u00fcne\u015f \u00d6ztoprak, Karantina Duvar\u0131\u2019ndan sonra Mor Restoran roman\u0131yla yeniden okurlar\u0131n kars\u0131s\u0131na \u00e7\u0131k\u0131yor. Nergis\u2019in hik\u00e2yesi, ait olmak, yabanc\u0131 olmak, aldatmak, sevmek, anne olmak ve her \u015feyden \u00f6nemlisi kad\u0131n olmak konular\u0131nda d\u00fc\u015f\u00fcnmemize neden oluyor. Anlat\u0131lanlar\u0131n tad\u0131, bir restoran mutfa\u011f\u0131n\u0131n atmosferiyle birle\u015fince iki kat art\u0131yor. Okuduk\u00e7a, bir restorana oturup yedi\u011fimiz yemeklerin yap\u0131ld\u0131\u011f\u0131 mutfakla ilgili daha \u00f6nce hi\u00e7 akla gelmemi\u015f sorular\u0131 sormak istiyor insan. Hatta mutfaktakiler ile tan\u0131\u015fmak&#8230; <\/p>\n","protected":false},"excerpt":{"rendered":"<p>T\u00fcm duvarlar bo\u015ftu. Misafirlerin dikkatini \u00e7ekecek bir aksesuar ya da onlara bir an\u0131y\u0131 hat\u0131rlatacak s\u00f6zler olsun istemiyordu. Ki\u015filer, birlikte geldikleri yak\u0131nlar\u0131na odaklans\u0131n, onlar i\u00e7in yeni bir<span class=\"excerpt-hellip\"> [\u2026]<\/span><\/p>\n","protected":false},"featured_media":0,"template":"","meta":{"_monsterinsights_skip_tracking":false,"_monsterinsights_sitenote_active":false,"_monsterinsights_sitenote_note":"","_monsterinsights_sitenote_category":0},"product_brand":[],"product_cat":[12291,12711],"product_tag":[],"class_list":{"0":"post-728817","1":"product","2":"type-product","3":"status-publish","5":"product_cat-edebiyat","6":"product_cat-roman-oyku","7":"pa_cilt-ciltsiz","8":"pa_tur-kitap","9":"pa_yayinevi-luna-yayinlari","10":"pa_yazar-gunes-oztoprak","12":"first","13":"instock","14":"sale","15":"shipping-taxable","16":"purchasable","17":"product-type-simple"},"_links":{"self":[{"href":"https:\/\/roveyayinevi.com.tr\/index.php\/wp-json\/wp\/v2\/product\/728817","targetHints":{"allow":["GET"]}}],"collection":[{"href":"https:\/\/roveyayinevi.com.tr\/index.php\/wp-json\/wp\/v2\/product"}],"about":[{"href":"https:\/\/roveyayinevi.com.tr\/index.php\/wp-json\/wp\/v2\/types\/product"}],"wp:attachment":[{"href":"https:\/\/roveyayinevi.com.tr\/index.php\/wp-json\/wp\/v2\/media?parent=728817"}],"wp:term":[{"taxonomy":"product_brand","embeddable":true,"href":"https:\/\/roveyayinevi.com.tr\/index.php\/wp-json\/wp\/v2\/product_brand?post=728817"},{"taxonomy":"product_cat","embeddable":true,"href":"https:\/\/roveyayinevi.com.tr\/index.php\/wp-json\/wp\/v2\/product_cat?post=728817"},{"taxonomy":"product_tag","embeddable":true,"href":"https:\/\/roveyayinevi.com.tr\/index.php\/wp-json\/wp\/v2\/product_tag?post=728817"}],"curies":[{"name":"wp","href":"https:\/\/api.w.org\/{rel}","templated":true}]}}