{"id":728810,"date":"2025-08-27T20:45:25","date_gmt":"2025-08-27T17:45:25","guid":{"rendered":"https:\/\/roveyayinevi.com.tr\/index.php\/urun\/erwin-rommel\/"},"modified":"2026-04-16T02:36:38","modified_gmt":"2026-04-15T23:36:38","slug":"erwin-rommel","status":"publish","type":"product","link":"https:\/\/roveyayinevi.com.tr\/index.php\/urun\/erwin-rommel\/","title":{"rendered":"Erwin Rommel"},"content":{"rendered":"<p>OSPREY B\u00fcy\u00fck Komutanlar Serisi Ba\u015fl\u0131yor. Tarihin en b\u00fcy\u00fck komutanlar\u0131n\u0131n ya\u015fam \u00f6yk\u00fcleri, muharebe tecr\u00fcbeleri, uygulad\u0131klar\u0131 taktikler ve statejiler\u2026 1940\u2019ta ba\u015flayan Fransa Muharebesi\u2019nde birliklerini ola\u011fan\u00fcst\u00fc bir h\u0131zla komuta eden ve emrindeki 7\u2019nci Panzer T\u00fcmeni\u2019nin \u201cHayalet T\u00fcmen\u201d olarak an\u0131lmas\u0131n\u0131 sa\u011flayan Erwin Rommel, 1941\u2019den itibaren Afrika Kolordusu\u2019nun ba\u015f\u0131nda sergiledi\u011fi kurnazl\u0131k, ger\u00e7ekle\u015ftirdi\u011fi aldatmacalar ve s\u00fcrpriz sald\u0131r\u0131lar sebebiyle \u201c\u00c7\u00f6l Tilkisi\u201d nam\u0131yla an\u0131lmaya ba\u015flad\u0131. Rommel, \u0130kinci D\u00fcnya Sava\u015f\u0131\u2019n\u0131n en me\u015fhur komutanlar\u0131ndan biri olarak bilinse de muharebelerin tozunu ilk kez Birinci D\u00fcnya Sava\u015f\u0131\u2019nda yutmu\u015ftu. Alman \u0130mparatorlu\u011fu\u2019nun gen\u00e7 bir subay\u0131 olarak sava\u015f boyunca \u00fclkesine b\u00fcy\u00fck bir \u00f6zveriyle hizmet etti. \u00d6yle ki sava\u015fta sergiledi\u011fi cesaret sebebiyle gen\u00e7 ya\u015f\u0131na ra\u011fmen Almanya\u2019n\u0131n en \u00fcst\u00fcn cesaret madalyas\u0131 olan Pour le M\u00e9rite\u2019leba\u015f\u0131na getirilen Rommel, Hitler\u2019e kar\u015f\u0131 ger\u00e7ekle\u015ftirilen suikast giri\u015fimiyle ili\u015fkili oldu\u011fu gerek\u00e7esiyle sava\u015f hen\u00fcz sona ermeden intihar etmeye zorland\u0131. Bu kitap, \u0130kinci D\u00fcnya Sava\u015f\u0131\u2019na damgas\u0131n\u0131 vuran Erwin Rommel\u2019in asker\u00ee ya\u015fam\u0131na, komutanl\u0131\u011f\u0131na, g\u00fc\u00e7l\u00fc ve zay\u0131f yanlar\u0131na odaklanmakla kalm\u0131yor d\u00fc\u015fmanlar\u0131n\u0131n y\u00fcre\u011fine korku salan bir \u015f\u00f6hrete nas\u0131l ula\u015ft\u0131\u011f\u0131n\u0131n izini s\u00fcr\u00fcyor. &#8220;Erwin Rommel&#8221;, i\u00e7erdi\u011fi bir\u00e7ok orijinal \u00e7izim, foto\u011fraf ve resimle t\u00fcm okurlara ger\u00e7ek bir belgesel heyecan\u0131 sunuyor.  \u00f6d\u00fcllendirildi. Ba\u015far\u0131lar\u0131 \u0130kinci D\u00fcnya Sava\u015f\u0131\u2019n\u0131n erken safhalar\u0131nda Fransa\u2019da h\u0131z kazanan, Kuzey Afrika\u2019da elde etti\u011fi zaferlerle kariyerinin doru\u011funa ula\u015fan ve sava\u015f\u0131n sonlar\u0131nda M\u00fcttefik \u00e7\u0131karmas\u0131na kar\u015f\u0131 Fransa savunmas\u0131n\u0131 organize etmek gibi hayati bir g\u00f6revin <\/p>\n","protected":false},"excerpt":{"rendered":"<p>OSPREY B\u00fcy\u00fck Komutanlar Serisi Ba\u015fl\u0131yor. Tarihin en b\u00fcy\u00fck komutanlar\u0131n\u0131n ya\u015fam \u00f6yk\u00fcleri, muharebe tecr\u00fcbeleri, uygulad\u0131klar\u0131 taktikler ve statejiler\u2026 1940\u2019ta ba\u015flayan Fransa Muharebesi\u2019nde birliklerini ola\u011fan\u00fcst\u00fc bir h\u0131zla komuta<span class=\"excerpt-hellip\"> [\u2026]<\/span><\/p>\n","protected":false},"featured_media":0,"template":"","meta":{"_monsterinsights_skip_tracking":false,"_monsterinsights_sitenote_active":false,"_monsterinsights_sitenote_note":"","_monsterinsights_sitenote_category":0},"product_brand":[],"product_cat":[13946,12304],"product_tag":[],"class_list":{"0":"post-728810","1":"product","2":"type-product","3":"status-publish","5":"product_cat-biyografi-otobiyografi","6":"product_cat-tarih","7":"pa_cilt-ciltsiz","8":"pa_tur-kitap","9":"pa_yayinevi-kronik-kitap","10":"pa_yazar-pier-p-battistelli","12":"first","13":"instock","14":"sale","15":"shipping-taxable","16":"purchasable","17":"product-type-simple"},"_links":{"self":[{"href":"https:\/\/roveyayinevi.com.tr\/index.php\/wp-json\/wp\/v2\/product\/728810","targetHints":{"allow":["GET"]}}],"collection":[{"href":"https:\/\/roveyayinevi.com.tr\/index.php\/wp-json\/wp\/v2\/product"}],"about":[{"href":"https:\/\/roveyayinevi.com.tr\/index.php\/wp-json\/wp\/v2\/types\/product"}],"wp:attachment":[{"href":"https:\/\/roveyayinevi.com.tr\/index.php\/wp-json\/wp\/v2\/media?parent=728810"}],"wp:term":[{"taxonomy":"product_brand","embeddable":true,"href":"https:\/\/roveyayinevi.com.tr\/index.php\/wp-json\/wp\/v2\/product_brand?post=728810"},{"taxonomy":"product_cat","embeddable":true,"href":"https:\/\/roveyayinevi.com.tr\/index.php\/wp-json\/wp\/v2\/product_cat?post=728810"},{"taxonomy":"product_tag","embeddable":true,"href":"https:\/\/roveyayinevi.com.tr\/index.php\/wp-json\/wp\/v2\/product_tag?post=728810"}],"curies":[{"name":"wp","href":"https:\/\/api.w.org\/{rel}","templated":true}]}}