{"id":728805,"date":"2025-08-27T20:45:20","date_gmt":"2025-08-27T17:45:20","guid":{"rendered":"https:\/\/roveyayinevi.com.tr\/index.php\/urun\/george-best-hayatimin-en-kotu-yirmi-dakikasi\/"},"modified":"2026-04-16T02:36:38","modified_gmt":"2026-04-15T23:36:38","slug":"george-best-hayatimin-en-kotu-yirmi-dakikasi","status":"publish","type":"product","link":"https:\/\/roveyayinevi.com.tr\/index.php\/urun\/george-best-hayatimin-en-kotu-yirmi-dakikasi\/","title":{"rendered":"George Best &#8211; Hayat\u0131m\u0131n En K\u00f6t\u00fc Yirmi Dakikas\u0131"},"content":{"rendered":"<p>\u201c1969\u2019da kad\u0131nlar\u0131 ve alkol\u00fc b\u0131rakt\u0131m. Hayat\u0131m\u0131n en k\u00f6t\u00fc yirmi dakikas\u0131yd\u0131.\u201dFutbolun hen\u00fcz bir end\u00fcstriye d\u00f6n\u00fc\u015fmedi\u011fi y\u0131llar\u2026Gen\u00e7 ya\u015f\u0131nda Manchester United gibi \u0130ngiltere ve d\u00fcnya futbolunun en b\u00fcy\u00fck kul\u00fcplerinden birine transfer olan George Best, ki\u015fili\u011fi, \u00f6zel hayat\u0131 ile s\u00fcrekli medyan\u0131n g\u00fcndeminde olan bir futbolcu. Kimi zaman g\u00f6klere \u00e7\u0131kar\u0131l\u0131yor, kimi zaman \u00f6l\u00fcm tehditleri al\u0131yor.Ama t\u00fcm bunlar\u0131n yan\u0131 s\u0131ra, bir yerde futbol konu\u015fuluyorsa, konu\u015fulanlardan biri mutlaka George Best olacakt\u0131r. Futbolcu kimli\u011fi kadar \u00f6zel hayat\u0131yla da s\u00fcrekli medyan\u0131n ilgi oda\u011f\u0131 olmu\u015f \u201crenkli\u201d bir futbolcu Best. Futbol d\u00fcnyas\u0131n\u0131n \u201czeki ama \u00e7al\u0131\u015fmayan\u201d \u00f6\u011frencisi.Belfast\u2019dan Manchester United\u2019\u0131n altyap\u0131s\u0131na gidi\u015fi, a tak\u0131m\u0131yla sahaya ilk \u00e7\u0131k\u0131\u015f\u0131\u2026Cantona, Beckham ve Ronaldo\u2019yla devam eden Manchester 7 Numara efsanesinin ilki say\u0131lan George Best\u2019in Belfast\u2019dan Old Trafford\u2019a uzanan efsanevi \u00f6yk\u00fcs\u00fc.Usta biyografi yazar\u0131 Duncan Hamilton\u2019\u0131n uzun ara\u015ft\u0131rmalar sonucu haz\u0131rlad\u0131\u011f\u0131 George Best: Hayat\u0131m\u0131n En K\u00f6t\u00fc Yirmi Dakikas\u0131 ilk kez T\u00fcrk\u00e7ede.<\/p>\n","protected":false},"excerpt":{"rendered":"<p>\u201c1969\u2019da kad\u0131nlar\u0131 ve alkol\u00fc b\u0131rakt\u0131m. Hayat\u0131m\u0131n en k\u00f6t\u00fc yirmi dakikas\u0131yd\u0131.\u201dFutbolun hen\u00fcz bir end\u00fcstriye d\u00f6n\u00fc\u015fmedi\u011fi y\u0131llar\u2026Gen\u00e7 ya\u015f\u0131nda Manchester United gibi \u0130ngiltere ve d\u00fcnya futbolunun en b\u00fcy\u00fck kul\u00fcplerinden<span class=\"excerpt-hellip\"> [\u2026]<\/span><\/p>\n","protected":false},"featured_media":0,"template":"","meta":{"_monsterinsights_skip_tracking":false,"_monsterinsights_sitenote_active":false,"_monsterinsights_sitenote_note":"","_monsterinsights_sitenote_category":0},"product_brand":[],"product_cat":[14009,12291],"product_tag":[],"class_list":{"0":"post-728805","1":"product","2":"type-product","3":"status-publish","5":"product_cat-biyografi-otobiyografi-edebiyat","6":"product_cat-edebiyat","7":"pa_cilt-ciltsiz","8":"pa_tur-kitap","9":"pa_yayinevi-inkilap-kitabevi","10":"pa_yazar-duncan-hamilton","12":"first","13":"instock","14":"sale","15":"shipping-taxable","16":"purchasable","17":"product-type-simple"},"_links":{"self":[{"href":"https:\/\/roveyayinevi.com.tr\/index.php\/wp-json\/wp\/v2\/product\/728805","targetHints":{"allow":["GET"]}}],"collection":[{"href":"https:\/\/roveyayinevi.com.tr\/index.php\/wp-json\/wp\/v2\/product"}],"about":[{"href":"https:\/\/roveyayinevi.com.tr\/index.php\/wp-json\/wp\/v2\/types\/product"}],"wp:attachment":[{"href":"https:\/\/roveyayinevi.com.tr\/index.php\/wp-json\/wp\/v2\/media?parent=728805"}],"wp:term":[{"taxonomy":"product_brand","embeddable":true,"href":"https:\/\/roveyayinevi.com.tr\/index.php\/wp-json\/wp\/v2\/product_brand?post=728805"},{"taxonomy":"product_cat","embeddable":true,"href":"https:\/\/roveyayinevi.com.tr\/index.php\/wp-json\/wp\/v2\/product_cat?post=728805"},{"taxonomy":"product_tag","embeddable":true,"href":"https:\/\/roveyayinevi.com.tr\/index.php\/wp-json\/wp\/v2\/product_tag?post=728805"}],"curies":[{"name":"wp","href":"https:\/\/api.w.org\/{rel}","templated":true}]}}