{"id":728794,"date":"2025-08-27T20:45:10","date_gmt":"2025-08-27T17:45:10","guid":{"rendered":"https:\/\/roveyayinevi.com.tr\/index.php\/urun\/nasrettin-hoca-oykuleri\/"},"modified":"2026-04-16T02:36:38","modified_gmt":"2026-04-15T23:36:38","slug":"nasrettin-hoca-oykuleri","status":"publish","type":"product","link":"https:\/\/roveyayinevi.com.tr\/index.php\/urun\/nasrettin-hoca-oykuleri\/","title":{"rendered":"Nasrettin Hoca \u00d6yk\u00fcleri"},"content":{"rendered":"<p>F\u0131kralar\u0131 bulabilmek i\u00e7in birka\u00e7 kitap kar\u0131\u015ft\u0131rd\u0131ktan sonra g\u00f6rd\u00fcm ki, \u00fcn\u00fc yabanc\u0131 \u00fclkelere kadar yay\u0131lm\u0131\u015f olan bu milli kahraman\u0131n hikayeleri daha hala T\u00fcrk\u00e7e olarak yaz\u0131lmam\u0131\u015f. G\u00fczel bir \u00fcsluptan ge\u00e7tim, okudu\u011fum kitaplarda, do\u011fru d\u00fcr\u00fcst bir T\u00fcrk\u00e7e bile yoktu. Bunun \u00fczerine de, bu f\u0131kralar\u0131 okunabilir bir dille yazman\u0131n, k\u00fc\u00e7\u00fcmsenemeyecek bir i\u015f oldu\u011funa inand\u0131m. Yazd\u0131\u011f\u0131m Nasrettin Hoca f\u0131kralar\u0131n\u0131n, bug\u00fcne kadar yaz\u0131lanlar\u0131n en iyisi oldu\u011funu s\u00f6ylersem pek de b\u00f6b\u00fcrlenmi\u015f say\u0131lmam. Hoca\u2019ya ait hikayelerin, y\u00fczy\u0131llard\u0131r, hi\u00e7 eskimeden ya\u015famas\u0131, onun bir halk kahraman\u0131 olmas\u0131ndan ileri geliyor. Hoca, ger\u00e7ekten, zaaflar\u0131, s\u0131k\u0131nt\u0131lar\u0131, kusurlar\u0131, korkular\u0131, k\u0131sacas\u0131 her \u015fey ile tam bir halk adam\u0131d\u0131r. Orhan Veli Kan\u0131k<\/p>\n","protected":false},"excerpt":{"rendered":"<p>F\u0131kralar\u0131 bulabilmek i\u00e7in birka\u00e7 kitap kar\u0131\u015ft\u0131rd\u0131ktan sonra g\u00f6rd\u00fcm ki, \u00fcn\u00fc yabanc\u0131 \u00fclkelere kadar yay\u0131lm\u0131\u015f olan bu milli kahraman\u0131n hikayeleri daha hala T\u00fcrk\u00e7e olarak yaz\u0131lmam\u0131\u015f. G\u00fczel bir<span class=\"excerpt-hellip\"> [\u2026]<\/span><\/p>\n","protected":false},"featured_media":0,"template":"","meta":{"_monsterinsights_skip_tracking":false,"_monsterinsights_sitenote_active":false,"_monsterinsights_sitenote_note":"","_monsterinsights_sitenote_category":0},"product_brand":[],"product_cat":[12275,12274],"product_tag":[],"class_list":{"0":"post-728794","1":"product","2":"type-product","3":"status-publish","5":"product_cat-6-12-yas-kitaplari","6":"product_cat-cocuk-ve-genclik-kitaplari","7":"pa_cilt-ciltsiz","8":"pa_tur-kitap","9":"pa_yayinevi-cumhuriyet-kitaplari","10":"pa_yazar-orhan-veli-kanik","12":"first","13":"instock","14":"sale","15":"shipping-taxable","16":"purchasable","17":"product-type-simple"},"_links":{"self":[{"href":"https:\/\/roveyayinevi.com.tr\/index.php\/wp-json\/wp\/v2\/product\/728794","targetHints":{"allow":["GET"]}}],"collection":[{"href":"https:\/\/roveyayinevi.com.tr\/index.php\/wp-json\/wp\/v2\/product"}],"about":[{"href":"https:\/\/roveyayinevi.com.tr\/index.php\/wp-json\/wp\/v2\/types\/product"}],"wp:attachment":[{"href":"https:\/\/roveyayinevi.com.tr\/index.php\/wp-json\/wp\/v2\/media?parent=728794"}],"wp:term":[{"taxonomy":"product_brand","embeddable":true,"href":"https:\/\/roveyayinevi.com.tr\/index.php\/wp-json\/wp\/v2\/product_brand?post=728794"},{"taxonomy":"product_cat","embeddable":true,"href":"https:\/\/roveyayinevi.com.tr\/index.php\/wp-json\/wp\/v2\/product_cat?post=728794"},{"taxonomy":"product_tag","embeddable":true,"href":"https:\/\/roveyayinevi.com.tr\/index.php\/wp-json\/wp\/v2\/product_tag?post=728794"}],"curies":[{"name":"wp","href":"https:\/\/api.w.org\/{rel}","templated":true}]}}