{"id":728785,"date":"2025-08-27T20:45:02","date_gmt":"2025-08-27T17:45:02","guid":{"rendered":"https:\/\/roveyayinevi.com.tr\/index.php\/urun\/ardina-bakma\/"},"modified":"2026-04-16T02:36:37","modified_gmt":"2026-04-15T23:36:37","slug":"ardina-bakma","status":"publish","type":"product","link":"https:\/\/roveyayinevi.com.tr\/index.php\/urun\/ardina-bakma\/","title":{"rendered":"Ard\u0131na Bakma"},"content":{"rendered":"<p>&#8211; Will Eisner \u00c7izgi Roman \u00d6d\u00fcl\u00fc, 2018 &#8211; Ard\u0131na Bakma, Brezilya\u2019daki k\u00f6leli\u011fin gizli tarihine sanatsal ve edebi a\u00e7\u0131dan \u0131\u015f\u0131k tutan ilk eserlerden biri. Tarihin \u00fczerinden g\u00fc\u00e7l\u00fc \u00e7izimlerle ge\u00e7erek, k\u00f6leli\u011fe dair t\u00fcyler \u00fcrperten hik\u00e2yeleri \u015fiirsel bir \u015fekilde canland\u0131ran bu eser, d\u00fcnya genelinde bolca \u00f6vg\u00fc ald\u0131. Bu dokunakl\u0131 hik\u00e2yeler, tarihin en karanl\u0131k k\u00f6\u015felerinden birinin trajik ve insan\u0131n i\u00e7ine i\u015fleyen bir portresini sunuyor. Marcelo d\u2019Salete\u2019in yaz\u0131p \u00e7izdi\u011fi bu ba\u015f d\u00f6nd\u00fcr\u00fcc\u00fc \u00e7izgiroman, insanl\u0131\u011f\u0131ndan vazge\u00e7meyi reddeden cesur kad\u0131nlar\u0131n ve erkeklerin miras\u0131n\u0131 ta\u015f\u0131yor. Yo\u011fun \u00e7izimleri ve yal\u0131n kelime kullan\u0131m\u0131yla okuyucuyu yava\u015flatarak g\u00f6rsel deneyim ya\u015fat\u0131yor ve derinlere dokunuyor. <\/p>\n","protected":false},"excerpt":{"rendered":"<p>&#8211; Will Eisner \u00c7izgi Roman \u00d6d\u00fcl\u00fc, 2018 &#8211; Ard\u0131na Bakma, Brezilya\u2019daki k\u00f6leli\u011fin gizli tarihine sanatsal ve edebi a\u00e7\u0131dan \u0131\u015f\u0131k tutan ilk eserlerden biri. Tarihin \u00fczerinden g\u00fc\u00e7l\u00fc<span class=\"excerpt-hellip\"> [\u2026]<\/span><\/p>\n","protected":false},"featured_media":0,"template":"","meta":{"_monsterinsights_skip_tracking":false,"_monsterinsights_sitenote_active":false,"_monsterinsights_sitenote_note":"","_monsterinsights_sitenote_category":0},"product_brand":[],"product_cat":[12416,12291],"product_tag":[],"class_list":{"0":"post-728785","1":"product","2":"type-product","3":"status-publish","5":"product_cat-cizgi-roman","6":"product_cat-edebiyat","7":"pa_cilt-ciltsiz","8":"pa_tur-kitap","9":"pa_yayinevi-kara-karga-yayinlari","10":"pa_yazar-marcelo-d-salete","12":"first","13":"instock","14":"sale","15":"shipping-taxable","16":"purchasable","17":"product-type-simple"},"_links":{"self":[{"href":"https:\/\/roveyayinevi.com.tr\/index.php\/wp-json\/wp\/v2\/product\/728785","targetHints":{"allow":["GET"]}}],"collection":[{"href":"https:\/\/roveyayinevi.com.tr\/index.php\/wp-json\/wp\/v2\/product"}],"about":[{"href":"https:\/\/roveyayinevi.com.tr\/index.php\/wp-json\/wp\/v2\/types\/product"}],"wp:attachment":[{"href":"https:\/\/roveyayinevi.com.tr\/index.php\/wp-json\/wp\/v2\/media?parent=728785"}],"wp:term":[{"taxonomy":"product_brand","embeddable":true,"href":"https:\/\/roveyayinevi.com.tr\/index.php\/wp-json\/wp\/v2\/product_brand?post=728785"},{"taxonomy":"product_cat","embeddable":true,"href":"https:\/\/roveyayinevi.com.tr\/index.php\/wp-json\/wp\/v2\/product_cat?post=728785"},{"taxonomy":"product_tag","embeddable":true,"href":"https:\/\/roveyayinevi.com.tr\/index.php\/wp-json\/wp\/v2\/product_tag?post=728785"}],"curies":[{"name":"wp","href":"https:\/\/api.w.org\/{rel}","templated":true}]}}