{"id":728783,"date":"2025-08-27T20:45:00","date_gmt":"2025-08-27T17:45:00","guid":{"rendered":"https:\/\/roveyayinevi.com.tr\/index.php\/urun\/uzaklar\/"},"modified":"2026-04-16T02:36:37","modified_gmt":"2026-04-15T23:36:37","slug":"uzaklar","status":"publish","type":"product","link":"https:\/\/roveyayinevi.com.tr\/index.php\/urun\/uzaklar\/","title":{"rendered":"Uzaklar"},"content":{"rendered":"<p>Engin denizlere sevdal\u0131 minik bir kay\u0131\u011f\u0131n cesaret \u00f6yk\u00fcs\u00fc!Uzaklar, mini minnac\u0131k bir kay\u0131k ama hayalleri boyundan b\u00fcy\u00fck&#8230; \u0130stanbul\u2019da, Kalam\u0131\u015f Koyu\u2019na d\u00f6k\u00fclen Kurba\u011fal\u0131dere\u2019de pinekleyip dursa da akl\u0131 fikri engin maviliklerde, a\u00e7\u0131k denizlerde. Uzaklar, g\u00fcn\u00fcn birinde hayalini kurdu\u011fu a\u00e7\u0131k denizlere kavu\u015fma f\u0131rsat\u0131n\u0131 yakal\u0131yor. Peki, ya sonra? \u0130\u00e7inden dev dalgalar, sert r\u00fczg\u00e2rlar, Sait Faik, N\u00e2z\u0131m Hikmet ve Haritac\u0131 Mart\u0131 ge\u00e7en macera, i\u015fte o zaman ba\u015fl\u0131yor.\u00c7a\u011fda\u015f \u00e7ocuk edebiyat\u0131n\u0131n \u00f6zg\u00fcn kalemi Arslan Sayman, minicik bir kay\u0131\u011f\u0131n a\u00e7\u0131k denizdeki yolculu\u011funu, \u00f6zg\u00fcrl\u00fck aray\u0131\u015f\u0131n\u0131 heyecanl\u0131 ve s\u00fcr\u00fckleyici bir ser\u00fcvene d\u00f6n\u00fc\u015ft\u00fcr\u00fcyor.<\/p>\n","protected":false},"excerpt":{"rendered":"<p>Engin denizlere sevdal\u0131 minik bir kay\u0131\u011f\u0131n cesaret \u00f6yk\u00fcs\u00fc!Uzaklar, mini minnac\u0131k bir kay\u0131k ama hayalleri boyundan b\u00fcy\u00fck&#8230; \u0130stanbul\u2019da, Kalam\u0131\u015f Koyu\u2019na d\u00f6k\u00fclen Kurba\u011fal\u0131dere\u2019de pinekleyip dursa da akl\u0131 fikri<span class=\"excerpt-hellip\"> [\u2026]<\/span><\/p>\n","protected":false},"featured_media":0,"template":"","meta":{"_monsterinsights_skip_tracking":false,"_monsterinsights_sitenote_active":false,"_monsterinsights_sitenote_note":"","_monsterinsights_sitenote_category":0},"product_brand":[],"product_cat":[12275,12274],"product_tag":[],"class_list":{"0":"post-728783","1":"product","2":"type-product","3":"status-publish","5":"product_cat-6-12-yas-kitaplari","6":"product_cat-cocuk-ve-genclik-kitaplari","7":"pa_cilt-ciltsiz","8":"pa_tur-kitap","9":"pa_yayinevi-kirmizi-kedi-yayinevi","10":"pa_yazar-arslan-sayman","12":"first","13":"instock","14":"sale","15":"shipping-taxable","16":"purchasable","17":"product-type-simple"},"_links":{"self":[{"href":"https:\/\/roveyayinevi.com.tr\/index.php\/wp-json\/wp\/v2\/product\/728783","targetHints":{"allow":["GET"]}}],"collection":[{"href":"https:\/\/roveyayinevi.com.tr\/index.php\/wp-json\/wp\/v2\/product"}],"about":[{"href":"https:\/\/roveyayinevi.com.tr\/index.php\/wp-json\/wp\/v2\/types\/product"}],"wp:attachment":[{"href":"https:\/\/roveyayinevi.com.tr\/index.php\/wp-json\/wp\/v2\/media?parent=728783"}],"wp:term":[{"taxonomy":"product_brand","embeddable":true,"href":"https:\/\/roveyayinevi.com.tr\/index.php\/wp-json\/wp\/v2\/product_brand?post=728783"},{"taxonomy":"product_cat","embeddable":true,"href":"https:\/\/roveyayinevi.com.tr\/index.php\/wp-json\/wp\/v2\/product_cat?post=728783"},{"taxonomy":"product_tag","embeddable":true,"href":"https:\/\/roveyayinevi.com.tr\/index.php\/wp-json\/wp\/v2\/product_tag?post=728783"}],"curies":[{"name":"wp","href":"https:\/\/api.w.org\/{rel}","templated":true}]}}