{"id":728760,"date":"2025-08-27T20:44:37","date_gmt":"2025-08-27T17:44:37","guid":{"rendered":"https:\/\/roveyayinevi.com.tr\/index.php\/urun\/bencil-maymun-insan-dogasi-ve-yokolusa-giden-yolumuz\/"},"modified":"2026-04-16T02:36:37","modified_gmt":"2026-04-15T23:36:37","slug":"bencil-maymun-insan-dogasi-ve-yokolusa-giden-yolumuz","status":"publish","type":"product","link":"https:\/\/roveyayinevi.com.tr\/index.php\/urun\/bencil-maymun-insan-dogasi-ve-yokolusa-giden-yolumuz\/","title":{"rendered":"Bencil Maymun &#8211; \u0130nsan Do\u011fas\u0131 ve Yokolu\u015fa Giden Yolumuz"},"content":{"rendered":"<p>Orta ya\u015flar\u0131nda orta boy bir y\u0131ld\u0131z\u0131n y\u00f6r\u00fcngesine kap\u0131lm\u0131\u015f gezegenlerin \u00fc\u00e7\u00fcnc\u00fcs\u00fcnde 3,3 milyar y\u0131l \u00f6nce filizlendik. Bin as\u0131r \u00f6nce Rift Vadisi\u2019ni terk edip d\u00fcnyaya a\u00e7\u0131ld\u0131k. Beslenme konusundaki esnekli\u011fimiz, 16 milyar sinir h\u00fccresine ev sahipli\u011fi yapan g\u00f6rkemli neokorteksimiz ve do\u011fay\u0131 d\u00f6n\u00fc\u015ft\u00fcrme konusundaki kabar\u0131k sicilimiz bizi memeliler aras\u0131nda \u00f6zel bir yere ta\u015f\u0131d\u0131. 100.000 y\u0131ld\u0131r etrafta kas\u0131la kas\u0131la y\u00fcr\u00fcyor, 18. y\u00fczy\u0131ldan beri kendimize bilge s\u0131fat\u0131n\u0131 yak\u0131\u015ft\u0131r\u0131yoruz. Bizler Homo sapiens\u2019iz. Nicholas P. Money, modern insana seslendi\u011fi manifestosunda bu tabloyu ba\u015fa\u015fa\u011f\u0131 ediyor. Bat\u0131 bilimi \u00f6l\u00fcmc\u00fcl bir hataya d\u00f6n\u00fc\u015ft\u00fck\u00e7e do\u011fa diki\u015f yerlerinden s\u00f6k\u00fcl\u00fcyor. G\u00f6rkemin yerini g\u00f6steri\u015f ald\u0131k\u00e7a, Homo sapiens yerini Homo narcissus\u2019a terk ediyor. Ben hissini veren \u015feyin \u201cbiz\u201d oldu\u011fu unutulduk\u00e7a Bencil Maymun kurtulu\u015f umudunu yitiriyor. Bu karamsar hik\u00e2yenin \u0131\u015f\u0131klar\u0131n\u0131 s\u00f6nd\u00fcrmeden \u00f6nce insanl\u0131\u011f\u0131n berbat etti\u011fi \u015feye d\u00fcr\u00fcst\u00e7e bakmaya ve hatas\u0131n\u0131 kabullenmeye cesaret edenler i\u00e7in bir umut zerresi, bir ipucu da b\u0131rak\u0131yor Money: Zarafet. Ancak ve ancak do\u011fan\u0131n geri kalan\u0131na kar\u015f\u0131 g\u00f6sterece\u011fimiz nezaketle gelecek. Nicholas P. Money, Miami \u00dcniversitesi, Biyoloji B\u00f6l\u00fcm\u00fc\u2019nde \u00f6\u011fretim \u00fcyesidir.<\/p>\n","protected":false},"excerpt":{"rendered":"<p>Orta ya\u015flar\u0131nda orta boy bir y\u0131ld\u0131z\u0131n y\u00f6r\u00fcngesine kap\u0131lm\u0131\u015f gezegenlerin \u00fc\u00e7\u00fcnc\u00fcs\u00fcnde 3,3 milyar y\u0131l \u00f6nce filizlendik. Bin as\u0131r \u00f6nce Rift Vadisi\u2019ni terk edip d\u00fcnyaya a\u00e7\u0131ld\u0131k. Beslenme konusundaki<span class=\"excerpt-hellip\"> [\u2026]<\/span><\/p>\n","protected":false},"featured_media":0,"template":"","meta":{"_monsterinsights_skip_tracking":false,"_monsterinsights_sitenote_active":false,"_monsterinsights_sitenote_note":"","_monsterinsights_sitenote_category":0},"product_brand":[],"product_cat":[15499,13488],"product_tag":[],"class_list":{"0":"post-728760","1":"product","2":"type-product","3":"status-publish","5":"product_cat-antropoloji","6":"product_cat-toplum-ve-insan","7":"pa_cilt-ciltsiz","8":"pa_tur-kitap","9":"pa_yayinevi-koc-universitesi-yayinlari","10":"pa_yazar-nicholas-p-money","12":"first","13":"instock","14":"sale","15":"shipping-taxable","16":"purchasable","17":"product-type-simple"},"_links":{"self":[{"href":"https:\/\/roveyayinevi.com.tr\/index.php\/wp-json\/wp\/v2\/product\/728760","targetHints":{"allow":["GET"]}}],"collection":[{"href":"https:\/\/roveyayinevi.com.tr\/index.php\/wp-json\/wp\/v2\/product"}],"about":[{"href":"https:\/\/roveyayinevi.com.tr\/index.php\/wp-json\/wp\/v2\/types\/product"}],"wp:attachment":[{"href":"https:\/\/roveyayinevi.com.tr\/index.php\/wp-json\/wp\/v2\/media?parent=728760"}],"wp:term":[{"taxonomy":"product_brand","embeddable":true,"href":"https:\/\/roveyayinevi.com.tr\/index.php\/wp-json\/wp\/v2\/product_brand?post=728760"},{"taxonomy":"product_cat","embeddable":true,"href":"https:\/\/roveyayinevi.com.tr\/index.php\/wp-json\/wp\/v2\/product_cat?post=728760"},{"taxonomy":"product_tag","embeddable":true,"href":"https:\/\/roveyayinevi.com.tr\/index.php\/wp-json\/wp\/v2\/product_tag?post=728760"}],"curies":[{"name":"wp","href":"https:\/\/api.w.org\/{rel}","templated":true}]}}