{"id":728754,"date":"2025-08-27T20:44:32","date_gmt":"2025-08-27T17:44:32","guid":{"rendered":"https:\/\/roveyayinevi.com.tr\/index.php\/urun\/derdin-devasi-tabiat\/"},"modified":"2026-04-16T02:36:37","modified_gmt":"2026-04-15T23:36:37","slug":"derdin-devasi-tabiat","status":"publish","type":"product","link":"https:\/\/roveyayinevi.com.tr\/index.php\/urun\/derdin-devasi-tabiat\/","title":{"rendered":"Derdin Devas\u0131 Tabiat"},"content":{"rendered":"<p>T\u00fcrk k\u00f6kenli halklar, tabiat\u0131 iyi tan\u0131malar\u0131ndan ve yaylak k\u0131\u015flak d\u00fczenli olduklar\u0131ndan dolay\u0131, modern t\u0131p kadar, hatta baz\u0131 h\u00e2llerde ondan daha \u00e7ok, halk hekimli\u011fine ba\u015fvurmaktad\u0131rlar. \u0130ki y\u00fcz milyonu a\u015fk\u0131n T\u00fcrk d\u00fcnyas\u0131nda, bilgelik ile bi\u00e7imlenen halk hekimli\u011finin ya\u015fayan uygulamalar\u0131, nadiren kitaba d\u00f6n\u00fc\u015ft\u00fcr\u00fclm\u00fc\u015f, eski yazma eserlerin pek az\u0131 g\u00fcn\u00fcm\u00fcze ula\u015fm\u0131\u015ft\u0131r. Dr. Anarhan Nadirova, insan beynindeki bas\u0131nc\u0131n, beklentilerimizin, planlar\u0131m\u0131z\u0131n gecikmesi veya olmamas\u0131 oran\u0131nda bize zarar verip s\u0131k s\u0131k dengemizi bozdu\u011funu s\u00f6yler. Ona g\u00f6re: \u0130nsan beyni, h\u0131rslar\u0131 ve hasetleri oran\u0131nda, sahibini mutsuzla\u015ft\u0131r\u0131yor, \u00e7aresizlikler oran\u0131nda g\u00f6revini aksatabiliyor. E\u015flerimiz, \u00e7ocuklar\u0131m\u0131z ve i\u015flerimiz bizim y\u00fcre\u011fimizde ve kafatas\u0131m\u0131z\u0131n i\u00e7inde bas\u0131n\u00e7 farklar\u0131na, tansiyon oynamalar\u0131na sebep oluyor. Dr. Anarhan Nadirova edindi\u011fi bilgileri \u00f6nce Moskova\u2019da Rus\u00e7a olarak, \u00e7al\u0131\u015ft\u0131\u011f\u0131 \u00e7evreye ta\u015f\u0131m\u0131\u015f ve b\u00fcy\u00fck ilgi g\u00f6rm\u00fc\u015f. 1988 y\u0131l\u0131 sonunda K\u0131rg\u0131zistan\u2019a gelip k\u0131sa bir s\u00fcre \u00e7al\u0131\u015fm\u0131\u015f ise de 1990\u2019da kesin olarak \u00fclkesine yerle\u015fmi\u015ftir. \u00d6\u011frendi\u011fi bilgilere K\u0131rg\u0131z halk t\u0131bb\u0131na ait bilgi ve uygulamalar\u0131 da ekleyip \u00f6zel bir \u00fcn ve ba\u015far\u0131 merkezine d\u00f6n\u00fc\u015fm\u00fc\u015ft\u00fcr. Onun sa\u011fl\u0131k i\u00e7in as\u0131l \u00f6nemli sayd\u0131\u011f\u0131 ve benzer \u00e7al\u0131\u015fanlardan farkl\u0131l\u0131k g\u00f6sterdi\u011fi yan\u0131, \u201cba\u011f\u0131\u015f\u0131kl\u0131k\u201d sisteminin ve salg\u0131 bezlerinin dengeli \u00e7al\u0131\u015fmas\u0131na y\u00f6nelik dikkati ve uygulamalar\u0131d\u0131r. Bat\u0131 t\u0131bb\u0131 ile Asya t\u0131bb\u0131n\u0131n yak\u0131nla\u015ft\u0131rmas\u0131 a\u00e7\u0131s\u0131ndan da farmakolojik dikkatleri bak\u0131m\u0131ndan da Dr. Anarhan Nadirova bu alan\u0131n ger\u00e7ek bir duayenidir. Sad\u0131k K. Tural <\/p>\n","protected":false},"excerpt":{"rendered":"<p>T\u00fcrk k\u00f6kenli halklar, tabiat\u0131 iyi tan\u0131malar\u0131ndan ve yaylak k\u0131\u015flak d\u00fczenli olduklar\u0131ndan dolay\u0131, modern t\u0131p kadar, hatta baz\u0131 h\u00e2llerde ondan daha \u00e7ok, halk hekimli\u011fine ba\u015fvurmaktad\u0131rlar. \u0130ki y\u00fcz<span class=\"excerpt-hellip\"> [\u2026]<\/span><\/p>\n","protected":false},"featured_media":0,"template":"","meta":{"_monsterinsights_skip_tracking":false,"_monsterinsights_sitenote_active":false,"_monsterinsights_sitenote_note":"","_monsterinsights_sitenote_category":0},"product_brand":[],"product_cat":[13397,13365],"product_tag":[],"class_list":{"0":"post-728754","1":"product","2":"type-product","3":"status-publish","5":"product_cat-alternatif-tip-sifali-bitkiler","6":"product_cat-saglik","7":"pa_cilt-ciltsiz","8":"pa_tur-kitap","9":"pa_yayinevi-la-kitap-yayinlari","10":"pa_yazar-anarhan-nadirova","12":"first","13":"instock","14":"sale","15":"shipping-taxable","16":"purchasable","17":"product-type-simple"},"_links":{"self":[{"href":"https:\/\/roveyayinevi.com.tr\/index.php\/wp-json\/wp\/v2\/product\/728754","targetHints":{"allow":["GET"]}}],"collection":[{"href":"https:\/\/roveyayinevi.com.tr\/index.php\/wp-json\/wp\/v2\/product"}],"about":[{"href":"https:\/\/roveyayinevi.com.tr\/index.php\/wp-json\/wp\/v2\/types\/product"}],"wp:attachment":[{"href":"https:\/\/roveyayinevi.com.tr\/index.php\/wp-json\/wp\/v2\/media?parent=728754"}],"wp:term":[{"taxonomy":"product_brand","embeddable":true,"href":"https:\/\/roveyayinevi.com.tr\/index.php\/wp-json\/wp\/v2\/product_brand?post=728754"},{"taxonomy":"product_cat","embeddable":true,"href":"https:\/\/roveyayinevi.com.tr\/index.php\/wp-json\/wp\/v2\/product_cat?post=728754"},{"taxonomy":"product_tag","embeddable":true,"href":"https:\/\/roveyayinevi.com.tr\/index.php\/wp-json\/wp\/v2\/product_tag?post=728754"}],"curies":[{"name":"wp","href":"https:\/\/api.w.org\/{rel}","templated":true}]}}