{"id":728733,"date":"2025-08-27T20:44:13","date_gmt":"2025-08-27T17:44:13","guid":{"rendered":"https:\/\/roveyayinevi.com.tr\/index.php\/urun\/ahmet-rasim-kitapligi-1-ilk-sevgi\/"},"modified":"2026-04-16T02:36:36","modified_gmt":"2026-04-15T23:36:36","slug":"ahmet-rasim-kitapligi-1-ilk-sevgi","status":"publish","type":"product","link":"https:\/\/roveyayinevi.com.tr\/index.php\/urun\/ahmet-rasim-kitapligi-1-ilk-sevgi\/","title":{"rendered":"Ahmet Rasim Kitapl\u0131\u011f\u0131 1 &#8211; \u0130lk Sevgi"},"content":{"rendered":"<p>Tarih, co\u011frafya, gezi, gramer gibi farkl\u0131 alanlarda kendine \u00f6zg\u00fc tarzda kaleme ald\u0131\u011f\u0131 100\u2019\u00fcn \u00fczerindeki eseriyle geni\u015f bir okur kitlesi taraf\u0131ndan bilinen Ahmet Rasim, as\u0131l \u015f\u00f6hretini deneme ve f\u0131kra yaz\u0131lar\u0131yla ve hat\u0131ralar\u0131n\u0131 kaleme alarak g\u00f6stermi\u015ftir. Ayn\u0131 zamanda \u0130stanbul\u2019un k\u00fclt\u00fcrel hayat\u0131n\u0131 yaz\u0131lar\u0131nda i\u015flemesi, bilhassa \u00f6rf ve \u00e2detleri e\u011flenceli bir sohbet havas\u0131nda aksettirmesi onun iz b\u0131rakan \u00f6zelliklerindendir. Bir yazar\u0131 tam olarak anlayabilmek i\u00e7in o yazar\u0131n kaleme ald\u0131\u011f\u0131 b\u00fct\u00fcn yaz\u0131lar\u0131 okumak gerekir. Vak\u0131fBank K\u00fclt\u00fcr Yay\u0131nlar\u0131 olarak, Sakarya \u00dcniversitesi \u00d6\u011fretim \u00dcyesi Y\u0131lmaz Da\u015fc\u0131o\u011flu ve \u00e7al\u0131\u015fma arkada\u015flar\u0131n\u0131n haz\u0131rlad\u0131\u011f\u0131 Ahmet Rasim\u2019in t\u00fcm eserlerini basmak suretiyle akademik ciddiyeti koruyarak yay\u0131nc\u0131l\u0131\u011f\u0131n kendine \u00f6zg\u00fc bir \u00f6rne\u011fini sergilemek istedik. K\u00fclliyat\u0131n elinizdeki birinci kitab\u0131, yazar\u0131n ilk d\u00f6nem eserlerinden \u0130lk Sevgi, Meyl-i Dil, N\u00e2k\u00e2m, Asker O\u011flu ve Belki Ben Aldan\u0131yorum adl\u0131 k\u0131sa romanlar\u0131 ile ba\u015fl\u0131yor.<\/p>\n","protected":false},"excerpt":{"rendered":"<p>Tarih, co\u011frafya, gezi, gramer gibi farkl\u0131 alanlarda kendine \u00f6zg\u00fc tarzda kaleme ald\u0131\u011f\u0131 100\u2019\u00fcn \u00fczerindeki eseriyle geni\u015f bir okur kitlesi taraf\u0131ndan bilinen Ahmet Rasim, as\u0131l \u015f\u00f6hretini deneme<span class=\"excerpt-hellip\"> [\u2026]<\/span><\/p>\n","protected":false},"featured_media":0,"template":"","meta":{"_monsterinsights_skip_tracking":false,"_monsterinsights_sitenote_active":false,"_monsterinsights_sitenote_note":"","_monsterinsights_sitenote_category":0},"product_brand":[],"product_cat":[13072,12291],"product_tag":[],"class_list":{"0":"post-728733","1":"product","2":"type-product","3":"status-publish","5":"product_cat-arastirma-inceleme-referans","6":"product_cat-edebiyat","7":"pa_cilt-ciltsiz","8":"pa_tur-kitap","9":"pa_yayinevi-vakifbank-kultur-yayinlari","10":"pa_yazar-yilmaz-dascioglu","12":"first","13":"instock","14":"sale","15":"shipping-taxable","16":"purchasable","17":"product-type-simple"},"_links":{"self":[{"href":"https:\/\/roveyayinevi.com.tr\/index.php\/wp-json\/wp\/v2\/product\/728733","targetHints":{"allow":["GET"]}}],"collection":[{"href":"https:\/\/roveyayinevi.com.tr\/index.php\/wp-json\/wp\/v2\/product"}],"about":[{"href":"https:\/\/roveyayinevi.com.tr\/index.php\/wp-json\/wp\/v2\/types\/product"}],"wp:attachment":[{"href":"https:\/\/roveyayinevi.com.tr\/index.php\/wp-json\/wp\/v2\/media?parent=728733"}],"wp:term":[{"taxonomy":"product_brand","embeddable":true,"href":"https:\/\/roveyayinevi.com.tr\/index.php\/wp-json\/wp\/v2\/product_brand?post=728733"},{"taxonomy":"product_cat","embeddable":true,"href":"https:\/\/roveyayinevi.com.tr\/index.php\/wp-json\/wp\/v2\/product_cat?post=728733"},{"taxonomy":"product_tag","embeddable":true,"href":"https:\/\/roveyayinevi.com.tr\/index.php\/wp-json\/wp\/v2\/product_tag?post=728733"}],"curies":[{"name":"wp","href":"https:\/\/api.w.org\/{rel}","templated":true}]}}