{"id":728726,"date":"2025-08-27T20:44:07","date_gmt":"2025-08-27T17:44:07","guid":{"rendered":"https:\/\/roveyayinevi.com.tr\/index.php\/urun\/harika-secenekler-uretmek\/"},"modified":"2026-04-16T02:36:36","modified_gmt":"2026-04-15T23:36:36","slug":"harika-secenekler-uretmek","status":"publish","type":"product","link":"https:\/\/roveyayinevi.com.tr\/index.php\/urun\/harika-secenekler-uretmek\/","title":{"rendered":"Harika Se\u00e7enekler \u00dcretmek"},"content":{"rendered":"<p>Harika Se\u00e7enekler \u00dcretmek karar verme konumundaki ki\u015filere ne d\u00fc\u015f\u00fcnece\u011fini de\u011fil, nas\u0131l d\u00fc\u015f\u00fcnece\u011fini \u00f6\u011freten nadir i\u015f kitaplar\u0131ndan biri. Bence s\u00fcper ve tamamen \u00f6zg\u00fcn bir kitap.\u201dMalcolm Gladwell, The NewYorker\u201cHarika Se\u00e7enekler \u00dcretmek zorluklar\u0131n \u00fcstesinden gelebilmeniz ve ili\u015fkilerinizi y\u00f6netmeniz i\u00e7in sundu\u011fu somut, pratik tavsiyeler ve yard\u0131mc\u0131 ara\u00e7larla, bunun ger\u00e7ekle\u015fmesine sahiden yard\u0131mc\u0131 olabilecek bir kitap. Yaln\u0131z d\u00fc\u015f\u00fcnme tarz\u0131n\u0131z\u0131 de\u011fil, davran\u0131\u015f tarz\u0131n\u0131z\u0131 da de\u011fi\u015ftirecek olan bu kitab\u0131 mutlaka okumak gerekti\u011fine inan\u0131yorum.\u201dArianna Huffington, Thrive Global\u2019\u0131n CEO\u2019su, Huffington Post\u2019un kurucusu.&#8221;B\u00fct\u00fcnleyici d\u00fc\u015f\u00fcnce g\u00fc\u00e7l\u00fc bir yakla\u015f\u0131m. \u00c7e\u015fitli sesleri bir arada g\u00fc\u00e7lendirmek ve i\u015fbirli\u011fi i\u00e7inde daha iyi se\u00e7enekler \u00fcretmek konusunda somut bir yol \u00f6neriyor. Harika Se\u00e7enekler \u00dcretmek, liderlerin en \u00e7etin sorunlar\u0131ndan baz\u0131lar\u0131n\u0131 \u00e7\u00f6zmelerine yard\u0131m edebilecek farkl\u0131 d\u00fc\u015f\u00fcnmeye y\u00f6nelik \u00e7ok temel bir kaynak.&#8221;David Taylor, Procter &amp; Gamble\u2019\u0131n y\u00f6netim kurulu ba\u015fkan\u0131 ve CEO\u2019su<\/p>\n","protected":false},"excerpt":{"rendered":"<p>Harika Se\u00e7enekler \u00dcretmek karar verme konumundaki ki\u015filere ne d\u00fc\u015f\u00fcnece\u011fini de\u011fil, nas\u0131l d\u00fc\u015f\u00fcnece\u011fini \u00f6\u011freten nadir i\u015f kitaplar\u0131ndan biri. Bence s\u00fcper ve tamamen \u00f6zg\u00fcn bir kitap.\u201dMalcolm Gladwell, The<span class=\"excerpt-hellip\"> [\u2026]<\/span><\/p>\n","protected":false},"featured_media":0,"template":"","meta":{"_monsterinsights_skip_tracking":false,"_monsterinsights_sitenote_active":false,"_monsterinsights_sitenote_note":"","_monsterinsights_sitenote_category":0},"product_brand":[],"product_cat":[13043,19008],"product_tag":[],"class_list":{"0":"post-728726","1":"product","2":"type-product","3":"status-publish","5":"product_cat-ekonomi","6":"product_cat-yonetim","7":"pa_cilt-ciltsiz","8":"pa_tur-kitap","9":"pa_yayinevi-is-bankasi-kultur-yayinlari","10":"pa_yazar-jennifer-riel-roger-l-martin","12":"first","13":"instock","14":"sale","15":"shipping-taxable","16":"purchasable","17":"product-type-simple"},"_links":{"self":[{"href":"https:\/\/roveyayinevi.com.tr\/index.php\/wp-json\/wp\/v2\/product\/728726","targetHints":{"allow":["GET"]}}],"collection":[{"href":"https:\/\/roveyayinevi.com.tr\/index.php\/wp-json\/wp\/v2\/product"}],"about":[{"href":"https:\/\/roveyayinevi.com.tr\/index.php\/wp-json\/wp\/v2\/types\/product"}],"wp:attachment":[{"href":"https:\/\/roveyayinevi.com.tr\/index.php\/wp-json\/wp\/v2\/media?parent=728726"}],"wp:term":[{"taxonomy":"product_brand","embeddable":true,"href":"https:\/\/roveyayinevi.com.tr\/index.php\/wp-json\/wp\/v2\/product_brand?post=728726"},{"taxonomy":"product_cat","embeddable":true,"href":"https:\/\/roveyayinevi.com.tr\/index.php\/wp-json\/wp\/v2\/product_cat?post=728726"},{"taxonomy":"product_tag","embeddable":true,"href":"https:\/\/roveyayinevi.com.tr\/index.php\/wp-json\/wp\/v2\/product_tag?post=728726"}],"curies":[{"name":"wp","href":"https:\/\/api.w.org\/{rel}","templated":true}]}}