{"id":728709,"date":"2025-08-27T20:43:52","date_gmt":"2025-08-27T17:43:52","guid":{"rendered":"https:\/\/roveyayinevi.com.tr\/index.php\/urun\/hasan-ali-yucel\/"},"modified":"2026-04-16T02:36:35","modified_gmt":"2026-04-15T23:36:35","slug":"hasan-ali-yucel","status":"publish","type":"product","link":"https:\/\/roveyayinevi.com.tr\/index.php\/urun\/hasan-ali-yucel\/","title":{"rendered":"Hasan Ali Y\u00fccel"},"content":{"rendered":"<p>Cumhuriyet tarihinin en uzun s\u00fcreli e\u011fitim bakan\u0131 Hasan \u00c2li Y\u00fccel hakk\u0131nda etrafl\u0131 bir biyografi.Y\u00fccel\u2019in \u00f6zde\u015fle\u015fti\u011fi etkili bakanl\u0131k icraat\u0131, ba\u015fta h\u00fcmanist k\u00fclt\u00fcr miras\u0131yla ilgili \u00e7eviri seferberli\u011fi ve K\u00f6y Enstit\u00fcleri tecr\u00fcbesi, kitab\u0131n uzun bir b\u00f6l\u00fcm\u00fcn\u00fc olu\u015fturuyor. Fakat sadece o de\u011fil. Y\u00fccel\u2019in milliyet\u00e7ilik anlay\u0131\u015f\u0131, Kemalizm yorumlar\u0131, dindarl\u0131\u011f\u0131 anlama ve ya\u015fama bi\u00e7imi, geni\u015f yer tutuyor.Bu arada onun \u00fcsl\u00fbbuna ve me\u015frebine \u00f6zel bir ilgiyle e\u011filerek&#8230; Hasan \u00c2li Y\u00fccel\u2019in d\u00fc\u015fman imgesi olarak, anti-kom\u00fcnist tehdit ve nefret s\u00f6yleminin g\u00f6zde bir malzemesi olarak g\u00f6rd\u00fc\u011f\u00fc i\u015flev de ele al\u0131n\u0131yor.\u00c7al\u0131\u015fma esasen bir entelekt\u00fcel biyografi \u00f6zelli\u011fi ta\u015f\u0131yor; yazd\u0131klar\u0131na, s\u00f6ylediklerine yo\u011funla\u015farak, Y\u00fccel\u2019in d\u00fc\u015f\u00fcnce d\u00fcnyas\u0131nda bir gezinti.<\/p>\n","protected":false},"excerpt":{"rendered":"<p>Cumhuriyet tarihinin en uzun s\u00fcreli e\u011fitim bakan\u0131 Hasan \u00c2li Y\u00fccel hakk\u0131nda etrafl\u0131 bir biyografi.Y\u00fccel\u2019in \u00f6zde\u015fle\u015fti\u011fi etkili bakanl\u0131k icraat\u0131, ba\u015fta h\u00fcmanist k\u00fclt\u00fcr miras\u0131yla ilgili \u00e7eviri seferberli\u011fi ve<span class=\"excerpt-hellip\"> [\u2026]<\/span><\/p>\n","protected":false},"featured_media":0,"template":"","meta":{"_monsterinsights_skip_tracking":false,"_monsterinsights_sitenote_active":false,"_monsterinsights_sitenote_note":"","_monsterinsights_sitenote_category":0},"product_brand":[],"product_cat":[14009,12291],"product_tag":[],"class_list":{"0":"post-728709","1":"product","2":"type-product","3":"status-publish","5":"product_cat-biyografi-otobiyografi-edebiyat","6":"product_cat-edebiyat","7":"pa_cilt-ciltsiz","8":"pa_tur-kitap","9":"pa_yayinevi-iletisim-yayinlari","10":"pa_yazar-tanil-bora","12":"first","13":"instock","14":"sale","15":"shipping-taxable","16":"purchasable","17":"product-type-simple"},"_links":{"self":[{"href":"https:\/\/roveyayinevi.com.tr\/index.php\/wp-json\/wp\/v2\/product\/728709","targetHints":{"allow":["GET"]}}],"collection":[{"href":"https:\/\/roveyayinevi.com.tr\/index.php\/wp-json\/wp\/v2\/product"}],"about":[{"href":"https:\/\/roveyayinevi.com.tr\/index.php\/wp-json\/wp\/v2\/types\/product"}],"wp:attachment":[{"href":"https:\/\/roveyayinevi.com.tr\/index.php\/wp-json\/wp\/v2\/media?parent=728709"}],"wp:term":[{"taxonomy":"product_brand","embeddable":true,"href":"https:\/\/roveyayinevi.com.tr\/index.php\/wp-json\/wp\/v2\/product_brand?post=728709"},{"taxonomy":"product_cat","embeddable":true,"href":"https:\/\/roveyayinevi.com.tr\/index.php\/wp-json\/wp\/v2\/product_cat?post=728709"},{"taxonomy":"product_tag","embeddable":true,"href":"https:\/\/roveyayinevi.com.tr\/index.php\/wp-json\/wp\/v2\/product_tag?post=728709"}],"curies":[{"name":"wp","href":"https:\/\/api.w.org\/{rel}","templated":true}]}}