{"id":728680,"date":"2025-08-27T20:43:24","date_gmt":"2025-08-27T17:43:24","guid":{"rendered":"https:\/\/roveyayinevi.com.tr\/index.php\/urun\/cikartmali-etkinlik-ilkbahar\/"},"modified":"2026-04-16T02:36:35","modified_gmt":"2026-04-15T23:36:35","slug":"cikartmali-etkinlik-ilkbahar","status":"publish","type":"product","link":"https:\/\/roveyayinevi.com.tr\/index.php\/urun\/cikartmali-etkinlik-ilkbahar\/","title":{"rendered":"\u00c7\u0131kartmal\u0131 Etkinlik  \u0130lkbahar"},"content":{"rendered":"<p>\u00c7\u0131kartmal\u0131 Etkinlik \u0130LKBAHAR   \u0130lkbahar geldi! Do\u011fayla birlikte sevimli hayvanlar da uyan\u0131yor.   Bilmece ve bulmacalar, boyama sayfalar\u0131, say\u0131 sayma etkinlikleri ve \u00e7\u0131kartmalarla dolu bu kitap sayesinde harika vakit ge\u00e7ireceksin!   \u00c7\u0131kartmal\u0131 Etkinlik Serisindeki Di\u011fer Kitaplar D\u0130NOZOR YOLCULUK KORSANLAR <\/p>\n","protected":false},"excerpt":{"rendered":"<p>\u00c7\u0131kartmal\u0131 Etkinlik \u0130LKBAHAR \u0130lkbahar geldi! Do\u011fayla birlikte sevimli hayvanlar da uyan\u0131yor. Bilmece ve bulmacalar, boyama sayfalar\u0131, say\u0131 sayma etkinlikleri ve \u00e7\u0131kartmalarla dolu bu kitap sayesinde harika<span class=\"excerpt-hellip\"> [\u2026]<\/span><\/p>\n","protected":false},"featured_media":0,"template":"","meta":{"_monsterinsights_skip_tracking":false,"_monsterinsights_sitenote_active":false,"_monsterinsights_sitenote_note":"","_monsterinsights_sitenote_category":0},"product_brand":[],"product_cat":[12554,12274],"product_tag":[],"class_list":{"0":"post-728680","1":"product","2":"type-product","3":"status-publish","5":"product_cat-cikartmali-kitaplar","6":"product_cat-cocuk-ve-genclik-kitaplari","7":"pa_cilt-ciltsiz","8":"pa_tur-kitap","9":"pa_yayinevi-1001-cicek-kitaplar","10":"pa_yazar-samanta-meredith","12":"first","13":"instock","14":"sale","15":"shipping-taxable","16":"purchasable","17":"product-type-simple"},"_links":{"self":[{"href":"https:\/\/roveyayinevi.com.tr\/index.php\/wp-json\/wp\/v2\/product\/728680","targetHints":{"allow":["GET"]}}],"collection":[{"href":"https:\/\/roveyayinevi.com.tr\/index.php\/wp-json\/wp\/v2\/product"}],"about":[{"href":"https:\/\/roveyayinevi.com.tr\/index.php\/wp-json\/wp\/v2\/types\/product"}],"wp:attachment":[{"href":"https:\/\/roveyayinevi.com.tr\/index.php\/wp-json\/wp\/v2\/media?parent=728680"}],"wp:term":[{"taxonomy":"product_brand","embeddable":true,"href":"https:\/\/roveyayinevi.com.tr\/index.php\/wp-json\/wp\/v2\/product_brand?post=728680"},{"taxonomy":"product_cat","embeddable":true,"href":"https:\/\/roveyayinevi.com.tr\/index.php\/wp-json\/wp\/v2\/product_cat?post=728680"},{"taxonomy":"product_tag","embeddable":true,"href":"https:\/\/roveyayinevi.com.tr\/index.php\/wp-json\/wp\/v2\/product_tag?post=728680"}],"curies":[{"name":"wp","href":"https:\/\/api.w.org\/{rel}","templated":true}]}}