{"id":728668,"date":"2025-08-27T20:43:12","date_gmt":"2025-08-27T17:43:12","guid":{"rendered":"https:\/\/roveyayinevi.com.tr\/index.php\/urun\/orhan-veli-siirler\/"},"modified":"2026-04-16T02:36:34","modified_gmt":"2026-04-15T23:36:34","slug":"orhan-veli-siirler","status":"publish","type":"product","link":"https:\/\/roveyayinevi.com.tr\/index.php\/urun\/orhan-veli-siirler\/","title":{"rendered":"Orhan Veli \u015eiirler"},"content":{"rendered":"<p>Garip Vazge\u00e7emedi\u011fim Destan Gibi Yenisi \u0130\u00e7in Kar\u015f\u0131 Orhan Veli Kan\u0131k 1941\u2019de Melih Cevdet Anday ve Oktay Rifat\u2019la ortak \u00e7\u0131kard\u0131\u011f\u0131 Garip kitab\u0131yla T\u00fcrk \u015fiirinde yeni bir ak\u0131m\u0131 ba\u015flatt\u0131. \u015eiirde sadeli\u011fe, g\u00fcndelik hayata \u00f6nem veren ve s\u00fcsl\u00fc imajlardan ka\u00e7\u0131nan bu ak\u0131m geni\u015f \u00e7evreler taraf\u0131ndan be\u011feniyle kar\u015f\u0131land\u0131. Orhan Veli\u2019nin kendi \u015fiir anlay\u0131\u015f\u0131n\u0131 a\u00e7\u0131klad\u0131\u011f\u0131 bir \u00f6ns\u00f6zle ba\u015flayan bu derleme, \u015fairin yay\u0131nlanm\u0131\u015f be\u015f kitab\u0131na ald\u0131\u011f\u0131 t\u00fcm \u015fiirleri ve bunlar\u0131n d\u0131\u015f\u0131ndakilerden geni\u015f bir se\u00e7meyi i\u00e7eriyor. <\/p>\n","protected":false},"excerpt":{"rendered":"<p>Garip Vazge\u00e7emedi\u011fim Destan Gibi Yenisi \u0130\u00e7in Kar\u015f\u0131 Orhan Veli Kan\u0131k 1941\u2019de Melih Cevdet Anday ve Oktay Rifat\u2019la ortak \u00e7\u0131kard\u0131\u011f\u0131 Garip kitab\u0131yla T\u00fcrk \u015fiirinde yeni bir ak\u0131m\u0131<span class=\"excerpt-hellip\"> [\u2026]<\/span><\/p>\n","protected":false},"featured_media":0,"template":"","meta":{"_monsterinsights_skip_tracking":false,"_monsterinsights_sitenote_active":false,"_monsterinsights_sitenote_note":"","_monsterinsights_sitenote_category":0},"product_brand":[],"product_cat":[12291,12509],"product_tag":[],"class_list":{"0":"post-728668","1":"product","2":"type-product","3":"status-publish","5":"product_cat-edebiyat","6":"product_cat-siir","7":"pa_cilt-ciltsiz","8":"pa_tur-kitap","9":"pa_yayinevi-remzi-kitabevi","10":"pa_yazar-orhan-veli-kanik","12":"first","13":"instock","14":"sale","15":"shipping-taxable","16":"purchasable","17":"product-type-simple"},"_links":{"self":[{"href":"https:\/\/roveyayinevi.com.tr\/index.php\/wp-json\/wp\/v2\/product\/728668","targetHints":{"allow":["GET"]}}],"collection":[{"href":"https:\/\/roveyayinevi.com.tr\/index.php\/wp-json\/wp\/v2\/product"}],"about":[{"href":"https:\/\/roveyayinevi.com.tr\/index.php\/wp-json\/wp\/v2\/types\/product"}],"wp:attachment":[{"href":"https:\/\/roveyayinevi.com.tr\/index.php\/wp-json\/wp\/v2\/media?parent=728668"}],"wp:term":[{"taxonomy":"product_brand","embeddable":true,"href":"https:\/\/roveyayinevi.com.tr\/index.php\/wp-json\/wp\/v2\/product_brand?post=728668"},{"taxonomy":"product_cat","embeddable":true,"href":"https:\/\/roveyayinevi.com.tr\/index.php\/wp-json\/wp\/v2\/product_cat?post=728668"},{"taxonomy":"product_tag","embeddable":true,"href":"https:\/\/roveyayinevi.com.tr\/index.php\/wp-json\/wp\/v2\/product_tag?post=728668"}],"curies":[{"name":"wp","href":"https:\/\/api.w.org\/{rel}","templated":true}]}}