{"id":728653,"date":"2025-08-27T20:42:57","date_gmt":"2025-08-27T17:42:57","guid":{"rendered":"https:\/\/roveyayinevi.com.tr\/index.php\/urun\/gezgin-kedi-mirnav-ilk-okuma-kitaplarim-set-10-kitap\/"},"modified":"2026-04-16T02:36:34","modified_gmt":"2026-04-15T23:36:34","slug":"gezgin-kedi-mirnav-ilk-okuma-kitaplarim-set-10-kitap","status":"publish","type":"product","link":"https:\/\/roveyayinevi.com.tr\/index.php\/urun\/gezgin-kedi-mirnav-ilk-okuma-kitaplarim-set-10-kitap\/","title":{"rendered":"Gezgin Kedi M\u0131rnav \u0130lk Okuma Kitaplar\u0131m Set (10 Kitap)"},"content":{"rendered":"<p>\u0130lk okuma-yazma faaliyetleri \u00f6\u011frencinin e\u011fitim hayat\u0131n\u0131n en \u00f6nemli basamaklar\u0131ndan birisidir. Bu basamak, e\u011fitim-\u00f6\u011fretim s\u00fcrecinin temelini olu\u015fturur. \u201cGezgin Kedi M\u0131rnav Seti\u201d, \u00e7ocuklar\u0131n bu basama\u011f\u0131 keyif alarak ge\u00e7melerini hedefliyor. Okumay\u0131 yeni \u00f6\u011frenen minik okurlar, ilk defa okuyacaklar\u0131 hik\u00e2ye kitaplar\u0131nda M\u0131rnav\u2019la pek \u00e7ok yeri gezip dola\u015facaklar. Kendilerinden bir \u015feyler bulacaklar\u0131 e\u011flenceli maceralarla okumay\u0131 \u00e7ok sevecekler. Fatma I\u015f\u0131k\u2019\u0131n sevimli \u00fcslubuyla yazd\u0131\u011f\u0131 e\u011flenceli hik\u00e2yeler, Serap Deliorman&#8217;\u0131n s\u0131cac\u0131k \u00e7izimleriyle okumay\u0131 yeni \u00f6\u011frenen \u00e7ocuklarla bulu\u015fuyor. <\/p>\n","protected":false},"excerpt":{"rendered":"<p>\u0130lk okuma-yazma faaliyetleri \u00f6\u011frencinin e\u011fitim hayat\u0131n\u0131n en \u00f6nemli basamaklar\u0131ndan birisidir. Bu basamak, e\u011fitim-\u00f6\u011fretim s\u00fcrecinin temelini olu\u015fturur. \u201cGezgin Kedi M\u0131rnav Seti\u201d, \u00e7ocuklar\u0131n bu basama\u011f\u0131 keyif alarak ge\u00e7melerini<span class=\"excerpt-hellip\"> [\u2026]<\/span><\/p>\n","protected":false},"featured_media":0,"template":"","meta":{"_monsterinsights_skip_tracking":false,"_monsterinsights_sitenote_active":false,"_monsterinsights_sitenote_note":"","_monsterinsights_sitenote_category":0},"product_brand":[],"product_cat":[12274,12631],"product_tag":[],"class_list":{"0":"post-728653","1":"product","2":"type-product","3":"status-publish","5":"product_cat-cocuk-ve-genclik-kitaplari","6":"product_cat-diger-cocuk-ve-genclik-kitaplari","7":"pa_cilt-set","8":"pa_tur-kitap","9":"pa_yayinevi-timas-cocuk","10":"pa_yazar-fatma-isik","12":"first","13":"instock","14":"sale","15":"shipping-taxable","16":"purchasable","17":"product-type-simple"},"_links":{"self":[{"href":"https:\/\/roveyayinevi.com.tr\/index.php\/wp-json\/wp\/v2\/product\/728653","targetHints":{"allow":["GET"]}}],"collection":[{"href":"https:\/\/roveyayinevi.com.tr\/index.php\/wp-json\/wp\/v2\/product"}],"about":[{"href":"https:\/\/roveyayinevi.com.tr\/index.php\/wp-json\/wp\/v2\/types\/product"}],"wp:attachment":[{"href":"https:\/\/roveyayinevi.com.tr\/index.php\/wp-json\/wp\/v2\/media?parent=728653"}],"wp:term":[{"taxonomy":"product_brand","embeddable":true,"href":"https:\/\/roveyayinevi.com.tr\/index.php\/wp-json\/wp\/v2\/product_brand?post=728653"},{"taxonomy":"product_cat","embeddable":true,"href":"https:\/\/roveyayinevi.com.tr\/index.php\/wp-json\/wp\/v2\/product_cat?post=728653"},{"taxonomy":"product_tag","embeddable":true,"href":"https:\/\/roveyayinevi.com.tr\/index.php\/wp-json\/wp\/v2\/product_tag?post=728653"}],"curies":[{"name":"wp","href":"https:\/\/api.w.org\/{rel}","templated":true}]}}