{"id":728648,"date":"2025-08-27T20:42:53","date_gmt":"2025-08-27T17:42:53","guid":{"rendered":"https:\/\/roveyayinevi.com.tr\/index.php\/urun\/antarktika-herkesin-kimsenin\/"},"modified":"2026-04-16T02:36:34","modified_gmt":"2026-04-15T23:36:34","slug":"antarktika-herkesin-kimsenin","status":"publish","type":"product","link":"https:\/\/roveyayinevi.com.tr\/index.php\/urun\/antarktika-herkesin-kimsenin\/","title":{"rendered":"Antarktika Herkesin Kimsenin"},"content":{"rendered":"<p>Antarktika Ke\u015fif G\u00fcnl\u00fckleri\u201c\u0130\u015fte bu benim, i\u015fte ben buraday\u0131m, seninleyim Antarktika!\u201dG\u00fcnl\u00fc\u011f\u00fcn anlam\u0131; kendi d\u00fc\u015f\u00fcncelerimizi, zihin ak\u0131\u015f\u0131m\u0131z\u0131, ya\u015fad\u0131klar\u0131m\u0131z\u0131 ya hayallerimizi kimsenin g\u00f6rmesini istemedi\u011fimiz defterlere aktarmak olsa da, i\u00e7ten i\u00e7e \u201cbiri okursa\u201d endi\u015fesi ta\u015f\u0131yabiliriz. Bark\u0131n \u00d6zdemir, her ne kadar en ba\u015fta yazd\u0131klar\u0131n\u0131n kitapla\u015ft\u0131r\u0131laca\u011f\u0131n\u0131 hayal bile edemese de ilerleyen sayfalarda ya\u015fad\u0131klar\u0131n\u0131 ger\u00e7ekten aktarabilmenin tutkusuna kap\u0131larak yaz\u0131yor.Bu bizi nereye getiriyor? Yedi k\u0131taya da ayak basan en gen\u00e7 T\u00fcrk, Bark\u0131n \u00d6zdemir\u2019in gitmeden bilemeyece\u011fimiz t\u00fcm detaylar\u0131 ve kendi i\u00e7 \u00e7at\u0131\u015fmas\u0131yla bize aktard\u0131\u011f\u0131 muhte\u015fem bir Antarktika hik\u00e2yesinin ortaya \u00e7\u0131kmas\u0131na&#8230;Zaman zaman korksa ve bazen olumsuzlu\u011fa kap\u0131lsa da bir hayali ger\u00e7ekle\u015ftirmek i\u00e7in insan\u0131n neleri g\u00f6ze alabilece\u011finin bir kan\u0131t\u0131 o. Erteledi\u011finiz hayalleri, kendinize koydu\u011funuz engelleri bir kez daha d\u00fc\u015f\u00fcnmenize sebep olacak k\u0131p\u0131r k\u0131p\u0131r, yerinde durmayan; anlatmak, aktarmak ve payla\u015fmak isteyen Bark\u0131n\u2019\u0131 ve onun g\u00f6z\u00fcnden aktarmak ve payla\u015fmak isteyen Bark\u0131n\u2019\u0131 ve onun g\u00f6z\u00fcnden Antarktika\u2019y\u0131 tan\u0131mal\u0131s\u0131n\u0131z.<\/p>\n","protected":false},"excerpt":{"rendered":"<p>Antarktika Ke\u015fif G\u00fcnl\u00fckleri\u201c\u0130\u015fte bu benim, i\u015fte ben buraday\u0131m, seninleyim Antarktika!\u201dG\u00fcnl\u00fc\u011f\u00fcn anlam\u0131; kendi d\u00fc\u015f\u00fcncelerimizi, zihin ak\u0131\u015f\u0131m\u0131z\u0131, ya\u015fad\u0131klar\u0131m\u0131z\u0131 ya hayallerimizi kimsenin g\u00f6rmesini istemedi\u011fimiz defterlere aktarmak olsa da, i\u00e7ten<span class=\"excerpt-hellip\"> [\u2026]<\/span><\/p>\n","protected":false},"featured_media":0,"template":"","meta":{"_monsterinsights_skip_tracking":false,"_monsterinsights_sitenote_active":false,"_monsterinsights_sitenote_note":"","_monsterinsights_sitenote_category":0},"product_brand":[],"product_cat":[13055,13054],"product_tag":[],"class_list":{"0":"post-728648","1":"product","2":"type-product","3":"status-publish","5":"product_cat-gezi-rehberi","6":"product_cat-gezi-ve-rehber-kitaplari","7":"pa_cilt-ciltsiz","8":"pa_tur-kitap","9":"pa_yayinevi-epsilon-yayinlari","10":"pa_yazar-barkin-ozdemir","12":"first","13":"instock","14":"sale","15":"shipping-taxable","16":"purchasable","17":"product-type-simple"},"_links":{"self":[{"href":"https:\/\/roveyayinevi.com.tr\/index.php\/wp-json\/wp\/v2\/product\/728648","targetHints":{"allow":["GET"]}}],"collection":[{"href":"https:\/\/roveyayinevi.com.tr\/index.php\/wp-json\/wp\/v2\/product"}],"about":[{"href":"https:\/\/roveyayinevi.com.tr\/index.php\/wp-json\/wp\/v2\/types\/product"}],"wp:attachment":[{"href":"https:\/\/roveyayinevi.com.tr\/index.php\/wp-json\/wp\/v2\/media?parent=728648"}],"wp:term":[{"taxonomy":"product_brand","embeddable":true,"href":"https:\/\/roveyayinevi.com.tr\/index.php\/wp-json\/wp\/v2\/product_brand?post=728648"},{"taxonomy":"product_cat","embeddable":true,"href":"https:\/\/roveyayinevi.com.tr\/index.php\/wp-json\/wp\/v2\/product_cat?post=728648"},{"taxonomy":"product_tag","embeddable":true,"href":"https:\/\/roveyayinevi.com.tr\/index.php\/wp-json\/wp\/v2\/product_tag?post=728648"}],"curies":[{"name":"wp","href":"https:\/\/api.w.org\/{rel}","templated":true}]}}