{"id":728635,"date":"2025-08-27T20:42:42","date_gmt":"2025-08-27T17:42:42","guid":{"rendered":"https:\/\/roveyayinevi.com.tr\/index.php\/urun\/adan-zye-dis-ticaret\/"},"modified":"2026-04-16T02:36:34","modified_gmt":"2026-04-15T23:36:34","slug":"adan-zye-dis-ticaret","status":"publish","type":"product","link":"https:\/\/roveyayinevi.com.tr\/index.php\/urun\/adan-zye-dis-ticaret\/","title":{"rendered":"A&#8217;dan Z&#8217;ye D\u0131\u015f Ticaret"},"content":{"rendered":"<p>\u0130\u00e7indekiler Uluslararas\u0131 Ticarette Temel Kavramlar Ve Teoriler Uluslararas\u0131 Pazarlama D\u0131\u015f Ticarette Hedef Pazar Analizi Ve D\u0131\u015f Ticaret \u0130stihbarat\u0131 E-Ticaret \u0130hracat-\u0130thalat Mevzuat\u0131 Ve Uygulamalar\u0131 R\u00f6portaj- Nas\u0131l \u0130hracat\u00e7\u0131 Oldum? Uluslararas\u0131  Ticarette \u00d6deme \u015eekilleri Ve Belgeler D\u0131\u015f Ticarette Teslim \u015eekilleri D\u0131\u015f Ticarette Lojisti\u011fin \u00d6nemi R\u00f6portaj-Lojistik Ve D\u0131\u015f Ticaret \u0130li\u015fkisi \u0130hracata Y\u00f6nelik Devlet Destekleri R\u00f6portaj-Devlet Destekleri \u00dczerine D\u0131\u015f Ticaretin Finansman\u0131 D\u0131\u015f Ticaret \u0130\u015flemlerinin Muhasebele\u015ftirilmesi D\u0131\u015f Ticarette Anla\u015fmazl\u0131klar\u0131n \u00c7\u00f6z\u00fcm\u00fc Ve Uluslararas\u0131 Tahkim <\/p>\n","protected":false},"excerpt":{"rendered":"<p>\u0130\u00e7indekiler Uluslararas\u0131 Ticarette Temel Kavramlar Ve Teoriler Uluslararas\u0131 Pazarlama D\u0131\u015f Ticarette Hedef Pazar Analizi Ve D\u0131\u015f Ticaret \u0130stihbarat\u0131 E-Ticaret \u0130hracat-\u0130thalat Mevzuat\u0131 Ve Uygulamalar\u0131 R\u00f6portaj- Nas\u0131l \u0130hracat\u00e7\u0131<span class=\"excerpt-hellip\"> [\u2026]<\/span><\/p>\n","protected":false},"featured_media":0,"template":"","meta":{"_monsterinsights_skip_tracking":false,"_monsterinsights_sitenote_active":false,"_monsterinsights_sitenote_note":"","_monsterinsights_sitenote_category":0},"product_brand":[],"product_cat":[13043,65318],"product_tag":[],"class_list":{"0":"post-728635","1":"product","2":"type-product","3":"status-publish","5":"product_cat-ekonomi","6":"product_cat-kuresellesme","7":"pa_cilt-ciltsiz","8":"pa_tur-kitap","9":"pa_yayinevi-gazi-kitabevi","10":"pa_yazar-sami-suygun","12":"first","13":"instock","14":"sale","15":"shipping-taxable","16":"purchasable","17":"product-type-simple"},"_links":{"self":[{"href":"https:\/\/roveyayinevi.com.tr\/index.php\/wp-json\/wp\/v2\/product\/728635","targetHints":{"allow":["GET"]}}],"collection":[{"href":"https:\/\/roveyayinevi.com.tr\/index.php\/wp-json\/wp\/v2\/product"}],"about":[{"href":"https:\/\/roveyayinevi.com.tr\/index.php\/wp-json\/wp\/v2\/types\/product"}],"wp:attachment":[{"href":"https:\/\/roveyayinevi.com.tr\/index.php\/wp-json\/wp\/v2\/media?parent=728635"}],"wp:term":[{"taxonomy":"product_brand","embeddable":true,"href":"https:\/\/roveyayinevi.com.tr\/index.php\/wp-json\/wp\/v2\/product_brand?post=728635"},{"taxonomy":"product_cat","embeddable":true,"href":"https:\/\/roveyayinevi.com.tr\/index.php\/wp-json\/wp\/v2\/product_cat?post=728635"},{"taxonomy":"product_tag","embeddable":true,"href":"https:\/\/roveyayinevi.com.tr\/index.php\/wp-json\/wp\/v2\/product_tag?post=728635"}],"curies":[{"name":"wp","href":"https:\/\/api.w.org\/{rel}","templated":true}]}}