{"id":728624,"date":"2025-08-27T20:42:21","date_gmt":"2025-08-27T17:42:21","guid":{"rendered":"https:\/\/roveyayinevi.com.tr\/index.php\/urun\/frankenstein-ciltli\/"},"modified":"2026-04-16T02:36:33","modified_gmt":"2026-04-15T23:36:33","slug":"frankenstein-ciltli","status":"publish","type":"product","link":"https:\/\/roveyayinevi.com.tr\/index.php\/urun\/frankenstein-ciltli\/","title":{"rendered":"Frankenstein (Ciltli)"},"content":{"rendered":"<p>Gotik edebiyat\u0131n 200 y\u0131ld\u0131r pop\u00fclaritesini kaybetmeyen ba\u015fyap\u0131t\u0131 Frankenstein ya da Modern Prometheus, bilimsel d\u00fc\u015f\u00fcncenin y\u00fckseli\u015fe ge\u00e7ti\u011fi bir \u00e7a\u011fda do\u011faya h\u00e2kim olma h\u0131rs\u0131yla dolu Victor Frankenstein\u2019\u0131n, ceset par\u00e7alar\u0131n\u0131 birle\u015ftirerek galvanizmin ilkeleriyle hayat verdi\u011fi yarat\u0131\u011f\u0131ndan ka\u00e7\u0131\u015f\u0131 ve yarat\u0131c\u0131s\u0131n\u0131n tiksinerek reddetti\u011fi, sevgisini esirgedi\u011fi yarat\u0131\u011f\u0131n bu zalim sorumsuzluktan intikam alma giri\u015fiminin trajik hik\u00e2yesidir. Mary Shelley\u2019nin, Lord Byron, John Polidori ve Percy Bysshe Shelley\u2019le 1816 yaz\u0131nda Leman G\u00f6l\u00fc k\u0131y\u0131s\u0131ndaki Diodati Villas\u0131\u2019nda ge\u00e7irdi\u011fi g\u00fcnlerin verimi olarak do\u011fan bu k\u00fclt eserin ilk bask\u0131s\u0131 1818 y\u0131l\u0131nda isimsiz olarak yap\u0131lm\u0131\u015ft\u0131r. G\u00fcls\u00fcm Canl\u0131 taraf\u0131ndan T\u00fcrk\u00e7ele\u015ftirilen eser, daha pop\u00fcler ve H\u0131ristiyan ahlak\u00e7\u0131l\u0131\u011f\u0131na nispeten uygun \u015fekilde yumu\u015fat\u0131lm\u0131\u015f 1831 versiyonuyla kar\u015f\u0131la\u015ft\u0131rmal\u0131 olarak notland\u0131r\u0131lmak suretiyle, roman\u0131n daha radikal ve tanr\u0131 kar\u015f\u0131t\u0131 bu ilk versiyonu esas al\u0131n\u0131p haz\u0131rlanm\u0131\u015ft\u0131r.\u201cHi\u00e7 kimse, ba\u015far\u0131n\u0131n ilk co\u015fkusuyla i\u00e7imde bir kas\u0131rga gibi patlayan farkl\u0131 duygulara ak\u0131l erdiremez. Ya\u015fam ve \u00f6l\u00fcm, en ba\u015fta a\u015f\u0131p ge\u00e7mem gereken hayal\u00ee s\u0131n\u0131rlard\u0131 \u00e2deta. Ard\u0131ndan da karanl\u0131k d\u00fcnyam\u0131za bir \u0131\u015f\u0131k sa\u011fana\u011f\u0131 ya\u011fd\u0131racakt\u0131m. Yeni bir t\u00fcr, kayna\u011f\u0131 ve yarat\u0131c\u0131s\u0131 oldu\u011fum i\u00e7in bana \u015f\u00fckredecek ve bir s\u00fcr\u00fc mutlu ve harika t\u00fcr, varl\u0131\u011f\u0131n\u0131 bana bor\u00e7lu olacakt\u0131.\u201d<\/p>\n","protected":false},"excerpt":{"rendered":"<p>Gotik edebiyat\u0131n 200 y\u0131ld\u0131r pop\u00fclaritesini kaybetmeyen ba\u015fyap\u0131t\u0131 Frankenstein ya da Modern Prometheus, bilimsel d\u00fc\u015f\u00fcncenin y\u00fckseli\u015fe ge\u00e7ti\u011fi bir \u00e7a\u011fda do\u011faya h\u00e2kim olma h\u0131rs\u0131yla dolu Victor Frankenstein\u2019\u0131n, ceset<span class=\"excerpt-hellip\"> [\u2026]<\/span><\/p>\n","protected":false},"featured_media":0,"template":"","meta":{"_monsterinsights_skip_tracking":false,"_monsterinsights_sitenote_active":false,"_monsterinsights_sitenote_note":"","_monsterinsights_sitenote_category":0},"product_brand":[],"product_cat":[12291,12711],"product_tag":[],"class_list":{"0":"post-728624","1":"product","2":"type-product","3":"status-publish","5":"product_cat-edebiyat","6":"product_cat-roman-oyku","7":"pa_cilt-ciltli","8":"pa_tur-kitap","9":"pa_yayinevi-otuken-nesriyat","10":"pa_yazar-marry-shelley","12":"first","13":"instock","14":"sale","15":"shipping-taxable","16":"purchasable","17":"product-type-simple"},"_links":{"self":[{"href":"https:\/\/roveyayinevi.com.tr\/index.php\/wp-json\/wp\/v2\/product\/728624","targetHints":{"allow":["GET"]}}],"collection":[{"href":"https:\/\/roveyayinevi.com.tr\/index.php\/wp-json\/wp\/v2\/product"}],"about":[{"href":"https:\/\/roveyayinevi.com.tr\/index.php\/wp-json\/wp\/v2\/types\/product"}],"wp:attachment":[{"href":"https:\/\/roveyayinevi.com.tr\/index.php\/wp-json\/wp\/v2\/media?parent=728624"}],"wp:term":[{"taxonomy":"product_brand","embeddable":true,"href":"https:\/\/roveyayinevi.com.tr\/index.php\/wp-json\/wp\/v2\/product_brand?post=728624"},{"taxonomy":"product_cat","embeddable":true,"href":"https:\/\/roveyayinevi.com.tr\/index.php\/wp-json\/wp\/v2\/product_cat?post=728624"},{"taxonomy":"product_tag","embeddable":true,"href":"https:\/\/roveyayinevi.com.tr\/index.php\/wp-json\/wp\/v2\/product_tag?post=728624"}],"curies":[{"name":"wp","href":"https:\/\/api.w.org\/{rel}","templated":true}]}}