{"id":728620,"date":"2025-08-27T20:42:18","date_gmt":"2025-08-27T17:42:18","guid":{"rendered":"https:\/\/roveyayinevi.com.tr\/index.php\/urun\/mrs-dalloway-4\/"},"modified":"2026-04-16T02:36:33","modified_gmt":"2026-04-15T23:36:33","slug":"mrs-dalloway-4","status":"publish","type":"product","link":"https:\/\/roveyayinevi.com.tr\/index.php\/urun\/mrs-dalloway-4\/","title":{"rendered":"Mrs. Dalloway"},"content":{"rendered":"<p>Hayat g\u00fczeldi. G\u00fcne\u015f \u0131s\u0131t\u0131yordu. \u015eu insanlar yok muydu; ne istiyorlard\u0131?\u201dFeminizm ve edebiyat tarihinin \u00f6nemli isimlerinden Virginia Woolf, \u201cbilin\u00e7 ak\u0131\u015f\u0131\u201d tekni\u011fini b\u00fcy\u00fck bir ustal\u0131kla uygulad\u0131\u011f\u0131 Mrs. Dalloway\u2019de zaman\u0131 ve mek\u00e2n\u0131 a\u015f\u0131p bize ula\u015f\u0131yor, hayat\u0131m\u0131za dokunuyor. Okuyucuyu ruhsal derinli\u011fin ve pi\u015fmanl\u0131\u011f\u0131n ke\u015ffiyle b\u00fcy\u00fcleyerek toplumdaki \u00e7arp\u0131kl\u0131\u011f\u0131 cesurca g\u00f6zler \u00f6n\u00fcne seren Woolf, ayn\u0131 zamanda kadraj\u0131na kad\u0131n erkek ili\u015fkilerini, kad\u0131n haklar\u0131n\u0131, ruhsal hezeyanlar\u0131 ve aile ili\u015fkilerini al\u0131yor. Bir g\u00fcne t\u00fcm ge\u00e7mi\u015fini s\u0131\u011fd\u0131ran yazar, okura ya\u015fam kadar \u00f6l\u00fcm\u00fcn de do\u011fall\u0131\u011f\u0131n\u0131 aktar\u0131yor.<\/p>\n","protected":false},"excerpt":{"rendered":"<p>Hayat g\u00fczeldi. G\u00fcne\u015f \u0131s\u0131t\u0131yordu. \u015eu insanlar yok muydu; ne istiyorlard\u0131?\u201dFeminizm ve edebiyat tarihinin \u00f6nemli isimlerinden Virginia Woolf, \u201cbilin\u00e7 ak\u0131\u015f\u0131\u201d tekni\u011fini b\u00fcy\u00fck bir ustal\u0131kla uygulad\u0131\u011f\u0131 Mrs. Dalloway\u2019de<span class=\"excerpt-hellip\"> [\u2026]<\/span><\/p>\n","protected":false},"featured_media":0,"template":"","meta":{"_monsterinsights_skip_tracking":false,"_monsterinsights_sitenote_active":false,"_monsterinsights_sitenote_note":"","_monsterinsights_sitenote_category":0},"product_brand":[],"product_cat":[12291,12711],"product_tag":[],"class_list":{"0":"post-728620","1":"product","2":"type-product","3":"status-publish","5":"product_cat-edebiyat","6":"product_cat-roman-oyku","7":"pa_cilt-ciltsiz","8":"pa_tur-kitap","9":"pa_yayinevi-bilgi-yayinevi","10":"pa_yazar-virginia-woolf","12":"first","13":"instock","14":"sale","15":"shipping-taxable","16":"purchasable","17":"product-type-simple"},"_links":{"self":[{"href":"https:\/\/roveyayinevi.com.tr\/index.php\/wp-json\/wp\/v2\/product\/728620","targetHints":{"allow":["GET"]}}],"collection":[{"href":"https:\/\/roveyayinevi.com.tr\/index.php\/wp-json\/wp\/v2\/product"}],"about":[{"href":"https:\/\/roveyayinevi.com.tr\/index.php\/wp-json\/wp\/v2\/types\/product"}],"wp:attachment":[{"href":"https:\/\/roveyayinevi.com.tr\/index.php\/wp-json\/wp\/v2\/media?parent=728620"}],"wp:term":[{"taxonomy":"product_brand","embeddable":true,"href":"https:\/\/roveyayinevi.com.tr\/index.php\/wp-json\/wp\/v2\/product_brand?post=728620"},{"taxonomy":"product_cat","embeddable":true,"href":"https:\/\/roveyayinevi.com.tr\/index.php\/wp-json\/wp\/v2\/product_cat?post=728620"},{"taxonomy":"product_tag","embeddable":true,"href":"https:\/\/roveyayinevi.com.tr\/index.php\/wp-json\/wp\/v2\/product_tag?post=728620"}],"curies":[{"name":"wp","href":"https:\/\/api.w.org\/{rel}","templated":true}]}}