{"id":728616,"date":"2025-08-27T20:42:14","date_gmt":"2025-08-27T17:42:14","guid":{"rendered":"https:\/\/roveyayinevi.com.tr\/index.php\/urun\/incelikli-haytalar-albumu\/"},"modified":"2026-04-16T02:36:33","modified_gmt":"2026-04-15T23:36:33","slug":"incelikli-haytalar-albumu","status":"publish","type":"product","link":"https:\/\/roveyayinevi.com.tr\/index.php\/urun\/incelikli-haytalar-albumu\/","title":{"rendered":"\u0130ncelikli Haytalar Alb\u00fcm\u00fc"},"content":{"rendered":"<p>S\u0131k\u0131 \u00e7ocuklar yitirdik, sert garibanlarHep kendini mahv\u0131na \u00e2\u015f\u0131k olanlarEvlerinden eksilmedi kara \u0131sl\u0131kG\u00f6zlerinde k\u00fclhani bir \u00f6fkeH\u0131n\u00e7la mezar kaz\u0131d\u0131lar i\u00e7lerineKolonya i\u00e7en baba, k\u00f6m\u00fcr yard\u0131m\u0131, k\u00fcf\u00fcrbaz patronT\u00fck\u00fcrmedim a\u011fz\u0131mdaki kan\u0131, yuttum sessizceKaybettik t\u00fcm kitaplar\u0131n bildi\u011fini\u00d6\u011frendik, kendimizi yine kendimiz y\u0131karKeskin bir \u00e7i\u00e7ektir kalbimizHep karanl\u0131kta a\u00e7ar   <\/p>\n","protected":false},"excerpt":{"rendered":"<p>S\u0131k\u0131 \u00e7ocuklar yitirdik, sert garibanlarHep kendini mahv\u0131na \u00e2\u015f\u0131k olanlarEvlerinden eksilmedi kara \u0131sl\u0131kG\u00f6zlerinde k\u00fclhani bir \u00f6fkeH\u0131n\u00e7la mezar kaz\u0131d\u0131lar i\u00e7lerineKolonya i\u00e7en baba, k\u00f6m\u00fcr yard\u0131m\u0131, k\u00fcf\u00fcrbaz patronT\u00fck\u00fcrmedim a\u011fz\u0131mdaki kan\u0131,<span class=\"excerpt-hellip\"> [\u2026]<\/span><\/p>\n","protected":false},"featured_media":0,"template":"","meta":{"_monsterinsights_skip_tracking":false,"_monsterinsights_sitenote_active":false,"_monsterinsights_sitenote_note":"","_monsterinsights_sitenote_category":0},"product_brand":[],"product_cat":[12291,12509],"product_tag":[],"class_list":{"0":"post-728616","1":"product","2":"type-product","3":"status-publish","5":"product_cat-edebiyat","6":"product_cat-siir","7":"pa_cilt-ciltsiz","8":"pa_tur-kitap","9":"pa_yayinevi-profil-kitap","10":"pa_yazar-gokhan-ergur","12":"first","13":"instock","14":"sale","15":"shipping-taxable","16":"purchasable","17":"product-type-simple"},"_links":{"self":[{"href":"https:\/\/roveyayinevi.com.tr\/index.php\/wp-json\/wp\/v2\/product\/728616","targetHints":{"allow":["GET"]}}],"collection":[{"href":"https:\/\/roveyayinevi.com.tr\/index.php\/wp-json\/wp\/v2\/product"}],"about":[{"href":"https:\/\/roveyayinevi.com.tr\/index.php\/wp-json\/wp\/v2\/types\/product"}],"wp:attachment":[{"href":"https:\/\/roveyayinevi.com.tr\/index.php\/wp-json\/wp\/v2\/media?parent=728616"}],"wp:term":[{"taxonomy":"product_brand","embeddable":true,"href":"https:\/\/roveyayinevi.com.tr\/index.php\/wp-json\/wp\/v2\/product_brand?post=728616"},{"taxonomy":"product_cat","embeddable":true,"href":"https:\/\/roveyayinevi.com.tr\/index.php\/wp-json\/wp\/v2\/product_cat?post=728616"},{"taxonomy":"product_tag","embeddable":true,"href":"https:\/\/roveyayinevi.com.tr\/index.php\/wp-json\/wp\/v2\/product_tag?post=728616"}],"curies":[{"name":"wp","href":"https:\/\/api.w.org\/{rel}","templated":true}]}}