{"id":728597,"date":"2025-08-27T20:41:58","date_gmt":"2025-08-27T17:41:58","guid":{"rendered":"https:\/\/roveyayinevi.com.tr\/index.php\/urun\/dedemin-gramofonu\/"},"modified":"2026-04-16T02:36:33","modified_gmt":"2026-04-15T23:36:33","slug":"dedemin-gramofonu","status":"publish","type":"product","link":"https:\/\/roveyayinevi.com.tr\/index.php\/urun\/dedemin-gramofonu\/","title":{"rendered":"Dedemin Gramofonu"},"content":{"rendered":"<p>Demir ve Derin birbirlerini \u00e7ok seven ama ara s\u0131ra da \u00e7eki\u015fen sevimli iki karde\u015f. Demir tam bir kitap kurdu&#8230; Bir s\u0131cak yaz g\u00fcn\u00fc, kitaplar\u0131n i\u00e7inde yolculuk yaparken karde\u015fi Derin\u2019le dedesinin ve babaannesinin k\u00f6y\u00fcnde buluyor kendini&#8230; Kalbinizi \u0131s\u0131tacak bu hik\u00e2yede, Mehmet dedenin an\u0131lar\u0131n\u0131n i\u00e7inden bir gramofon ve plak \u00e7\u0131k\u0131yor.Arkada\u015fl\u0131k, yard\u0131mla\u015fma, sayg\u0131, sevgi, g\u00fcven gibi erdemlerin yan\u0131nda \u201c\u015f\u0131mar\u0131kl\u0131k, kendini be\u011fenmi\u015flik, karamsarl\u0131k, merak gibi kavramlar\u0131n neler getirip neler g\u00f6t\u00fcrece\u011fini de ho\u015f ve e\u011flenceli bir dille anlatan bu hik\u00e2yede Demir ve Derin\u2019le tan\u0131\u015fmaya haz\u0131r m\u0131s\u0131n\u0131z?<\/p>\n","protected":false},"excerpt":{"rendered":"<p>Demir ve Derin birbirlerini \u00e7ok seven ama ara s\u0131ra da \u00e7eki\u015fen sevimli iki karde\u015f. Demir tam bir kitap kurdu&#8230; Bir s\u0131cak yaz g\u00fcn\u00fc, kitaplar\u0131n i\u00e7inde yolculuk<span class=\"excerpt-hellip\"> [\u2026]<\/span><\/p>\n","protected":false},"featured_media":0,"template":"","meta":{"_monsterinsights_skip_tracking":false,"_monsterinsights_sitenote_active":false,"_monsterinsights_sitenote_note":"","_monsterinsights_sitenote_category":0},"product_brand":[],"product_cat":[12274,12284],"product_tag":[],"class_list":{"0":"post-728597","1":"product","2":"type-product","3":"status-publish","5":"product_cat-cocuk-ve-genclik-kitaplari","6":"product_cat-hikayeler","7":"pa_cilt-ciltsiz","8":"pa_tur-kitap","9":"pa_yayinevi-buyulu-fener-yayinlari","10":"pa_yazar-merve-bascumali","12":"first","13":"instock","14":"sale","15":"shipping-taxable","16":"purchasable","17":"product-type-simple"},"_links":{"self":[{"href":"https:\/\/roveyayinevi.com.tr\/index.php\/wp-json\/wp\/v2\/product\/728597","targetHints":{"allow":["GET"]}}],"collection":[{"href":"https:\/\/roveyayinevi.com.tr\/index.php\/wp-json\/wp\/v2\/product"}],"about":[{"href":"https:\/\/roveyayinevi.com.tr\/index.php\/wp-json\/wp\/v2\/types\/product"}],"wp:attachment":[{"href":"https:\/\/roveyayinevi.com.tr\/index.php\/wp-json\/wp\/v2\/media?parent=728597"}],"wp:term":[{"taxonomy":"product_brand","embeddable":true,"href":"https:\/\/roveyayinevi.com.tr\/index.php\/wp-json\/wp\/v2\/product_brand?post=728597"},{"taxonomy":"product_cat","embeddable":true,"href":"https:\/\/roveyayinevi.com.tr\/index.php\/wp-json\/wp\/v2\/product_cat?post=728597"},{"taxonomy":"product_tag","embeddable":true,"href":"https:\/\/roveyayinevi.com.tr\/index.php\/wp-json\/wp\/v2\/product_tag?post=728597"}],"curies":[{"name":"wp","href":"https:\/\/api.w.org\/{rel}","templated":true}]}}