{"id":728583,"date":"2025-08-27T20:41:47","date_gmt":"2025-08-27T17:41:47","guid":{"rendered":"https:\/\/roveyayinevi.com.tr\/index.php\/urun\/iktisat-tarihinin-donusu\/"},"modified":"2026-04-16T02:36:32","modified_gmt":"2026-04-15T23:36:32","slug":"iktisat-tarihinin-donusu","status":"publish","type":"product","link":"https:\/\/roveyayinevi.com.tr\/index.php\/urun\/iktisat-tarihinin-donusu\/","title":{"rendered":"\u0130ktisat Tarihinin D\u00f6n\u00fc\u015f\u00fc"},"content":{"rendered":"<p>Kalk\u0131nma paradigmas\u0131n\u0131n hu\u0308ku\u0308m su\u0308rdu\u0308\u011fu\u0308 1960\u2019lar ve 1970\u2019ler boyunca sosyal bilimler gu\u0308ndeminin \u00f6ne \u00e7\u0131kan alanlar\u0131ndan biri olan iktisat tarihi, sonra bir su\u0308re ilgi oda\u011f\u0131ndan uzakla\u015fm\u0131\u015ft\u0131. 2000\u2019lerde, Daron Acemo\u011flu, Kenneth Pomeranz, Thomas Piketty gibi iktisat\u00e7\u0131lar\u0131n yank\u0131 yaratan \u00e7al\u0131\u015fmalar\u0131, tarihsel analizle iktisat bilimini birle\u015ftiren bak\u0131\u015f a\u00e7\u0131s\u0131n\u0131n a\u00e7abilece\u011fi geni\u015f ufka yeniden dikkat \u00e7ekti. \u0130ktisat Tarihinin D\u00f6nu\u0308\u015fu\u0308, Tu\u0308rkiye\u2019de bu\u0308yu\u0308k \u00f6l\u00e7u\u0308de bireysel \u00e7abalara ba\u011fl\u0131 kalan bu alana olan ilgiyi art\u0131rmay\u0131 ama\u00e7l\u0131yor. Kitapta, tar\u0131m rejimleri, emek ili\u015fkileri, gelir da\u011f\u0131l\u0131m\u0131, du\u0308nyada ve Tu\u0308rkiye\u2019de ge\u00e7 sanayile\u015fme, Tu\u0308rkiye ekonomisinde mesleki yap\u0131sal d\u00f6nu\u0308\u015fu\u0308m, mu\u0308lkiyet, piyasa ve kurumlar, Osmanl\u0131 hukuk tarihi gibi konularda, tarihsel malzemeyi iktisadi bak\u0131\u015f a\u00e7\u0131s\u0131ndan analiz eden makaleler yer al\u0131yor. Alan\u0131n kendi mutfa\u011f\u0131na e\u011filen, iktisat tarihi e\u011fitim ve \u00f6\u011fretimine ili\u015fkin bir inceleme\u2026 Ula\u015f Karako\u00e7 ile Alp Yu\u0308cel Kaya\u2019n\u0131n derlemesinde onlar\u0131n yan\u0131 s\u0131ra Seven A\u011f\u0131r, Hu\u0308lya Canbakal, P\u0131nar Ceylan, Bo\u011fa\u00e7 Ergene, \u00d6zgu\u0308r Bur\u00e7ak Gu\u0308rsoy, M. Erdem Kabaday\u0131, Eyu\u0308p \u00d6zveren, \u00d6zdeniz Pekta\u015f, Yu\u0308cel Terziba\u015fo\u011flu, Onur Y\u0131ld\u0131r\u0131m\u2019\u0131n katk\u0131lar\u0131 ve alan\u0131n usta hocas\u0131 \u015eevket Pamuk\u2019la etrafl\u0131 bir s\u00f6yle\u015fi yer al\u0131yor. \u201cEkonomik krizlerden uluslararas\u0131 ticaret tarihine, co\u011frafi b\u00f6lgeler aras\u0131ndaki e\u015fitsizliklerden hukuk-ekonomi ili\u015fkisine, emek tarihinden piyasa entegrasyonuna \u00e7ok \u00e7e\u015fitli alanlarda\u2026 tarihsel verilere dayanan pek \u00e7ok ara\u015ft\u0131rma yap\u0131ld\u0131. Bugu\u0308n, iktisat tarihi h\u0131zla, iktisat, tarih, siyaset bilimi ve sosyoloji ile diyalog i\u00e7inde olan, zengin ve yarat\u0131c\u0131 bir ara\u015ft\u0131rma gu\u0308ndemine sahip, metodolojik ve teorik \u00e7e\u015fitlili\u011fe sahip bir akademik disipline d\u00f6nu\u0308\u015fu\u0308yor.<\/p>\n","protected":false},"excerpt":{"rendered":"<p>Kalk\u0131nma paradigmas\u0131n\u0131n hu\u0308ku\u0308m su\u0308rdu\u0308\u011fu\u0308 1960\u2019lar ve 1970\u2019ler boyunca sosyal bilimler gu\u0308ndeminin \u00f6ne \u00e7\u0131kan alanlar\u0131ndan biri olan iktisat tarihi, sonra bir su\u0308re ilgi oda\u011f\u0131ndan uzakla\u015fm\u0131\u015ft\u0131. 2000\u2019lerde, Daron<span class=\"excerpt-hellip\"> [\u2026]<\/span><\/p>\n","protected":false},"featured_media":0,"template":"","meta":{"_monsterinsights_skip_tracking":false,"_monsterinsights_sitenote_active":false,"_monsterinsights_sitenote_note":"","_monsterinsights_sitenote_category":0},"product_brand":[],"product_cat":[12370,12304],"product_tag":[],"class_list":{"0":"post-728583","1":"product","2":"type-product","3":"status-publish","5":"product_cat-arastirma-inceleme","6":"product_cat-tarih","7":"pa_cilt-ciltsiz","8":"pa_tur-kitap","9":"pa_yayinevi-iletisim-yayinlari","10":"pa_yazar-alp-yucel-kaya-ulas-karakoc","12":"first","13":"instock","14":"sale","15":"shipping-taxable","16":"purchasable","17":"product-type-simple"},"_links":{"self":[{"href":"https:\/\/roveyayinevi.com.tr\/index.php\/wp-json\/wp\/v2\/product\/728583","targetHints":{"allow":["GET"]}}],"collection":[{"href":"https:\/\/roveyayinevi.com.tr\/index.php\/wp-json\/wp\/v2\/product"}],"about":[{"href":"https:\/\/roveyayinevi.com.tr\/index.php\/wp-json\/wp\/v2\/types\/product"}],"wp:attachment":[{"href":"https:\/\/roveyayinevi.com.tr\/index.php\/wp-json\/wp\/v2\/media?parent=728583"}],"wp:term":[{"taxonomy":"product_brand","embeddable":true,"href":"https:\/\/roveyayinevi.com.tr\/index.php\/wp-json\/wp\/v2\/product_brand?post=728583"},{"taxonomy":"product_cat","embeddable":true,"href":"https:\/\/roveyayinevi.com.tr\/index.php\/wp-json\/wp\/v2\/product_cat?post=728583"},{"taxonomy":"product_tag","embeddable":true,"href":"https:\/\/roveyayinevi.com.tr\/index.php\/wp-json\/wp\/v2\/product_tag?post=728583"}],"curies":[{"name":"wp","href":"https:\/\/api.w.org\/{rel}","templated":true}]}}