{"id":728578,"date":"2025-08-27T20:41:42","date_gmt":"2025-08-27T17:41:42","guid":{"rendered":"https:\/\/roveyayinevi.com.tr\/index.php\/urun\/kitapci\/"},"modified":"2026-04-16T02:36:32","modified_gmt":"2026-04-15T23:36:32","slug":"kitapci","status":"publish","type":"product","link":"https:\/\/roveyayinevi.com.tr\/index.php\/urun\/kitapci\/","title":{"rendered":"Kitap\u00e7\u0131"},"content":{"rendered":"<p>Romanc\u0131 Sel\u00e7uk \u00d6zyurt; Kitap\u00e7\u0131 roman\u0131yla gizemli bir d\u00fcnyan\u0131n kap\u0131lar\u0131n\u0131 aral\u0131yor bize&#8230; Can babas\u0131n\u0131n bask\u0131s\u0131yla Hukuk Fak\u00fcltesi&#8217;ni kazan\u0131r. Ba\u015far\u0131l\u0131 bir \u015fekilde okuldan mezun olur. Fakat onun hayalinde avukat olmak de\u011fil, iyi bir kitabevi a\u00e7mak vard\u0131r. Zamanla \u0130stanbul&#8217;un en g\u00fczel caddelerinden \u0130stiklal Caddesi&#8217;nde l\u00fcks bir kitabevi a\u00e7ar. Gittili geldili a\u015fklar, g\u00fcndelik birliktelikler ruhsal d\u00fcnyas\u0131na mutluluk vermez. G\u00fcn\u00fcn birinde hi\u00e7 tan\u0131mad\u0131\u011f\u0131 bir adam\u0131, gasp\u00e7\u0131lar\u0131n elinden s\u00f6k\u00fcp al\u0131r. Gizemli Osman Bey, Can&#8217;\u0131 farkl\u0131 bir ya\u015famla tan\u0131\u015ft\u0131r\u0131r&#8230; Yeni bak\u0131\u015f a\u00e7\u0131s\u0131 onu t\u0131ls\u0131ml\u0131 olaylar\u0131n i\u00e7ine \u00e7eker, farkl\u0131 kap\u0131lara y\u00f6nlendirir.<\/p>\n","protected":false},"excerpt":{"rendered":"<p>Romanc\u0131 Sel\u00e7uk \u00d6zyurt; Kitap\u00e7\u0131 roman\u0131yla gizemli bir d\u00fcnyan\u0131n kap\u0131lar\u0131n\u0131 aral\u0131yor bize&#8230; Can babas\u0131n\u0131n bask\u0131s\u0131yla Hukuk Fak\u00fcltesi&#8217;ni kazan\u0131r. Ba\u015far\u0131l\u0131 bir \u015fekilde okuldan mezun olur. Fakat onun hayalinde<span class=\"excerpt-hellip\"> [\u2026]<\/span><\/p>\n","protected":false},"featured_media":0,"template":"","meta":{"_monsterinsights_skip_tracking":false,"_monsterinsights_sitenote_active":false,"_monsterinsights_sitenote_note":"","_monsterinsights_sitenote_category":0},"product_brand":[],"product_cat":[12291,12711],"product_tag":[],"class_list":{"0":"post-728578","1":"product","2":"type-product","3":"status-publish","5":"product_cat-edebiyat","6":"product_cat-roman-oyku","7":"pa_cilt-ciltsiz","8":"pa_tur-kitap","9":"pa_yayinevi-biyografi-net-yayincilik","10":"pa_yazar-selcuk-ozyurt","12":"first","13":"instock","14":"sale","15":"shipping-taxable","16":"purchasable","17":"product-type-simple"},"_links":{"self":[{"href":"https:\/\/roveyayinevi.com.tr\/index.php\/wp-json\/wp\/v2\/product\/728578","targetHints":{"allow":["GET"]}}],"collection":[{"href":"https:\/\/roveyayinevi.com.tr\/index.php\/wp-json\/wp\/v2\/product"}],"about":[{"href":"https:\/\/roveyayinevi.com.tr\/index.php\/wp-json\/wp\/v2\/types\/product"}],"wp:attachment":[{"href":"https:\/\/roveyayinevi.com.tr\/index.php\/wp-json\/wp\/v2\/media?parent=728578"}],"wp:term":[{"taxonomy":"product_brand","embeddable":true,"href":"https:\/\/roveyayinevi.com.tr\/index.php\/wp-json\/wp\/v2\/product_brand?post=728578"},{"taxonomy":"product_cat","embeddable":true,"href":"https:\/\/roveyayinevi.com.tr\/index.php\/wp-json\/wp\/v2\/product_cat?post=728578"},{"taxonomy":"product_tag","embeddable":true,"href":"https:\/\/roveyayinevi.com.tr\/index.php\/wp-json\/wp\/v2\/product_tag?post=728578"}],"curies":[{"name":"wp","href":"https:\/\/api.w.org\/{rel}","templated":true}]}}