{"id":728576,"date":"2025-08-27T20:41:40","date_gmt":"2025-08-27T17:41:40","guid":{"rendered":"https:\/\/roveyayinevi.com.tr\/index.php\/urun\/ejder-doktoru-joan-procter\/"},"modified":"2026-04-16T02:36:32","modified_gmt":"2026-04-15T23:36:32","slug":"ejder-doktoru-joan-procter","status":"publish","type":"product","link":"https:\/\/roveyayinevi.com.tr\/index.php\/urun\/ejder-doktoru-joan-procter\/","title":{"rendered":"Ejder Doktoru Joan Procter"},"content":{"rendered":"<p>Joan Procter, k\u00fc\u00e7\u00fck bir k\u0131zken verdi\u011fi \u00e7ay davetlerinde, en s\u0131ra d\u0131\u015f\u0131 davetlileri a\u011f\u0131rlard\u0131. Bebekler ve prensesler yerine evcil kertenkeleleriyle vakit ge\u00e7irmeyi severdi. En sevdi\u011fi kertenkelesini her yere g\u00f6t\u00fcr\u00fcrd\u00fc, hatta bir keresinde okula timsah\u0131yla birlikte gitmi\u015fti! Joan\u2019\u0131n s\u00fcr\u00fcngenlere olan bu tutkusu, b\u00fcy\u00fcd\u00fc\u011f\u00fcnde onu Do\u011fa Tarihi M\u00fczesi\u2019ne ve Londra Hayvanat Bah\u00e7esi\u2019ne kadar g\u00f6t\u00fcrd\u00fc. K\u0131sa s\u00fcre sonra bu hayvanat bah\u00e7esinin S\u00fcr\u00fcngenler B\u00f6l\u00fcm\u00fc\u2019n\u00fcn ilk kad\u0131n m\u00fcd\u00fcr\u00fc oldu. Herkesin \u00f6d\u00fcn\u00fc koparan Komodo ejderleriyle bile yak\u0131ndan ilgilenen Joan, bu hayvanlar\u0131n sahip oldu\u011fu g\u00fczelli\u011fi herkesin anlamas\u0131n\u0131 sa\u011flad\u0131.   Joan Procter\u2019\u0131n hayat\u0131n\u0131 ve eserlerini anmay\u0131 ama\u00e7layan bu kitapta Patricia Valdez ve Felicita Sala, ya\u015fad\u0131\u011f\u0131 devirde d\u00fcnya \u00e7ap\u0131nda yank\u0131 uyand\u0131ran ve ard\u0131nda b\u0131rakt\u0131\u011f\u0131 mirasla d\u00fcnyan\u0131n d\u00f6rt bir yan\u0131ndaki kad\u0131n zoologlar\u0131n yolunu ayd\u0131nlatan bu \u00f6nc\u00fc bilim insan\u0131n\u0131n \u00f6yk\u00fcs\u00fcn\u00fc anlat\u0131yorlar. <\/p>\n","protected":false},"excerpt":{"rendered":"<p>Joan Procter, k\u00fc\u00e7\u00fck bir k\u0131zken verdi\u011fi \u00e7ay davetlerinde, en s\u0131ra d\u0131\u015f\u0131 davetlileri a\u011f\u0131rlard\u0131. Bebekler ve prensesler yerine evcil kertenkeleleriyle vakit ge\u00e7irmeyi severdi. En sevdi\u011fi kertenkelesini her<span class=\"excerpt-hellip\"> [\u2026]<\/span><\/p>\n","protected":false},"featured_media":0,"template":"","meta":{"_monsterinsights_skip_tracking":false,"_monsterinsights_sitenote_active":false,"_monsterinsights_sitenote_note":"","_monsterinsights_sitenote_category":0},"product_brand":[],"product_cat":[12275,12274],"product_tag":[],"class_list":{"0":"post-728576","1":"product","2":"type-product","3":"status-publish","5":"product_cat-6-12-yas-kitaplari","6":"product_cat-cocuk-ve-genclik-kitaplari","7":"pa_cilt-ciltsiz","8":"pa_tur-kitap","9":"pa_yayinevi-ithaki-yayinlari","10":"pa_yazar-patricia-valdez","12":"first","13":"instock","14":"sale","15":"shipping-taxable","16":"purchasable","17":"product-type-simple"},"_links":{"self":[{"href":"https:\/\/roveyayinevi.com.tr\/index.php\/wp-json\/wp\/v2\/product\/728576","targetHints":{"allow":["GET"]}}],"collection":[{"href":"https:\/\/roveyayinevi.com.tr\/index.php\/wp-json\/wp\/v2\/product"}],"about":[{"href":"https:\/\/roveyayinevi.com.tr\/index.php\/wp-json\/wp\/v2\/types\/product"}],"wp:attachment":[{"href":"https:\/\/roveyayinevi.com.tr\/index.php\/wp-json\/wp\/v2\/media?parent=728576"}],"wp:term":[{"taxonomy":"product_brand","embeddable":true,"href":"https:\/\/roveyayinevi.com.tr\/index.php\/wp-json\/wp\/v2\/product_brand?post=728576"},{"taxonomy":"product_cat","embeddable":true,"href":"https:\/\/roveyayinevi.com.tr\/index.php\/wp-json\/wp\/v2\/product_cat?post=728576"},{"taxonomy":"product_tag","embeddable":true,"href":"https:\/\/roveyayinevi.com.tr\/index.php\/wp-json\/wp\/v2\/product_tag?post=728576"}],"curies":[{"name":"wp","href":"https:\/\/api.w.org\/{rel}","templated":true}]}}