{"id":728555,"date":"2025-08-27T20:41:23","date_gmt":"2025-08-27T17:41:23","guid":{"rendered":"https:\/\/roveyayinevi.com.tr\/index.php\/urun\/hayvan-ciftligi-9\/"},"modified":"2026-04-16T02:36:32","modified_gmt":"2026-04-15T23:36:32","slug":"hayvan-ciftligi-9","status":"publish","type":"product","link":"https:\/\/roveyayinevi.com.tr\/index.php\/urun\/hayvan-ciftligi-9\/","title":{"rendered":"Hayvan \u00c7iftli\u011fi"},"content":{"rendered":"<p>Hayvan \u00c7iftli\u011fi George Orwell\u2019\u0131n g\u00fc\u00e7, iktidar sorgusuyla birlikte; e\u015fitlik\u00e7i bir d\u00fcnyan\u0131n nas\u0131l kurulabilece\u011fine dair \u00f6ng\u00f6r\u00fclerini de i\u00e7eren \u00fctopik roman\u0131d\u0131r. Bir Peri Masal\u0131 alt ba\u015fl\u0131\u011f\u0131n\u0131 verdi\u011fi roman\u0131nda hayvanlar\u0131n d\u00fcnyas\u0131ndan yola \u00e7\u0131karak zaman\u0131n ruhunu yans\u0131tan ger\u00e7eklerden s\u00f6z eder. \u00d6zellikle de \u201cso\u011fuk sava\u015f\u201d d\u00f6neminin savruntusundaki ya\u015fam ve zihin karma\u015fas\u0131n\u0131, alt\u00fcst olu\u015flar\u0131; i\u00e7te ve d\u0131\u015fta ya\u015fanan olma\/oldurma durumlar\u0131n\u0131 hayvanlar\u0131n d\u00fcnyas\u0131ndan insanile\u015ftirerek anlatmas\u0131ndaki ironi ise ele\u015ftirel oldu\u011fu kadar itirazlar\u0131n\u0131 da i\u00e7erir Orwell\u2019\u0131n. Hayvan \u00c7iftli\u011fi roman\u0131 her daim s\u00fcren insanl\u0131k sava\u015f\u0131na bir \u201c\u00f6ns\u00f6z\u201dd\u00fcr adeta. \u201cOrwell, \u2018Ger\u00e7ek kavga hayvanlarla insanlar aras\u0131ndayd\u0131,\u2019 demi\u015f. \u0130lk d\u00fc\u015f\u00fcnce olarak bu do\u011fru olabilir ama biz \u00f6yk\u00fcy\u00fc okuyunca kavgan\u0131n \u201cb\u00fct\u00fcn\u201d insanlarla \u201cb\u00fct\u00fcn\u201d hayvanlar aras\u0131nda olmad\u0131\u011f\u0131n\u0131 g\u00f6r\u00fcyoruz. Evet, bir kavga var ama bu b\u00fct\u00fcn insanlarla b\u00fct\u00fcn hayvanlar aras\u0131nda bir kavga de\u011fildir. Baz\u0131 hayvanlarla baz\u0131 insanlar aras\u0131ndad\u0131r.\u201d <\/p>\n","protected":false},"excerpt":{"rendered":"<p>Hayvan \u00c7iftli\u011fi George Orwell\u2019\u0131n g\u00fc\u00e7, iktidar sorgusuyla birlikte; e\u015fitlik\u00e7i bir d\u00fcnyan\u0131n nas\u0131l kurulabilece\u011fine dair \u00f6ng\u00f6r\u00fclerini de i\u00e7eren \u00fctopik roman\u0131d\u0131r. Bir Peri Masal\u0131 alt ba\u015fl\u0131\u011f\u0131n\u0131 verdi\u011fi roman\u0131nda<span class=\"excerpt-hellip\"> [\u2026]<\/span><\/p>\n","protected":false},"featured_media":0,"template":"","meta":{"_monsterinsights_skip_tracking":false,"_monsterinsights_sitenote_active":false,"_monsterinsights_sitenote_note":"","_monsterinsights_sitenote_category":0},"product_brand":[],"product_cat":[12291,12711],"product_tag":[],"class_list":{"0":"post-728555","1":"product","2":"type-product","3":"status-publish","5":"product_cat-edebiyat","6":"product_cat-roman-oyku","7":"pa_cilt-ciltsiz","8":"pa_tur-kitap","9":"pa_yayinevi-eksik-parca-yayinlari","10":"pa_yazar-george-orwell","12":"first","13":"instock","14":"sale","15":"shipping-taxable","16":"purchasable","17":"product-type-simple"},"_links":{"self":[{"href":"https:\/\/roveyayinevi.com.tr\/index.php\/wp-json\/wp\/v2\/product\/728555","targetHints":{"allow":["GET"]}}],"collection":[{"href":"https:\/\/roveyayinevi.com.tr\/index.php\/wp-json\/wp\/v2\/product"}],"about":[{"href":"https:\/\/roveyayinevi.com.tr\/index.php\/wp-json\/wp\/v2\/types\/product"}],"wp:attachment":[{"href":"https:\/\/roveyayinevi.com.tr\/index.php\/wp-json\/wp\/v2\/media?parent=728555"}],"wp:term":[{"taxonomy":"product_brand","embeddable":true,"href":"https:\/\/roveyayinevi.com.tr\/index.php\/wp-json\/wp\/v2\/product_brand?post=728555"},{"taxonomy":"product_cat","embeddable":true,"href":"https:\/\/roveyayinevi.com.tr\/index.php\/wp-json\/wp\/v2\/product_cat?post=728555"},{"taxonomy":"product_tag","embeddable":true,"href":"https:\/\/roveyayinevi.com.tr\/index.php\/wp-json\/wp\/v2\/product_tag?post=728555"}],"curies":[{"name":"wp","href":"https:\/\/api.w.org\/{rel}","templated":true}]}}