{"id":728546,"date":"2025-08-27T20:41:16","date_gmt":"2025-08-27T17:41:16","guid":{"rendered":"https:\/\/roveyayinevi.com.tr\/index.php\/urun\/sayilar-ve-baglantilar\/"},"modified":"2026-04-16T02:36:32","modified_gmt":"2026-04-15T23:36:32","slug":"sayilar-ve-baglantilar","status":"publish","type":"product","link":"https:\/\/roveyayinevi.com.tr\/index.php\/urun\/sayilar-ve-baglantilar\/","title":{"rendered":"Say\u0131lar ve Ba\u011flant\u0131lar"},"content":{"rendered":"<p>Asal say\u0131lar, \u00fc\u00e7gensel say\u0131lar, Fibonacci say\u0131lar\u0131\u2026 Say\u0131 dizilerinin en me\u015fhur olanlar\u0131&#8230; Matemati\u011fe ilgi duyan ki\u015filerin bir nevi bulu\u015fma istasyonu&#8230; Adeta matematiksel bir rekreasyon alan\u0131&#8230; Evet&#8230; \u015eimdi bir bulu\u015fma ayarl\u0131yoruz: Yer belli. <\/p>\n","protected":false},"excerpt":{"rendered":"<p>Asal say\u0131lar, \u00fc\u00e7gensel say\u0131lar, Fibonacci say\u0131lar\u0131\u2026 Say\u0131 dizilerinin en me\u015fhur olanlar\u0131&#8230; Matemati\u011fe ilgi duyan ki\u015filerin bir nevi bulu\u015fma istasyonu&#8230; Adeta matematiksel bir rekreasyon alan\u0131&#8230; Evet&#8230; \u015eimdi<span class=\"excerpt-hellip\"> [\u2026]<\/span><\/p>\n","protected":false},"featured_media":0,"template":"","meta":{"_monsterinsights_skip_tracking":false,"_monsterinsights_sitenote_active":false,"_monsterinsights_sitenote_note":"","_monsterinsights_sitenote_category":0},"product_brand":[],"product_cat":[13005,16724],"product_tag":[],"class_list":{"0":"post-728546","1":"product","2":"type-product","3":"status-publish","5":"product_cat-bilim-muhendislik","6":"product_cat-matematik","7":"pa_cilt-ciltsiz","8":"pa_tur-kitap","9":"pa_yayinevi-luna-yayinlari","10":"pa_yazar-burak-muslu","12":"first","13":"instock","14":"sale","15":"shipping-taxable","16":"purchasable","17":"product-type-simple"},"_links":{"self":[{"href":"https:\/\/roveyayinevi.com.tr\/index.php\/wp-json\/wp\/v2\/product\/728546","targetHints":{"allow":["GET"]}}],"collection":[{"href":"https:\/\/roveyayinevi.com.tr\/index.php\/wp-json\/wp\/v2\/product"}],"about":[{"href":"https:\/\/roveyayinevi.com.tr\/index.php\/wp-json\/wp\/v2\/types\/product"}],"wp:attachment":[{"href":"https:\/\/roveyayinevi.com.tr\/index.php\/wp-json\/wp\/v2\/media?parent=728546"}],"wp:term":[{"taxonomy":"product_brand","embeddable":true,"href":"https:\/\/roveyayinevi.com.tr\/index.php\/wp-json\/wp\/v2\/product_brand?post=728546"},{"taxonomy":"product_cat","embeddable":true,"href":"https:\/\/roveyayinevi.com.tr\/index.php\/wp-json\/wp\/v2\/product_cat?post=728546"},{"taxonomy":"product_tag","embeddable":true,"href":"https:\/\/roveyayinevi.com.tr\/index.php\/wp-json\/wp\/v2\/product_tag?post=728546"}],"curies":[{"name":"wp","href":"https:\/\/api.w.org\/{rel}","templated":true}]}}