{"id":728538,"date":"2025-08-27T20:41:11","date_gmt":"2025-08-27T17:41:11","guid":{"rendered":"https:\/\/roveyayinevi.com.tr\/index.php\/urun\/anayasa-mahkemesinde-bireysel-basvuru\/"},"modified":"2026-04-16T02:36:31","modified_gmt":"2026-04-15T23:36:31","slug":"anayasa-mahkemesinde-bireysel-basvuru","status":"publish","type":"product","link":"https:\/\/roveyayinevi.com.tr\/index.php\/urun\/anayasa-mahkemesinde-bireysel-basvuru\/","title":{"rendered":"Anayasa Mahkemesinde Bireysel Ba\u015fvuru"},"content":{"rendered":"<p>Birinci B\u00f6l\u00fcm \u2013 Temel Hak Ve \u00d6zg\u00fcrl\u00fckler A\u00e7\u0131s\u0131ndan M\u00fckellef Haklar\u0131 \u0130kinci B\u00f6l\u00fcm \u2013 Vergi Uyu\u015fmazl\u0131klar\u0131n\u0131n \u00c7\u00f6z\u00fcm S\u00fcrecinde M\u00fckellef Haklar\u0131n\u0131n Korunmas\u0131 A\u00e7\u0131s\u0131ndan Anayasa Mahkemesine Bireysel Ba\u015fvuru \u00dc\u00e7\u00fcnc\u00fc B\u00f6l\u00fcm \u2013 M\u00fckellef Hak  ve \u00d6zg\u00fcrl\u00fcklerinin Bireysel Ba\u015fvuru Yoluyla Korunmas\u0131na \u0130li\u015fkin Kararlar\u0131n De\u011ferlendirilmesi <\/p>\n","protected":false},"excerpt":{"rendered":"<p>Birinci B\u00f6l\u00fcm \u2013 Temel Hak Ve \u00d6zg\u00fcrl\u00fckler A\u00e7\u0131s\u0131ndan M\u00fckellef Haklar\u0131 \u0130kinci B\u00f6l\u00fcm \u2013 Vergi Uyu\u015fmazl\u0131klar\u0131n\u0131n \u00c7\u00f6z\u00fcm S\u00fcrecinde M\u00fckellef Haklar\u0131n\u0131n Korunmas\u0131 A\u00e7\u0131s\u0131ndan Anayasa Mahkemesine Bireysel Ba\u015fvuru \u00dc\u00e7\u00fcnc\u00fc<span class=\"excerpt-hellip\"> [\u2026]<\/span><\/p>\n","protected":false},"featured_media":0,"template":"","meta":{"_monsterinsights_skip_tracking":false,"_monsterinsights_sitenote_active":false,"_monsterinsights_sitenote_note":"","_monsterinsights_sitenote_category":0},"product_brand":[],"product_cat":[15350,17583],"product_tag":[],"class_list":{"0":"post-728538","1":"product","2":"type-product","3":"status-publish","5":"product_cat-hukuk","6":"product_cat-kanun-ve-uygulama-kitaplari","7":"pa_cilt-ciltsiz","8":"pa_tur-kitap","9":"pa_yayinevi-gazi-kitabevi","10":"pa_yazar-oznur-akyol-bulut","12":"first","13":"instock","14":"sale","15":"shipping-taxable","16":"purchasable","17":"product-type-simple"},"_links":{"self":[{"href":"https:\/\/roveyayinevi.com.tr\/index.php\/wp-json\/wp\/v2\/product\/728538","targetHints":{"allow":["GET"]}}],"collection":[{"href":"https:\/\/roveyayinevi.com.tr\/index.php\/wp-json\/wp\/v2\/product"}],"about":[{"href":"https:\/\/roveyayinevi.com.tr\/index.php\/wp-json\/wp\/v2\/types\/product"}],"wp:attachment":[{"href":"https:\/\/roveyayinevi.com.tr\/index.php\/wp-json\/wp\/v2\/media?parent=728538"}],"wp:term":[{"taxonomy":"product_brand","embeddable":true,"href":"https:\/\/roveyayinevi.com.tr\/index.php\/wp-json\/wp\/v2\/product_brand?post=728538"},{"taxonomy":"product_cat","embeddable":true,"href":"https:\/\/roveyayinevi.com.tr\/index.php\/wp-json\/wp\/v2\/product_cat?post=728538"},{"taxonomy":"product_tag","embeddable":true,"href":"https:\/\/roveyayinevi.com.tr\/index.php\/wp-json\/wp\/v2\/product_tag?post=728538"}],"curies":[{"name":"wp","href":"https:\/\/api.w.org\/{rel}","templated":true}]}}