{"id":728495,"date":"2025-08-27T20:40:30","date_gmt":"2025-08-27T17:40:30","guid":{"rendered":"https:\/\/roveyayinevi.com.tr\/index.php\/urun\/katalonyaya-selam\/"},"modified":"2026-04-16T02:36:30","modified_gmt":"2026-04-15T23:36:30","slug":"katalonyaya-selam","status":"publish","type":"product","link":"https:\/\/roveyayinevi.com.tr\/index.php\/urun\/katalonyaya-selam\/","title":{"rendered":"Katalonya\u2019ya Selam"},"content":{"rendered":"<p>George Orwell\u2019in \u0130spanya\u2019da anti-Stalinci milislerin aras\u0131nda, General Franco\u2019ya kar\u015f\u0131 direni\u015f s\u0131ras\u0131nda ya\u015fad\u0131klar\u0131, politik d\u00fc\u015f\u00fcnceleri i\u00e7in kilit bir noktadayd\u0131. Kendisinin daha sonra Barselona\u2019da ya\u015fad\u0131klar\u0131na dair, \u201c\u0130lgin\u00e7 bir \u015fekilde b\u00fct\u00fcn bu deneyim beni insanl\u0131\u011f\u0131n iyili\u011fine daha az de\u011fil, tersine daha fazla inand\u0131rd\u0131,\u201d diyece\u011fi olaylar\u0131 anlatt\u0131\u011f\u0131 Katalonya\u2019ya Selam, yay\u0131mland\u0131\u011f\u0131nda ticari a\u00e7\u0131dan ba\u015far\u0131s\u0131z olsa da g\u00fcn\u00fcm\u00fczde \u0130spanya \u0130\u00e7 Sava\u015f\u0131 dendi\u011finde okunmas\u0131 gereken bir klasik mertebesine y\u00fckseldi.George Orwell 1936\u2019da \u0130spanya\u2019ya gitti\u011finde i\u00e7 sava\u015f hakk\u0131nda gazetecilik yapmay\u0131 planl\u0131yordu ama kendini orada bulunca General Franco\u2019ya kar\u015f\u0131 milislerin yan\u0131nda yer ald\u0131. O d\u00f6nemden sonra yazd\u0131\u011f\u0131 her ciddi eserin do\u011frudan ya da dolayl\u0131 olarak totaliteryanizme kar\u015f\u0131, demokratik sosyalizmin yan\u0131nda oldu\u011funu s\u00f6yleyen Orwell\u2019in yenilgiyle sona eren bu direni\u015fte bizzat ya\u015fad\u0131klar\u0131n\u0131 anlatt\u0131\u011f\u0131 Katalonya\u2019ya Selam bir isyan\u0131n umutlar\u0131, ihanetleri ve milis hayat\u0131n\u0131n tabiat\u0131na dair m\u00fchim bir tarihi belge.\u201cOrwell\u2019in en iyi eseri, belki de \u0130spanya \u0130\u00e7 Sava\u015f\u0131\u2019na dair en iyi kitap.\u201d \u2013The New Yorker\u201cOkundu\u011funda bir daha unutulmayacak bir kitap.\u201d \u2013Chicago Sunday Tribune <\/p>\n","protected":false},"excerpt":{"rendered":"<p>George Orwell\u2019in \u0130spanya\u2019da anti-Stalinci milislerin aras\u0131nda, General Franco\u2019ya kar\u015f\u0131 direni\u015f s\u0131ras\u0131nda ya\u015fad\u0131klar\u0131, politik d\u00fc\u015f\u00fcnceleri i\u00e7in kilit bir noktadayd\u0131. Kendisinin daha sonra Barselona\u2019da ya\u015fad\u0131klar\u0131na dair, \u201c\u0130lgin\u00e7 bir<span class=\"excerpt-hellip\"> [\u2026]<\/span><\/p>\n","protected":false},"featured_media":0,"template":"","meta":{"_monsterinsights_skip_tracking":false,"_monsterinsights_sitenote_active":false,"_monsterinsights_sitenote_note":"","_monsterinsights_sitenote_category":0},"product_brand":[],"product_cat":[12291,12711],"product_tag":[],"class_list":{"0":"post-728495","1":"product","2":"type-product","3":"status-publish","5":"product_cat-edebiyat","6":"product_cat-roman-oyku","7":"pa_cilt-ciltsiz","8":"pa_tur-kitap","9":"pa_yayinevi-ithaki-yayinlari","10":"pa_yazar-george-orwell","12":"first","13":"instock","14":"sale","15":"shipping-taxable","16":"purchasable","17":"product-type-simple"},"_links":{"self":[{"href":"https:\/\/roveyayinevi.com.tr\/index.php\/wp-json\/wp\/v2\/product\/728495","targetHints":{"allow":["GET"]}}],"collection":[{"href":"https:\/\/roveyayinevi.com.tr\/index.php\/wp-json\/wp\/v2\/product"}],"about":[{"href":"https:\/\/roveyayinevi.com.tr\/index.php\/wp-json\/wp\/v2\/types\/product"}],"wp:attachment":[{"href":"https:\/\/roveyayinevi.com.tr\/index.php\/wp-json\/wp\/v2\/media?parent=728495"}],"wp:term":[{"taxonomy":"product_brand","embeddable":true,"href":"https:\/\/roveyayinevi.com.tr\/index.php\/wp-json\/wp\/v2\/product_brand?post=728495"},{"taxonomy":"product_cat","embeddable":true,"href":"https:\/\/roveyayinevi.com.tr\/index.php\/wp-json\/wp\/v2\/product_cat?post=728495"},{"taxonomy":"product_tag","embeddable":true,"href":"https:\/\/roveyayinevi.com.tr\/index.php\/wp-json\/wp\/v2\/product_tag?post=728495"}],"curies":[{"name":"wp","href":"https:\/\/api.w.org\/{rel}","templated":true}]}}