{"id":728485,"date":"2025-08-27T20:40:21","date_gmt":"2025-08-27T17:40:21","guid":{"rendered":"https:\/\/roveyayinevi.com.tr\/index.php\/urun\/rolun-agir\/"},"modified":"2026-04-16T02:36:30","modified_gmt":"2026-04-15T23:36:30","slug":"rolun-agir","status":"publish","type":"product","link":"https:\/\/roveyayinevi.com.tr\/index.php\/urun\/rolun-agir\/","title":{"rendered":"Rol\u00fcn A\u011f\u0131r"},"content":{"rendered":"<p>Obeziteyi sosyal boyutuyla ele alan elinizdeki kitap; obeziteli bireylerin birer say\u0131 ve istatistik olarak tan\u0131mland\u0131klar\u0131 ara\u015ft\u0131rma ve haberlerden farkl\u0131 olarak, onlar\u0131n maruz kald\u0131\u011f\u0131 damgalama pratiklerine,  ayr\u0131mc\u0131 davran\u0131\u015f ve s\u00f6ylem bi\u00e7imlerine odaklan\u0131yor. Sessiz \u00e7\u0131\u011fl\u0131klara ses olmay\u0131 ama\u00e7layan kitap, obeziteli bireylerin g\u00f6r\u00fc\u015flerine ba\u015fvurarak, ya\u015fananlar\u0131, hayalleri-hayal k\u0131r\u0131kl\u0131klar\u0131n\u0131, olanlar\u0131-olmayanlar\u0131 ve olmas\u0131 beklenenleri ele alan ilk \u00e7al\u0131\u015fma olma \u00f6zelli\u011fini ta\u015f\u0131yor<\/p>\n","protected":false},"excerpt":{"rendered":"<p>Obeziteyi sosyal boyutuyla ele alan elinizdeki kitap; obeziteli bireylerin birer say\u0131 ve istatistik olarak tan\u0131mland\u0131klar\u0131 ara\u015ft\u0131rma ve haberlerden farkl\u0131 olarak, onlar\u0131n maruz kald\u0131\u011f\u0131 damgalama pratiklerine, ayr\u0131mc\u0131<span class=\"excerpt-hellip\"> [\u2026]<\/span><\/p>\n","protected":false},"featured_media":0,"template":"","meta":{"_monsterinsights_skip_tracking":false,"_monsterinsights_sitenote_active":false,"_monsterinsights_sitenote_note":"","_monsterinsights_sitenote_category":0},"product_brand":[],"product_cat":[13402,13365],"product_tag":[],"class_list":{"0":"post-728485","1":"product","2":"type-product","3":"status-publish","5":"product_cat-beslenme-ve-diyet","6":"product_cat-saglik","7":"pa_cilt-ciltsiz","8":"pa_tur-kitap","9":"pa_yayinevi-kapital-kitaplari","10":"pa_yazar-kapital-kitaplari-kolektif","12":"first","13":"instock","14":"sale","15":"shipping-taxable","16":"purchasable","17":"product-type-simple"},"_links":{"self":[{"href":"https:\/\/roveyayinevi.com.tr\/index.php\/wp-json\/wp\/v2\/product\/728485","targetHints":{"allow":["GET"]}}],"collection":[{"href":"https:\/\/roveyayinevi.com.tr\/index.php\/wp-json\/wp\/v2\/product"}],"about":[{"href":"https:\/\/roveyayinevi.com.tr\/index.php\/wp-json\/wp\/v2\/types\/product"}],"wp:attachment":[{"href":"https:\/\/roveyayinevi.com.tr\/index.php\/wp-json\/wp\/v2\/media?parent=728485"}],"wp:term":[{"taxonomy":"product_brand","embeddable":true,"href":"https:\/\/roveyayinevi.com.tr\/index.php\/wp-json\/wp\/v2\/product_brand?post=728485"},{"taxonomy":"product_cat","embeddable":true,"href":"https:\/\/roveyayinevi.com.tr\/index.php\/wp-json\/wp\/v2\/product_cat?post=728485"},{"taxonomy":"product_tag","embeddable":true,"href":"https:\/\/roveyayinevi.com.tr\/index.php\/wp-json\/wp\/v2\/product_tag?post=728485"}],"curies":[{"name":"wp","href":"https:\/\/api.w.org\/{rel}","templated":true}]}}