{"id":728475,"date":"2025-08-27T20:40:13","date_gmt":"2025-08-27T17:40:13","guid":{"rendered":"https:\/\/roveyayinevi.com.tr\/index.php\/urun\/kirmizi-ayakkabi-kulubu-sonsuza-dek-arkadas-ciltli\/"},"modified":"2026-04-16T02:36:01","modified_gmt":"2026-04-15T23:36:01","slug":"kirmizi-ayakkabi-kulubu-sonsuza-dek-arkadas-ciltli","status":"publish","type":"product","link":"https:\/\/roveyayinevi.com.tr\/index.php\/urun\/kirmizi-ayakkabi-kulubu-sonsuza-dek-arkadas-ciltli\/","title":{"rendered":"K\u0131rm\u0131z\u0131 Ayakkab\u0131 Kul\u00fcb\u00fc &#8211; Sonsuza Dek Arkada\u015f (Ciltli)"},"content":{"rendered":"<p>Frida arkada\u015flar\u0131 Lucia, Bea ve Marta\u2019ya k\u00f6t\u00fc bir haber verir: Planlad\u0131klar\u0131 yaz kamp\u0131na gelemeyecektir! Ama k\u0131zlar a\u011fustosta on be\u015f g\u00fcn\u00fc ge\u00e7irmek i\u00e7in ellerinden gelen her \u015feyi yapacakt\u0131r\u2026 K\u0131rm\u0131z\u0131 Ayakkab\u0131 Kul\u00fcb\u00fc kolay kolay vazge\u00e7mez ! <\/p>\n","protected":false},"excerpt":{"rendered":"<p>Frida arkada\u015flar\u0131 Lucia, Bea ve Marta\u2019ya k\u00f6t\u00fc bir haber verir: Planlad\u0131klar\u0131 yaz kamp\u0131na gelemeyecektir! Ama k\u0131zlar a\u011fustosta on be\u015f g\u00fcn\u00fc ge\u00e7irmek i\u00e7in ellerinden gelen her \u015feyi<span class=\"excerpt-hellip\"> [\u2026]<\/span><\/p>\n","protected":false},"featured_media":0,"template":"","meta":{"_monsterinsights_skip_tracking":false,"_monsterinsights_sitenote_active":false,"_monsterinsights_sitenote_note":"","_monsterinsights_sitenote_category":0},"product_brand":[],"product_cat":[12291,50487],"product_tag":[],"class_list":{"0":"post-728475","1":"product","2":"type-product","3":"status-publish","5":"product_cat-edebiyat","6":"product_cat-kurgu","7":"pa_cilt-ciltli","8":"pa_tur-kitap","9":"pa_yayinevi-epsilon-yayinlari","10":"pa_yazar-ana-punset","12":"first","13":"instock","14":"sale","15":"shipping-taxable","16":"purchasable","17":"product-type-simple"},"_links":{"self":[{"href":"https:\/\/roveyayinevi.com.tr\/index.php\/wp-json\/wp\/v2\/product\/728475","targetHints":{"allow":["GET"]}}],"collection":[{"href":"https:\/\/roveyayinevi.com.tr\/index.php\/wp-json\/wp\/v2\/product"}],"about":[{"href":"https:\/\/roveyayinevi.com.tr\/index.php\/wp-json\/wp\/v2\/types\/product"}],"wp:attachment":[{"href":"https:\/\/roveyayinevi.com.tr\/index.php\/wp-json\/wp\/v2\/media?parent=728475"}],"wp:term":[{"taxonomy":"product_brand","embeddable":true,"href":"https:\/\/roveyayinevi.com.tr\/index.php\/wp-json\/wp\/v2\/product_brand?post=728475"},{"taxonomy":"product_cat","embeddable":true,"href":"https:\/\/roveyayinevi.com.tr\/index.php\/wp-json\/wp\/v2\/product_cat?post=728475"},{"taxonomy":"product_tag","embeddable":true,"href":"https:\/\/roveyayinevi.com.tr\/index.php\/wp-json\/wp\/v2\/product_tag?post=728475"}],"curies":[{"name":"wp","href":"https:\/\/api.w.org\/{rel}","templated":true}]}}