{"id":728470,"date":"2025-08-27T20:40:09","date_gmt":"2025-08-27T17:40:09","guid":{"rendered":"https:\/\/roveyayinevi.com.tr\/index.php\/urun\/fars-edebiyatinda-kaynak-bilim\/"},"modified":"2026-04-16T02:36:01","modified_gmt":"2026-04-15T23:36:01","slug":"fars-edebiyatinda-kaynak-bilim","status":"publish","type":"product","link":"https:\/\/roveyayinevi.com.tr\/index.php\/urun\/fars-edebiyatinda-kaynak-bilim\/","title":{"rendered":"Fars Edebiyat\u0131nda Kaynak Bilim"},"content":{"rendered":"<p>Fars edebiyat\u0131 tarihsel ge\u00e7mi\u015fi, etki alan\u0131 ve \u00e7e\u015fitli a\u00e7\u0131lardan de\u011fi\u015fik boyutlar\u0131yla d\u00fcnya edebiyatlar\u0131, \u00f6zellikle de do\u011fu edebiyatlar\u0131 i\u00e7erisinde \u00f6nemli bir konuma, T\u00fcrk edebiyat\u0131yla klasik d\u00f6nemlerden beri s\u00fcre gelen s\u0131k\u0131 ili\u015fkileri ve divan edebiyat\u0131 \u00fczerindeki etkisiyle de \u00f6zg\u00fcn bir yere sahiptir. Di\u011fer d\u00fcnya edebiyatlar\u0131 gibi Fars edebiyat\u0131 da ger\u00e7ekte k\u00fclt\u00fcrel geli\u015fmeler, d\u00fc\u015f\u00fcnce ve bilgi aktar\u0131m\u0131 gibi etkenlerin yan\u0131 s\u0131ra \u00e7e\u015fitli alanlarda de\u011fi\u015fik d\u00f6nemlerde ya\u015fanan kar\u015f\u0131l\u0131kl\u0131 etkile\u015fimlerin ortaya \u00e7\u0131kard\u0131\u011f\u0131 insanl\u0131\u011f\u0131n ortak k\u00fclt\u00fcr miras\u0131n\u0131n par\u00e7alar\u0131ndan biridir.Bu \u00e7al\u0131\u015fmada \u00e7ok zengin bir edebi, k\u00fclt\u00fcrel ve bilimsel mirasa sahip Fars edebiyat\u0131 kaynaklar\u0131n\u0131n tamam\u0131n\u0131 ele ald\u0131\u011f\u0131m\u0131z iddias\u0131nda asla de\u011filiz. \u0130lk planda \u00f6\u011frenciler, ara\u015ft\u0131rmac\u0131lar ve ilgili \u00e7evreler i\u00e7in birinci dereceden kaynaklar\u0131n tan\u0131t\u0131m\u0131n\u0131 konu alan bu ara\u015ft\u0131rma, bu alanda bir katk\u0131da bulunmay\u0131 ama\u00e7lamaktad\u0131r.<\/p>\n","protected":false},"excerpt":{"rendered":"<p>Fars edebiyat\u0131 tarihsel ge\u00e7mi\u015fi, etki alan\u0131 ve \u00e7e\u015fitli a\u00e7\u0131lardan de\u011fi\u015fik boyutlar\u0131yla d\u00fcnya edebiyatlar\u0131, \u00f6zellikle de do\u011fu edebiyatlar\u0131 i\u00e7erisinde \u00f6nemli bir konuma, T\u00fcrk edebiyat\u0131yla klasik d\u00f6nemlerden beri<span class=\"excerpt-hellip\"> [\u2026]<\/span><\/p>\n","protected":false},"featured_media":0,"template":"","meta":{"_monsterinsights_skip_tracking":false,"_monsterinsights_sitenote_active":false,"_monsterinsights_sitenote_note":"","_monsterinsights_sitenote_category":0},"product_brand":[],"product_cat":[13072,12291],"product_tag":[],"class_list":{"0":"post-728470","1":"product","2":"type-product","3":"status-publish","5":"product_cat-arastirma-inceleme-referans","6":"product_cat-edebiyat","7":"pa_cilt-ciltsiz","8":"pa_tur-kitap","9":"pa_yayinevi-pinhan-yayincilik","10":"pa_yazar-nimet-yildirim","12":"first","13":"instock","14":"sale","15":"shipping-taxable","16":"purchasable","17":"product-type-simple"},"_links":{"self":[{"href":"https:\/\/roveyayinevi.com.tr\/index.php\/wp-json\/wp\/v2\/product\/728470","targetHints":{"allow":["GET"]}}],"collection":[{"href":"https:\/\/roveyayinevi.com.tr\/index.php\/wp-json\/wp\/v2\/product"}],"about":[{"href":"https:\/\/roveyayinevi.com.tr\/index.php\/wp-json\/wp\/v2\/types\/product"}],"wp:attachment":[{"href":"https:\/\/roveyayinevi.com.tr\/index.php\/wp-json\/wp\/v2\/media?parent=728470"}],"wp:term":[{"taxonomy":"product_brand","embeddable":true,"href":"https:\/\/roveyayinevi.com.tr\/index.php\/wp-json\/wp\/v2\/product_brand?post=728470"},{"taxonomy":"product_cat","embeddable":true,"href":"https:\/\/roveyayinevi.com.tr\/index.php\/wp-json\/wp\/v2\/product_cat?post=728470"},{"taxonomy":"product_tag","embeddable":true,"href":"https:\/\/roveyayinevi.com.tr\/index.php\/wp-json\/wp\/v2\/product_tag?post=728470"}],"curies":[{"name":"wp","href":"https:\/\/api.w.org\/{rel}","templated":true}]}}