{"id":728464,"date":"2025-08-27T20:40:03","date_gmt":"2025-08-27T17:40:03","guid":{"rendered":"https:\/\/roveyayinevi.com.tr\/index.php\/urun\/kisa-gunler-bitmek-bilmez\/"},"modified":"2025-11-21T06:32:39","modified_gmt":"2025-11-21T03:32:39","slug":"kisa-gunler-bitmek-bilmez","status":"publish","type":"product","link":"https:\/\/roveyayinevi.com.tr\/index.php\/urun\/kisa-gunler-bitmek-bilmez\/","title":{"rendered":"K\u0131sa G\u00fcnler Bitmek Bilmez"},"content":{"rendered":"<p>1940 y\u0131l\u0131n\u0131n yaz mevsiminde talihsiz bir gen\u00e7 adam\u0131n ayak izleri Eski\u015fehir\u2019in ara sokaklar\u0131nda, gecenin lacivert solu\u011funda, Hamamyolu\u2019nda, Tatl\u0131dil K\u00f6ftecisi\u2019nde, Asri Sinema\u2019da ve s\u0131n\u0131f tekrar\u0131 yapaca\u011f\u0131 mektebin bodrum kat\u0131nda g\u00f6r\u00fcld\u00fc. Asl\u0131na bakarsan\u0131z kendisi daha \u00e7ok g\u00f6lgesiyle birlikte kalabal\u0131k kafas\u0131n\u0131n i\u00e7inde y\u00fcr\u00fcmekteydi. Yazd\u0131klar\u0131n\u0131n bir g\u00fcn Akbaba dergisinde tefrika edilece\u011fine ve Nadire\u2019nin onu bir g\u00fcn muhakkak sevece\u011fine olan inanc\u0131n\u0131 hen\u00fcz yitirmemi\u015fti. Nihayetinde d\u00fcnya o nas\u0131l inan\u0131yorsa \u00f6yle d\u00f6necekti\u2026Yaz mevsimi \u015fehrin kap\u0131lar\u0131ndan i\u00e7eri giriyor ve Adnan Akta\u015f kendine, hayata ve kurguya dair pek \u00e7ok \u015fey \u00f6\u011freniyor. Tetkik etmeden tenkit etmeyiniz l\u00fctfen !   K\u0131sa G\u00fcnler Bitmek Bilmez, hayalperest, \u00e2\u015f\u0131k, solgun ve kifayetsiz bir o\u011flan \u00e7ocu\u011funun uzun \u00fc\u00e7 haftas\u0131n\u0131n \u00e7okbak\u0131\u015fl\u0131 anlat\u0131s\u0131. Yazan\u0131n de\u011fil tan\u0131klar\u0131n\u0131n konu\u015ftu\u011fu bir g\u00fcnl\u00fck. D\u00f6nemin ger\u00e7ek mek\u00e2nlar\u0131, ki\u015fileri, dergileri, gazeteleri aras\u0131nda bir gezinti. Bu kitapta, Adnan\u2019\u0131n hayat\u0131yla birlikte, yazd\u0131\u011f\u0131 be\u015finci avant\u00fcr roman\u0131 Kara Ma\u00e7a\u2019y\u0131 okumak da cabas\u0131. Nazl\u0131 Akal\u0131n\u2019\u0131n taze kaleminden, etkileyici ve m\u00fcstesna bir ilk roman. <\/p>\n","protected":false},"excerpt":{"rendered":"<p>1940 y\u0131l\u0131n\u0131n yaz mevsiminde talihsiz bir gen\u00e7 adam\u0131n ayak izleri Eski\u015fehir\u2019in ara sokaklar\u0131nda, gecenin lacivert solu\u011funda, Hamamyolu\u2019nda, Tatl\u0131dil K\u00f6ftecisi\u2019nde, Asri Sinema\u2019da ve s\u0131n\u0131f tekrar\u0131 yapaca\u011f\u0131 mektebin<span class=\"excerpt-hellip\"> [\u2026]<\/span><\/p>\n","protected":false},"featured_media":0,"template":"","meta":{"_monsterinsights_skip_tracking":false,"_monsterinsights_sitenote_active":false,"_monsterinsights_sitenote_note":"","_monsterinsights_sitenote_category":0},"product_brand":[],"product_cat":[12291,12711],"product_tag":[],"class_list":{"0":"post-728464","1":"product","2":"type-product","3":"status-publish","5":"product_cat-edebiyat","6":"product_cat-roman-oyku","7":"pa_cilt-ciltsiz","8":"pa_tur-kitap","9":"pa_yayinevi-alfa-yayinlari","10":"pa_yazar-nazli-akalin","12":"first","13":"instock","14":"sale","15":"shipping-taxable","16":"purchasable","17":"product-type-simple"},"_links":{"self":[{"href":"https:\/\/roveyayinevi.com.tr\/index.php\/wp-json\/wp\/v2\/product\/728464","targetHints":{"allow":["GET"]}}],"collection":[{"href":"https:\/\/roveyayinevi.com.tr\/index.php\/wp-json\/wp\/v2\/product"}],"about":[{"href":"https:\/\/roveyayinevi.com.tr\/index.php\/wp-json\/wp\/v2\/types\/product"}],"wp:attachment":[{"href":"https:\/\/roveyayinevi.com.tr\/index.php\/wp-json\/wp\/v2\/media?parent=728464"}],"wp:term":[{"taxonomy":"product_brand","embeddable":true,"href":"https:\/\/roveyayinevi.com.tr\/index.php\/wp-json\/wp\/v2\/product_brand?post=728464"},{"taxonomy":"product_cat","embeddable":true,"href":"https:\/\/roveyayinevi.com.tr\/index.php\/wp-json\/wp\/v2\/product_cat?post=728464"},{"taxonomy":"product_tag","embeddable":true,"href":"https:\/\/roveyayinevi.com.tr\/index.php\/wp-json\/wp\/v2\/product_tag?post=728464"}],"curies":[{"name":"wp","href":"https:\/\/api.w.org\/{rel}","templated":true}]}}