{"id":728441,"date":"2025-08-27T20:39:42","date_gmt":"2025-08-27T17:39:42","guid":{"rendered":"https:\/\/roveyayinevi.com.tr\/index.php\/urun\/insanin-acayip-kisa-tarihi\/"},"modified":"2026-04-16T02:36:01","modified_gmt":"2026-04-15T23:36:01","slug":"insanin-acayip-kisa-tarihi","status":"publish","type":"product","link":"https:\/\/roveyayinevi.com.tr\/index.php\/urun\/insanin-acayip-kisa-tarihi\/","title":{"rendered":"\u0130nsan\u0131n Acayip K\u0131sa Tarihi"},"content":{"rendered":"<p>\u201cTora torta kombeee Fero nonka hum zeee Kalentaka lumumbus Tanketana bun geee&#8230;\u201d Bir yazar\u0131 g\u00fc\u00e7l\u00fc k\u0131lan nedir? Bu uzun \u00f6yk\u00fcy\u00fc\/novellay\u0131\/k\u0131sa roman\u0131 (bir yazar\u0131 g\u00fc\u00e7l\u00fc k\u0131lan, kesinlikle t\u00fcrler hakk\u0131ndaki l\u00fczumsuz bilgisi de\u011fildir) okurken kendimi d\u00f6n\u00fcp dola\u015f\u0131p bu sorunun k\u0131y\u0131s\u0131nda buldum. Nedir G\u00fcray\u2019\u0131 iyi ve g\u00fc\u00e7l\u00fc bir yazar yapan: cesareti, evet. Metnin i\u00e7inde kendi imal etti\u011fi y\u00fcksek etkili kurgusal patlamalardan korkmay\u0131p \u00fczerine gitmek ve yeni patlamalar \u00e7\u0131karabilmek cesareti. Ve yetenek, form\u00fcllerle izah edilemeyecek kadar net bir anlatma ve kurgu yetene\u011fi. Keyif! Yazarken keyif almayan, co\u015fku duymayan, tutkuyla yazmayan hi\u00e7 bir yazar\u0131n dehas\u0131ndan s\u00f6z edemeyiz. Bu m\u00fcmk\u00fcn de\u011fil. Nedir abi bu kadar m\u0131? \u015eu bir de: Sadece d\u00fcnyaya berisinden bakmay\u0131 bilenlerin, bilmek demeyelim d\u00fcnyaya berisinden bakmaya tutuklu olanlar\u0131n, tutuklu demeyelim ba\u015fka t\u00fcrl\u00fcs\u00fc elinden gelmeyenlerin sahip olduklar\u0131 bir yery\u00fcz\u00fc tecr\u00fcbesi, bir \u00e7e\u015fit bilgelik hali. \u0130hsan. Sanki ihsan edilmi\u015f bir \u015fey. Bu hik\u00e2ye ne mi anlat\u0131yor? Her iyi hik\u00e2ye gibi ya sonuna kadar anlatmal\u0131y\u0131m size ya da okuman\u0131z\u0131 sahibinden dinlemenizi istemeliyim. \u00c7\u00fcnk\u00fc denedik\u00e7e bu m\u00fcthi\u015f hik\u00e2yeye haks\u0131zl\u0131k etmi\u015f olaca\u011f\u0131m. Belki \u015funu dinlemelisiniz, \u015fu s\u00f6zleri: \u201cAkl\u0131n \u00f6tesine ge\u00e7tim sanars\u0131n ki, Oras\u0131 kalbin berisidir O gitmeden insan\u0131n ba\u015f\u0131ndan Nas\u0131l kalbine d\u00f6neceksin.\u201d \u2212Aykut Ertu\u011frul <\/p>\n","protected":false},"excerpt":{"rendered":"<p>\u201cTora torta kombeee Fero nonka hum zeee Kalentaka lumumbus Tanketana bun geee&#8230;\u201d Bir yazar\u0131 g\u00fc\u00e7l\u00fc k\u0131lan nedir? Bu uzun \u00f6yk\u00fcy\u00fc\/novellay\u0131\/k\u0131sa roman\u0131 (bir yazar\u0131 g\u00fc\u00e7l\u00fc k\u0131lan, kesinlikle<span class=\"excerpt-hellip\"> [\u2026]<\/span><\/p>\n","protected":false},"featured_media":0,"template":"","meta":{"_monsterinsights_skip_tracking":false,"_monsterinsights_sitenote_active":false,"_monsterinsights_sitenote_note":"","_monsterinsights_sitenote_category":0},"product_brand":[],"product_cat":[12291,12711],"product_tag":[],"class_list":{"0":"post-728441","1":"product","2":"type-product","3":"status-publish","5":"product_cat-edebiyat","6":"product_cat-roman-oyku","7":"pa_cilt-ciltsiz","8":"pa_tur-kitap","9":"pa_yayinevi-ketebe-yayinlari","10":"pa_yazar-guray-sungu","12":"first","13":"instock","14":"sale","15":"shipping-taxable","16":"purchasable","17":"product-type-simple"},"_links":{"self":[{"href":"https:\/\/roveyayinevi.com.tr\/index.php\/wp-json\/wp\/v2\/product\/728441","targetHints":{"allow":["GET"]}}],"collection":[{"href":"https:\/\/roveyayinevi.com.tr\/index.php\/wp-json\/wp\/v2\/product"}],"about":[{"href":"https:\/\/roveyayinevi.com.tr\/index.php\/wp-json\/wp\/v2\/types\/product"}],"wp:attachment":[{"href":"https:\/\/roveyayinevi.com.tr\/index.php\/wp-json\/wp\/v2\/media?parent=728441"}],"wp:term":[{"taxonomy":"product_brand","embeddable":true,"href":"https:\/\/roveyayinevi.com.tr\/index.php\/wp-json\/wp\/v2\/product_brand?post=728441"},{"taxonomy":"product_cat","embeddable":true,"href":"https:\/\/roveyayinevi.com.tr\/index.php\/wp-json\/wp\/v2\/product_cat?post=728441"},{"taxonomy":"product_tag","embeddable":true,"href":"https:\/\/roveyayinevi.com.tr\/index.php\/wp-json\/wp\/v2\/product_tag?post=728441"}],"curies":[{"name":"wp","href":"https:\/\/api.w.org\/{rel}","templated":true}]}}