{"id":728427,"date":"2025-08-27T20:38:59","date_gmt":"2025-08-27T17:38:59","guid":{"rendered":"https:\/\/roveyayinevi.com.tr\/index.php\/urun\/hayallerini-takip-et\/"},"modified":"2025-10-20T06:17:25","modified_gmt":"2025-10-20T03:17:25","slug":"hayallerini-takip-et","status":"publish","type":"product","link":"https:\/\/roveyayinevi.com.tr\/index.php\/urun\/hayallerini-takip-et\/","title":{"rendered":"Hayallerini Takip Et"},"content":{"rendered":"<p>Paola Zannoner; Bianca\u2019n\u0131n hayat\u0131 \u00fczerinden, okuyuculara, mutlak ger\u00e7eklik ve hayaller u\u011fruna g\u00f6sterilen \u00e7aba aras\u0131ndaki k\u00f6pr\u00fcde rehberlik ediyor. G\u00fc\u00e7l\u00fc bir kararl\u0131l\u0131kla hareket edilince, hayalperestlikten hayallerin ger\u00e7ekle\u015fmesine ge\u00e7en \u00e7izgiyi nas\u0131l yakalayabilece\u011finizi anlat\u0131yor.   12 ya\u015f\u0131ndaki Bianca, balerin olma hayaliyle yan\u0131p tutu\u015fan bir gen\u00e7 k\u0131zd\u0131r. Etraf\u0131ndaki herkesin aksine bunun bir heves de\u011fil, onun kaderi oldu\u011funa t\u00fcm kalbiyle inan\u0131yor! B\u00fcy\u00fck \u015fehirdeki Akademi\u2019ye kat\u0131lmak ve oradan ba\u015far\u0131l\u0131 bir balerin olarak \u00e7\u0131kmak ise en b\u00fcy\u00fck hayali\u2026<\/p>\n","protected":false},"excerpt":{"rendered":"<p>Paola Zannoner; Bianca\u2019n\u0131n hayat\u0131 \u00fczerinden, okuyuculara, mutlak ger\u00e7eklik ve hayaller u\u011fruna g\u00f6sterilen \u00e7aba aras\u0131ndaki k\u00f6pr\u00fcde rehberlik ediyor. G\u00fc\u00e7l\u00fc bir kararl\u0131l\u0131kla hareket edilince, hayalperestlikten hayallerin ger\u00e7ekle\u015fmesine ge\u00e7en<span class=\"excerpt-hellip\"> [\u2026]<\/span><\/p>\n","protected":false},"featured_media":0,"template":"","meta":{"_monsterinsights_skip_tracking":false,"_monsterinsights_sitenote_active":false,"_monsterinsights_sitenote_note":"","_monsterinsights_sitenote_category":0},"product_brand":[],"product_cat":[12291,12711],"product_tag":[],"class_list":{"0":"post-728427","1":"product","2":"type-product","3":"status-publish","5":"product_cat-edebiyat","6":"product_cat-roman-oyku","7":"pa_cilt-ciltsiz","8":"pa_tur-kitap","9":"pa_yayinevi-yakamoz-yayinevi","10":"pa_yazar-paola-zannoner","12":"first","13":"instock","14":"sale","15":"shipping-taxable","16":"purchasable","17":"product-type-simple"},"_links":{"self":[{"href":"https:\/\/roveyayinevi.com.tr\/index.php\/wp-json\/wp\/v2\/product\/728427","targetHints":{"allow":["GET"]}}],"collection":[{"href":"https:\/\/roveyayinevi.com.tr\/index.php\/wp-json\/wp\/v2\/product"}],"about":[{"href":"https:\/\/roveyayinevi.com.tr\/index.php\/wp-json\/wp\/v2\/types\/product"}],"wp:attachment":[{"href":"https:\/\/roveyayinevi.com.tr\/index.php\/wp-json\/wp\/v2\/media?parent=728427"}],"wp:term":[{"taxonomy":"product_brand","embeddable":true,"href":"https:\/\/roveyayinevi.com.tr\/index.php\/wp-json\/wp\/v2\/product_brand?post=728427"},{"taxonomy":"product_cat","embeddable":true,"href":"https:\/\/roveyayinevi.com.tr\/index.php\/wp-json\/wp\/v2\/product_cat?post=728427"},{"taxonomy":"product_tag","embeddable":true,"href":"https:\/\/roveyayinevi.com.tr\/index.php\/wp-json\/wp\/v2\/product_tag?post=728427"}],"curies":[{"name":"wp","href":"https:\/\/api.w.org\/{rel}","templated":true}]}}