{"id":728426,"date":"2025-08-27T20:38:58","date_gmt":"2025-08-27T17:38:58","guid":{"rendered":"https:\/\/roveyayinevi.com.tr\/index.php\/urun\/sanat-tarih-estetik\/"},"modified":"2026-01-29T03:05:15","modified_gmt":"2026-01-29T00:05:15","slug":"sanat-tarih-estetik","status":"publish","type":"product","link":"https:\/\/roveyayinevi.com.tr\/index.php\/urun\/sanat-tarih-estetik\/","title":{"rendered":"Sanat Tarih Estetik"},"content":{"rendered":"<p>(&#8230;) Eskiler g\u00fcn\u00fcm\u00fcz ko\u015fullar\u0131n\u0131 hayal bile edemezlerdi; ama ger\u00e7ek \u015fu ki, buraya onlar\u0131n ba\u015flatt\u0131\u011f\u0131 ko\u015fullardan \u00e7\u0131k\u0131p geldik. Zorunluluklar, planlar, tesad\u00fcfler ve s\u00fcrprizler i\u00e7 i\u00e7e geli\u015fti, birbirlerini tetikledi.  \u00d6l\u00fc bir bedenin t\u00fcm toplumsal de\u011ferleri sarsacak g\u00fcc\u00fc; soylular, burjuvalar, dinsel \u00e7evreler, devlet ve en \u00e7ok da kendi i\u00e7sel \u00e7eki\u015fmeleriyle \u00e7evrelenmi\u015f sanat\u00e7\u0131n\u0131n kendini var etme gayreti; sanat yap\u0131tlar\u0131n\u0131 bar\u0131nd\u0131ran m\u00fczenin bir kurum olarak ara\u00e7sall\u0131\u011f\u0131; yap\u0131t\u0131 ortaya \u00e7\u0131karan maddi unsurlar\u0131n yan\u0131 s\u0131ra yap\u0131t\u0131n asl\u0131nda kime ait oldu\u011fu; modernist fig\u00fcr\/soyut paradigmas\u0131n\u0131n postmodern anlams\u0131zl\u0131\u011f\u0131; yeni d\u00fcnya d\u00fczeninin yeni liberal ikliminde sanat\u00e7\u0131; k\u00fcresel sermaye \u00e7evrelerinin yaratt\u0131\u011f\u0131 \u00f6zg\u00fcrl\u00fck yan\u0131lsamas\u0131 i\u00e7erisinde ayg\u0131tla\u015fan sanat ideolojisi; bir ara\u00e7 olarak g\u00fclmenin sanatsal ve siyasal ba\u011flam\u0131; bask\u0131resim, g\u00f6steri, sinema ve tiyatro gibi alanlarda geni\u015fleyen s\u0131n\u0131rlar; sanatta umut, umutsuzluk ve cesaret kavramlar\u0131; evrensel hakikat anlay\u0131\u015f\u0131 \u00e7\u00f6kerken mevcut \u00e7o\u011ful durumun yeni olanaklar\u0131 kucaklayan yap\u0131s\u0131\u2026 Elinizdeki kitap, bu ili\u015fkileri \u00f6rnekleyen metinleri bir araya getiriyor. Ge\u00e7mi\u015ften s\u00f6z ederken bug\u00fcnde, bireyden s\u00f6z ederken toplumda, sanattan s\u00f6z ederken ya\u015fam\u0131n her alan\u0131nda k\u00f6pr\u00fcler kuruyor. Sanat, sanat tarihi ve esteti\u011fin disiplinleraras\u0131 kav\u015fa\u011f\u0131nda duranlar i\u00e7in&#8230; <\/p>\n","protected":false},"excerpt":{"rendered":"<p>(&#8230;) Eskiler g\u00fcn\u00fcm\u00fcz ko\u015fullar\u0131n\u0131 hayal bile edemezlerdi; ama ger\u00e7ek \u015fu ki, buraya onlar\u0131n ba\u015flatt\u0131\u011f\u0131 ko\u015fullardan \u00e7\u0131k\u0131p geldik. Zorunluluklar, planlar, tesad\u00fcfler ve s\u00fcrprizler i\u00e7 i\u00e7e geli\u015fti, birbirlerini<span class=\"excerpt-hellip\"> [\u2026]<\/span><\/p>\n","protected":false},"featured_media":0,"template":"","meta":{"_monsterinsights_skip_tracking":false,"_monsterinsights_sitenote_active":false,"_monsterinsights_sitenote_note":"","_monsterinsights_sitenote_category":0},"product_brand":[],"product_cat":[12408,14197],"product_tag":[],"class_list":{"0":"post-728426","1":"product","2":"type-product","3":"status-publish","5":"product_cat-sanat","6":"product_cat-sanat-tarihi","7":"pa_cilt-ciltsiz","8":"pa_tur-kitap","9":"pa_yayinevi-utopya-yayinevi","10":"pa_yazar-ayse-nahide-yilmaz","12":"first","13":"instock","14":"sale","15":"shipping-taxable","16":"purchasable","17":"product-type-simple"},"_links":{"self":[{"href":"https:\/\/roveyayinevi.com.tr\/index.php\/wp-json\/wp\/v2\/product\/728426","targetHints":{"allow":["GET"]}}],"collection":[{"href":"https:\/\/roveyayinevi.com.tr\/index.php\/wp-json\/wp\/v2\/product"}],"about":[{"href":"https:\/\/roveyayinevi.com.tr\/index.php\/wp-json\/wp\/v2\/types\/product"}],"wp:attachment":[{"href":"https:\/\/roveyayinevi.com.tr\/index.php\/wp-json\/wp\/v2\/media?parent=728426"}],"wp:term":[{"taxonomy":"product_brand","embeddable":true,"href":"https:\/\/roveyayinevi.com.tr\/index.php\/wp-json\/wp\/v2\/product_brand?post=728426"},{"taxonomy":"product_cat","embeddable":true,"href":"https:\/\/roveyayinevi.com.tr\/index.php\/wp-json\/wp\/v2\/product_cat?post=728426"},{"taxonomy":"product_tag","embeddable":true,"href":"https:\/\/roveyayinevi.com.tr\/index.php\/wp-json\/wp\/v2\/product_tag?post=728426"}],"curies":[{"name":"wp","href":"https:\/\/api.w.org\/{rel}","templated":true}]}}