{"id":728417,"date":"2025-08-27T20:38:49","date_gmt":"2025-08-27T17:38:49","guid":{"rendered":"https:\/\/roveyayinevi.com.tr\/index.php\/urun\/koruyucu-isilti-2\/"},"modified":"2026-04-16T02:36:00","modified_gmt":"2026-04-15T23:36:00","slug":"koruyucu-isilti-2","status":"publish","type":"product","link":"https:\/\/roveyayinevi.com.tr\/index.php\/urun\/koruyucu-isilti-2\/","title":{"rendered":"Koruyucu &#8211; I\u015f\u0131lt\u0131 2"},"content":{"rendered":"<p>Demek, o vir\u00fcs\u00fc kasaban\u0131n \u015fehir suyuna siz kar\u0131\u015ft\u0131rd\u0131n\u0131z Bay Kenneth Stark! Elbette bunun, gerekti\u011fi gibi cezaland\u0131r\u0131laca\u011f\u0131n\u0131 bilerek geldiniz, de\u011fil mi? Yani, benim taraf\u0131mdan!\u201d dedi Luce, so\u011fuk ve \u00e7ok sert bir sesle. Y\u00fcz\u00fcnde, tehlikeli bir g\u00fcl\u00fcmseme vard\u0131. Stark art\u0131k ger\u00e7ekten \u00e7ok korkuyordu. \u201cBu cezaya ek olarak, arkada\u015f\u0131m\u0131n evine girip k\u0131z\u0131n\u0131 rehin alman\u0131z\u0131n da, izlenmeye de\u011fer baz\u0131 sonu\u00e7lar\u0131 olacak!\u201d dedi. Phil ve Sera da g\u00fcl\u00fcmsedi. Luce konu\u015furken, bir yandan da Stark\u2019\u0131n t\u00fcm zihnini tar\u0131yordu. Birden, ayr\u0131 bir b\u00f6l\u00fcm ke\u015ffetti. O anda, \u00f6r\u00fcmcek a\u011flar\u0131 yak\u0131c\u0131 ve asidik bir hal ald\u0131. O b\u00f6l\u00fcmde ne varsa ortal\u0131\u011fa sa\u00e7\u0131ld\u0131. Stark\u2019\u0131n, babas\u0131yla y\u00fcz y\u00fcze konu\u015fmas\u0131n\u0131 g\u00f6r\u00fcyordu. Babas\u0131n\u0131 39 y\u0131l sonra ilk defa g\u00f6rd\u00fc. \u00c7ok de\u011fi\u015fmi\u015fti babas\u0131. Yolda g\u00f6rse, tan\u0131mayabilirdi. Yani, asl\u0131nda g\u00f6rd\u00fc\u011f\u00fc iyi olmu\u015ftu. <\/p>\n","protected":false},"excerpt":{"rendered":"<p>Demek, o vir\u00fcs\u00fc kasaban\u0131n \u015fehir suyuna siz kar\u0131\u015ft\u0131rd\u0131n\u0131z Bay Kenneth Stark! Elbette bunun, gerekti\u011fi gibi cezaland\u0131r\u0131laca\u011f\u0131n\u0131 bilerek geldiniz, de\u011fil mi? Yani, benim taraf\u0131mdan!\u201d dedi Luce, so\u011fuk<span class=\"excerpt-hellip\"> [\u2026]<\/span><\/p>\n","protected":false},"featured_media":0,"template":"","meta":{"_monsterinsights_skip_tracking":false,"_monsterinsights_sitenote_active":false,"_monsterinsights_sitenote_note":"","_monsterinsights_sitenote_category":0},"product_brand":[],"product_cat":[12291,12711],"product_tag":[],"class_list":{"0":"post-728417","1":"product","2":"type-product","3":"status-publish","5":"product_cat-edebiyat","6":"product_cat-roman-oyku","7":"pa_cilt-ciltsiz","8":"pa_tur-kitap","9":"pa_yayinevi-luna-yayinlari","10":"pa_yazar-ozler-suder","12":"first","13":"instock","14":"sale","15":"shipping-taxable","16":"purchasable","17":"product-type-simple"},"_links":{"self":[{"href":"https:\/\/roveyayinevi.com.tr\/index.php\/wp-json\/wp\/v2\/product\/728417","targetHints":{"allow":["GET"]}}],"collection":[{"href":"https:\/\/roveyayinevi.com.tr\/index.php\/wp-json\/wp\/v2\/product"}],"about":[{"href":"https:\/\/roveyayinevi.com.tr\/index.php\/wp-json\/wp\/v2\/types\/product"}],"wp:attachment":[{"href":"https:\/\/roveyayinevi.com.tr\/index.php\/wp-json\/wp\/v2\/media?parent=728417"}],"wp:term":[{"taxonomy":"product_brand","embeddable":true,"href":"https:\/\/roveyayinevi.com.tr\/index.php\/wp-json\/wp\/v2\/product_brand?post=728417"},{"taxonomy":"product_cat","embeddable":true,"href":"https:\/\/roveyayinevi.com.tr\/index.php\/wp-json\/wp\/v2\/product_cat?post=728417"},{"taxonomy":"product_tag","embeddable":true,"href":"https:\/\/roveyayinevi.com.tr\/index.php\/wp-json\/wp\/v2\/product_tag?post=728417"}],"curies":[{"name":"wp","href":"https:\/\/api.w.org\/{rel}","templated":true}]}}