{"id":728407,"date":"2025-08-27T20:38:40","date_gmt":"2025-08-27T17:38:40","guid":{"rendered":"https:\/\/roveyayinevi.com.tr\/index.php\/urun\/kalbe-karisik\/"},"modified":"2026-04-16T02:36:00","modified_gmt":"2026-04-15T23:36:00","slug":"kalbe-karisik","status":"publish","type":"product","link":"https:\/\/roveyayinevi.com.tr\/index.php\/urun\/kalbe-karisik\/","title":{"rendered":"Kalbe Kar\u0131\u015f\u0131k"},"content":{"rendered":"<p>\u015eiir az\u0131c\u0131k akl\u00ee, daha \u00e7ok kalb\u00ee bir eylemdir. \u015eairin kast\u0131 konu\u015fuldu\u011funda birazc\u0131k akl\u0131, daha \u00e7ok ruhu konu\u015fuluyor demektir. \u201cel-Ma\u2019n\u00e2 f\u00ee batni\u2019\u015f-\u015f\u00e2ir.\u201d der Araplar. Yani kasd-\u0131 mahsusa \u015fairin b\u00e2t\u0131n\u0131nda, der\u00fbnunda, h\u00e2s\u0131l\u0131 ruhundad\u0131r. Ruh ise s\u0131rd\u0131r, ak\u0131l onu anlayamaz, k\u0131s\u0131rd\u0131r.\u015eiiri ruh anlar; ak\u0131l ise belki ve ancak yorumlar.\u015eiir, akl\u00ee d\u00fc\u015f\u00fcncenin kalb\u00ee idrake evrilmesidir.\u015eiir, akl\u0131n devrilmesi, kalbin anlam\u0131 devralmas\u0131d\u0131r.Asl\u0131nda muamma olan; s\u00f6zdeki \u015fiir de\u011fil, ruhtaki \u015fuurdur. Kapal\u0131 olan, laf\u0131z de\u011fil ruhtur.<\/p>\n","protected":false},"excerpt":{"rendered":"<p>\u015eiir az\u0131c\u0131k akl\u00ee, daha \u00e7ok kalb\u00ee bir eylemdir. \u015eairin kast\u0131 konu\u015fuldu\u011funda birazc\u0131k akl\u0131, daha \u00e7ok ruhu konu\u015fuluyor demektir. \u201cel-Ma\u2019n\u00e2 f\u00ee batni\u2019\u015f-\u015f\u00e2ir.\u201d der Araplar. Yani kasd-\u0131 mahsusa<span class=\"excerpt-hellip\"> [\u2026]<\/span><\/p>\n","protected":false},"featured_media":0,"template":"","meta":{"_monsterinsights_skip_tracking":false,"_monsterinsights_sitenote_active":false,"_monsterinsights_sitenote_note":"","_monsterinsights_sitenote_category":0},"product_brand":[],"product_cat":[12291,12509],"product_tag":[],"class_list":{"0":"post-728407","1":"product","2":"type-product","3":"status-publish","5":"product_cat-edebiyat","6":"product_cat-siir","7":"pa_cilt-ciltsiz","8":"pa_tur-kitap","9":"pa_yayinevi-timas-yayinlari","10":"pa_yazar-yasin-pisgin","12":"first","13":"instock","14":"sale","15":"shipping-taxable","16":"purchasable","17":"product-type-simple"},"_links":{"self":[{"href":"https:\/\/roveyayinevi.com.tr\/index.php\/wp-json\/wp\/v2\/product\/728407","targetHints":{"allow":["GET"]}}],"collection":[{"href":"https:\/\/roveyayinevi.com.tr\/index.php\/wp-json\/wp\/v2\/product"}],"about":[{"href":"https:\/\/roveyayinevi.com.tr\/index.php\/wp-json\/wp\/v2\/types\/product"}],"wp:attachment":[{"href":"https:\/\/roveyayinevi.com.tr\/index.php\/wp-json\/wp\/v2\/media?parent=728407"}],"wp:term":[{"taxonomy":"product_brand","embeddable":true,"href":"https:\/\/roveyayinevi.com.tr\/index.php\/wp-json\/wp\/v2\/product_brand?post=728407"},{"taxonomy":"product_cat","embeddable":true,"href":"https:\/\/roveyayinevi.com.tr\/index.php\/wp-json\/wp\/v2\/product_cat?post=728407"},{"taxonomy":"product_tag","embeddable":true,"href":"https:\/\/roveyayinevi.com.tr\/index.php\/wp-json\/wp\/v2\/product_tag?post=728407"}],"curies":[{"name":"wp","href":"https:\/\/api.w.org\/{rel}","templated":true}]}}