{"id":728405,"date":"2025-08-27T20:38:38","date_gmt":"2025-08-27T17:38:38","guid":{"rendered":"https:\/\/roveyayinevi.com.tr\/index.php\/urun\/agri-dagi-ve-nuhun-gemisi\/"},"modified":"2025-08-31T17:00:20","modified_gmt":"2025-08-31T14:00:20","slug":"agri-dagi-ve-nuhun-gemisi","status":"publish","type":"product","link":"https:\/\/roveyayinevi.com.tr\/index.php\/urun\/agri-dagi-ve-nuhun-gemisi\/","title":{"rendered":"A\u011fr\u0131 Da\u011f\u0131 ve Nuh&#8217;un Gemisi"},"content":{"rendered":"<p>A\u011fr\u0131 Da\u011f\u0131, jeolojik-jeomorfolojik \u00f6zelliklerinin yan\u0131 s\u0131ra tufandan sonra Nuh&#8217;un gemisine ev sahipli\u011fi yapt\u0131\u011f\u0131 inan\u0131\u015f\u0131 nedeniyle de efsanevi kimli\u011fiyle \u00f6n pl\u00e2na \u00e7\u0131kan bir da\u011fd\u0131r. Anadolu ve \u0130slam Co\u011frafyas\u0131n\u0131n en b\u00fcy\u00fck g\u00fc\u00e7 ve zenginlik kaynaklar\u0131ndan biri olarak bilinen A\u011fr\u0131 Da\u011f\u0131, somut olmayan k\u00fclt\u00fcrel miras\u0131n da ortak noktas\u0131n\u0131 olu\u015fturmaktad\u0131r. A\u011fr\u0131 Da\u011f\u0131, gerek bat\u0131 ve gerekse \u0130slam d\u00fcnyas\u0131nda \u00e7ok iyi tan\u0131nan ve \u00f6zel ilgi duyulan da\u011flardan biri, belki de en \u00f6nemlisidir. Kutsal kitaplarda da ad\u0131 ge\u00e7en bu da\u011f, bir\u00e7ok dilde farkl\u0131 adlarla an\u0131lmaktad\u0131r.Kitab\u0131n giri\u015f b\u00f6l\u00fcm\u00fcnde da\u011flar\u0131n genel bir tan\u0131m\u0131 yap\u0131ld\u0131ktan sonra, da\u011flar\u0131n olu\u015fumu ve turizm a\u00e7\u0131s\u0131ndan \u00f6nemi ele al\u0131nm\u0131\u015f, \u00f6zellikle Kuran-\u0131 Kerim\u2019de ve \u0130slami kaynaklarda da\u011flar\u0131n yarat\u0131l\u0131\u015f\u0131, \u00f6nemi ve insan hayat\u0131ndaki yerine de\u011finilmi\u015f, din ve bilimin ayn\u0131 ger\u00e7eklerde bulu\u015ftu\u011funa dikkat \u00e7ekilmi\u015ftir. Ulusal ve uluslararas\u0131 alanda marka bir de\u011fer olan A\u011fr\u0131 Da\u011f\u0131\u2019n\u0131n jeolojik olu\u015fum evreleri irdelenmi\u015f ve jeomorfolojik \u00f6zelliklerine dikkat \u00e7ekilmi\u015ftir.A\u011fr\u0131 Da\u011f\u0131\u2019n\u0131n do\u011fal \u00e7evre \u00f6zellikleri ile farkl\u0131 din ve dillerde ad\u0131 ve \u00f6nemi analiz edilerek d\u00fcnya bas\u0131n\u0131nda A\u011fr\u0131 Da\u011f\u0131\u2019n\u0131n yer al\u0131\u015f\u0131 ile ilgili \u00f6rneklere yer verilmi\u015ftir. Y\u00fczy\u0131llard\u0131r gezginlerin,  bilginlerin, ki\u015fi ve kavimlerin dikkatinden ka\u00e7mayan A\u011fr\u0131 Da\u011f\u0131, \u00fclkemizde ve d\u00fcnyada t\u00fcrk\u00fclere, efsanelere, ara\u015ft\u0131rmalara, sinemaya, \u015fiire ve mitolojiye en \u00e7ok konu olan da\u011flardan biridir. Tufan sonunda geminin oturdu\u011fu da\u011f ismi Tevrat\u2019ta \u201cArarat da\u011flar\u0131\u201d olarak ge\u00e7erken Kur\u2019an, geminin Cudi\u2019ye oturdu\u011funu belirtmektedir. Dikkat \u00e7ekici olan husus, Kur\u2019an\u2019\u0131n Cudi\u2019den da\u011f olarak bahsetmemesidir. Ararat, bug\u00fcn pop\u00fcler k\u00fclt\u00fcrde A\u011fr\u0131 Da\u011f\u0131 olarak kabul edilmektedir. \u00d6zellikle H\u0131ristiyanlar, Ararat Da\u011flar\u0131 ifadesini A\u011fr\u0131 Da\u011f\u0131 olarak yorumlamakta ve geminin A\u011fr\u0131 Da\u011f\u0131\u2019nda oldu\u011funa inanmaktad\u0131rlar. \u00c7al\u0131\u015fmada gerek A\u011fr\u0131 Da\u011f\u0131 ve gerekse Tel\u00e7eker ve \u00dczengili k\u00f6yleri aras\u0131nda yer alan ve Nuh\u2019un Gemisi oldu\u011fu iddia edilen alan ile ilgili yap\u0131lan \u00e7al\u0131\u015fmalar ve ortaya \u00e7\u0131kan sonu\u00e7lar ile ilgili analizler yap\u0131lm\u0131\u015ft\u0131r.Bu \u00e7al\u0131\u015fmayla inan\u00e7 turizmi a\u00e7\u0131s\u0131ndan sahip oldu\u011fu y\u00fcksek potansiyeline ra\u011fmen hak etti\u011fi \u00f6l\u00e7\u00fcde de\u011ferlendirilemeyen A\u011fr\u0131 Da\u011f\u0131 ve \u00e7evresine bir kez daha dikkatleri \u00e7ekmek, bu da\u011f\u0131n y\u00fcksek turizm potansiyelinin hak etti\u011fi \u00f6l\u00e7\u00fcde de\u011ferlendirilmesine y\u00f6nelik \u00f6neriler geli\u015ftirmek, A\u011fr\u0131 Da\u011f\u0131\u2019n\u0131n \u00fclkemizin tan\u0131t\u0131lmas\u0131 \u00f6ncelikli turistik alanlar\u0131ndan biri olarak ele al\u0131nmas\u0131n\u0131 sa\u011flamak ve bu konuda ilgili ulusal, b\u00f6lgesel ve yerel kurum ve kurulu\u015flar nezdinde fark\u0131ndal\u0131k olu\u015fturulmas\u0131 ama\u00e7lanm\u0131\u015ft\u0131r.<\/p>\n","protected":false},"excerpt":{"rendered":"<p>A\u011fr\u0131 Da\u011f\u0131, jeolojik-jeomorfolojik \u00f6zelliklerinin yan\u0131 s\u0131ra tufandan sonra Nuh&#8217;un gemisine ev sahipli\u011fi yapt\u0131\u011f\u0131 inan\u0131\u015f\u0131 nedeniyle de efsanevi kimli\u011fiyle \u00f6n pl\u00e2na \u00e7\u0131kan bir da\u011fd\u0131r. Anadolu ve \u0130slam<span class=\"excerpt-hellip\"> [\u2026]<\/span><\/p>\n","protected":false},"featured_media":0,"template":"","meta":{"_monsterinsights_skip_tracking":false,"_monsterinsights_sitenote_active":false,"_monsterinsights_sitenote_note":"","_monsterinsights_sitenote_category":0},"product_brand":[],"product_cat":[13054,88605],"product_tag":[],"class_list":{"0":"post-728405","1":"product","2":"type-product","3":"status-publish","5":"product_cat-gezi-ve-rehber-kitaplari","6":"product_cat-turkiye-rehberi","7":"pa_cilt-ciltsiz","8":"pa_tur-kitap","9":"pa_yayinevi-bilgin-kultur-sanat","10":"pa_yazar-faruk-kaya","12":"first","13":"instock","14":"sale","15":"shipping-taxable","16":"purchasable","17":"product-type-simple"},"_links":{"self":[{"href":"https:\/\/roveyayinevi.com.tr\/index.php\/wp-json\/wp\/v2\/product\/728405","targetHints":{"allow":["GET"]}}],"collection":[{"href":"https:\/\/roveyayinevi.com.tr\/index.php\/wp-json\/wp\/v2\/product"}],"about":[{"href":"https:\/\/roveyayinevi.com.tr\/index.php\/wp-json\/wp\/v2\/types\/product"}],"wp:attachment":[{"href":"https:\/\/roveyayinevi.com.tr\/index.php\/wp-json\/wp\/v2\/media?parent=728405"}],"wp:term":[{"taxonomy":"product_brand","embeddable":true,"href":"https:\/\/roveyayinevi.com.tr\/index.php\/wp-json\/wp\/v2\/product_brand?post=728405"},{"taxonomy":"product_cat","embeddable":true,"href":"https:\/\/roveyayinevi.com.tr\/index.php\/wp-json\/wp\/v2\/product_cat?post=728405"},{"taxonomy":"product_tag","embeddable":true,"href":"https:\/\/roveyayinevi.com.tr\/index.php\/wp-json\/wp\/v2\/product_tag?post=728405"}],"curies":[{"name":"wp","href":"https:\/\/api.w.org\/{rel}","templated":true}]}}