{"id":728399,"date":"2025-08-27T20:38:32","date_gmt":"2025-08-27T17:38:32","guid":{"rendered":"https:\/\/roveyayinevi.com.tr\/index.php\/urun\/mucit-tayfanin-deney-gunlugu-feniks-ile-sicak-kis\/"},"modified":"2026-04-16T02:36:00","modified_gmt":"2026-04-15T23:36:00","slug":"mucit-tayfanin-deney-gunlugu-feniks-ile-sicak-kis","status":"publish","type":"product","link":"https:\/\/roveyayinevi.com.tr\/index.php\/urun\/mucit-tayfanin-deney-gunlugu-feniks-ile-sicak-kis\/","title":{"rendered":"Mucit Tayfa&#8217;n\u0131n Deney G\u00fcnl\u00fc\u011f\u00fc &#8211; Feniks \u0130le S\u0131cak K\u0131\u015f"},"content":{"rendered":"<p>\u00d6\u011frenmeyi ve soru sormay\u0131 seven Mucit Tayfa ve yeni arkada\u015flar\u0131 Feniks ile tan\u0131\u015f\u0131n!G\u00fcnl\u00fck ya\u015fam\u0131m\u0131zda fen bilimlerinden ne kadar faydaland\u0131\u011f\u0131m\u0131z\u0131 fark ettin mi? \u0130\u00e7inde ya\u015fad\u0131\u011f\u0131m\u0131z d\u00fcnyay\u0131 daha iyi anlamaya \u00e7al\u0131\u015f\u0131rken bir yandan da e\u011flenmezsen bunun s\u0131k\u0131c\u0131 oldu\u011funu d\u00fc\u015f\u00fcnebilirsin.Mucit Tayfa ve Feniks, el ele verip fen bilimlerini \u00f6\u011frenmenin \u00e7ok e\u011flenceli oldu\u011funu sana g\u00f6stermek istiyor. Evde yapabilece\u011fin deneylerle sen de bilimin renkli d\u00fcnyas\u0131na ad\u0131m atabilir ve gen\u00e7 bir mucit olabilirsin.Mucit Tayfa, kar\u0131n nas\u0131l ya\u011fd\u0131\u011f\u0131n\u0131n, \u00fc\u015f\u00fcd\u00fc\u011f\u00fcm\u00fczde ellerimizin neden uyu\u015ftu\u011funun, baz\u0131 maddelerin neden daha h\u0131zl\u0131 \u0131s\u0131nd\u0131\u011f\u0131n\u0131n, bir balonu \u00fcflemeden nas\u0131l \u015fi\u015firebilece\u011fimizin ve daha bir\u00e7ok olay\u0131n pe\u015fine d\u00fc\u015ferken seni de s\u0131cak bir k\u0131\u015f maceras\u0131na davet ediyor. <\/p>\n","protected":false},"excerpt":{"rendered":"<p>\u00d6\u011frenmeyi ve soru sormay\u0131 seven Mucit Tayfa ve yeni arkada\u015flar\u0131 Feniks ile tan\u0131\u015f\u0131n!G\u00fcnl\u00fck ya\u015fam\u0131m\u0131zda fen bilimlerinden ne kadar faydaland\u0131\u011f\u0131m\u0131z\u0131 fark ettin mi? \u0130\u00e7inde ya\u015fad\u0131\u011f\u0131m\u0131z d\u00fcnyay\u0131 daha<span class=\"excerpt-hellip\"> [\u2026]<\/span><\/p>\n","protected":false},"featured_media":0,"template":"","meta":{"_monsterinsights_skip_tracking":false,"_monsterinsights_sitenote_active":false,"_monsterinsights_sitenote_note":"","_monsterinsights_sitenote_category":0},"product_brand":[],"product_cat":[12275,12274],"product_tag":[],"class_list":{"0":"post-728399","1":"product","2":"type-product","3":"status-publish","5":"product_cat-6-12-yas-kitaplari","6":"product_cat-cocuk-ve-genclik-kitaplari","7":"pa_cilt-ciltsiz","8":"pa_tur-kitap","9":"pa_yayinevi-genc-timas","10":"pa_yazar-sumeyye-gokce","12":"first","13":"instock","14":"sale","15":"shipping-taxable","16":"purchasable","17":"product-type-simple"},"_links":{"self":[{"href":"https:\/\/roveyayinevi.com.tr\/index.php\/wp-json\/wp\/v2\/product\/728399","targetHints":{"allow":["GET"]}}],"collection":[{"href":"https:\/\/roveyayinevi.com.tr\/index.php\/wp-json\/wp\/v2\/product"}],"about":[{"href":"https:\/\/roveyayinevi.com.tr\/index.php\/wp-json\/wp\/v2\/types\/product"}],"wp:attachment":[{"href":"https:\/\/roveyayinevi.com.tr\/index.php\/wp-json\/wp\/v2\/media?parent=728399"}],"wp:term":[{"taxonomy":"product_brand","embeddable":true,"href":"https:\/\/roveyayinevi.com.tr\/index.php\/wp-json\/wp\/v2\/product_brand?post=728399"},{"taxonomy":"product_cat","embeddable":true,"href":"https:\/\/roveyayinevi.com.tr\/index.php\/wp-json\/wp\/v2\/product_cat?post=728399"},{"taxonomy":"product_tag","embeddable":true,"href":"https:\/\/roveyayinevi.com.tr\/index.php\/wp-json\/wp\/v2\/product_tag?post=728399"}],"curies":[{"name":"wp","href":"https:\/\/api.w.org\/{rel}","templated":true}]}}