{"id":728378,"date":"2025-08-27T20:38:13","date_gmt":"2025-08-27T17:38:13","guid":{"rendered":"https:\/\/roveyayinevi.com.tr\/index.php\/urun\/turkiye-tarihini-degistiren-110-kadin\/"},"modified":"2025-11-19T18:32:55","modified_gmt":"2025-11-19T15:32:55","slug":"turkiye-tarihini-degistiren-110-kadin","status":"publish","type":"product","link":"https:\/\/roveyayinevi.com.tr\/index.php\/urun\/turkiye-tarihini-degistiren-110-kadin\/","title":{"rendered":"T\u00fcrkiye Tarihini De\u011fi\u015ftiren 110 Kad\u0131n"},"content":{"rendered":"<p>Baz\u0131 kad\u0131nlar idealisttir, engel tan\u0131mazlar. Yapt\u0131klar\u0131 i\u015f farkl\u0131 olabilir ancak ama\u00e7lar\u0131 tektir. Onlar i\u00e7in \u00f6nemli olan tek \u015fey hedefleridir. Hedeflerine ula\u015fmak i\u00e7in her \u015feyi feda ederler. G\u00f6zleri ba\u015fka \u015feyi g\u00f6rmez ve istediklerini yaparlar. Ya\u015fam \u00f6yk\u00fclerine bak\u0131nca \u015fa\u015f\u0131r\u0131rs\u0131n\u0131z. \u00c7\u00fcnk\u00fc bu \u00f6yk\u00fcler ba\u015f d\u00f6nd\u00fcr\u00fcc\u00fcd\u00fcr. \u201cU\u011fruna \u00f6lmeye de\u011fmeyecek bir hayat, ya\u015famaya de\u011fmez\u201d derler. D\u0131\u015flanmak, s\u00fcr\u00fclmek, kapat\u0131lmak onlar\u0131 durduramaz&#8230; Gazeteci-yazar Do\u011fan Satm\u0131\u015f, T\u00fcrkiye\u2019de siyasetten giri\u015fimcili\u011fe, spordan sinemaya yapt\u0131klar\u0131yla kitleleri pe\u015finden s\u00fcr\u00fckleyen 110 kad\u0131n\u0131n hik\u00e2yesini anlat\u0131yor. Onlardan ilham alan yeni cesur, asi ve \u00f6nc\u00fc kad\u0131nlar\u0131n yeti\u015fmesi i\u00e7in bir katk\u0131 sunuyor. <\/p>\n","protected":false},"excerpt":{"rendered":"<p>Baz\u0131 kad\u0131nlar idealisttir, engel tan\u0131mazlar. Yapt\u0131klar\u0131 i\u015f farkl\u0131 olabilir ancak ama\u00e7lar\u0131 tektir. Onlar i\u00e7in \u00f6nemli olan tek \u015fey hedefleridir. Hedeflerine ula\u015fmak i\u00e7in her \u015feyi feda ederler.<span class=\"excerpt-hellip\"> [\u2026]<\/span><\/p>\n","protected":false},"featured_media":0,"template":"","meta":{"_monsterinsights_skip_tracking":false,"_monsterinsights_sitenote_active":false,"_monsterinsights_sitenote_note":"","_monsterinsights_sitenote_category":0},"product_brand":[],"product_cat":[14741,13488],"product_tag":[],"class_list":{"0":"post-728378","1":"product","2":"type-product","3":"status-publish","5":"product_cat-kadin-sorunlari-feminizm","6":"product_cat-toplum-ve-insan","7":"pa_cilt-ciltsiz","8":"pa_tur-kitap","9":"pa_yayinevi-kara-karga-yayinlari","10":"pa_yazar-dogan-satmis","12":"first","13":"instock","14":"sale","15":"shipping-taxable","16":"purchasable","17":"product-type-simple"},"_links":{"self":[{"href":"https:\/\/roveyayinevi.com.tr\/index.php\/wp-json\/wp\/v2\/product\/728378","targetHints":{"allow":["GET"]}}],"collection":[{"href":"https:\/\/roveyayinevi.com.tr\/index.php\/wp-json\/wp\/v2\/product"}],"about":[{"href":"https:\/\/roveyayinevi.com.tr\/index.php\/wp-json\/wp\/v2\/types\/product"}],"wp:attachment":[{"href":"https:\/\/roveyayinevi.com.tr\/index.php\/wp-json\/wp\/v2\/media?parent=728378"}],"wp:term":[{"taxonomy":"product_brand","embeddable":true,"href":"https:\/\/roveyayinevi.com.tr\/index.php\/wp-json\/wp\/v2\/product_brand?post=728378"},{"taxonomy":"product_cat","embeddable":true,"href":"https:\/\/roveyayinevi.com.tr\/index.php\/wp-json\/wp\/v2\/product_cat?post=728378"},{"taxonomy":"product_tag","embeddable":true,"href":"https:\/\/roveyayinevi.com.tr\/index.php\/wp-json\/wp\/v2\/product_tag?post=728378"}],"curies":[{"name":"wp","href":"https:\/\/api.w.org\/{rel}","templated":true}]}}